616
CXUS55 KTBW 011000
CF6FMY
PRELIMINARY LOCAL CLIMATOLOGICAL DATA (WS FORM: F-6)

                                          STATION:   Fort Myers
                                          MONTH:     APRIL
                                          YEAR:      2016
                                          LATITUDE:   26 34 N
                                          LONGITUDE:  81 52 W

  TEMPERATURE IN F:       :PCPN:    SNOW:  WIND      :SUNSHINE: SKY     :PK WND
================================================================================
1   2   3   4   5  6A  6B    7    8   9   10  11  12  13   14  15   16   17  18
                                     12Z  AVG MX 2MIN
DY MAX MIN AVG DEP HDD CDD  WTR  SNW DPTH SPD SPD DIR MIN PSBL S-S WX    SPD DR
================================================================================

 1  88  70  79   7   0  14 0.00  0.0    0  8.2 22 200   M    M   2 18     28 190
 2  85  73  79   7   0  14 0.33  0.0    0  9.0 20 200   M    M   5 138    27 200
 3  79  65  72   0   0   7 0.00  0.0    0  9.4 20  40   M    M   4        29  50
 4  83  62  73   1   0   8 0.04  0.0    0  7.1 14 300   M    M   3 13     17 330
 5  84  62  73   1   0   8 0.00  0.0    0  9.0 17  40   M    M   0        23 340
 6  84  62  73   1   0   8 0.00  0.0    0  9.2 18 110   M    M   4        26  70
 7  82  62  72  -1   0   7 0.00  0.0    0  7.2 18 240   M    M   1        37 230
 8  80  61  71  -2   0   6 0.00  0.0    0  6.5 18 270   M    M   1        23 260
 9  80  61  71  -2   0   6 0.00  0.0    0 11.1 20  40   M    M   0        25  30
10  83  53  68  -5   0   3 0.00  0.0    0  8.6 18 100   M    M   1        27  60
11  85  61  73   0   0   8 0.00  0.0    0  9.4 17 110   M    M   3        23 130
12  85  60  73   0   0   8 0.00  0.0    0  5.9 16 280   M    M   0        20 280
13  85  63  74   1   0   9 0.00  0.0    0  7.3 16 280   M    M   2        19 280
14  85  66  76   2   0  11 0.00  0.0    0  6.8 15 270   M    M   1        18 250
15  81  68  75   1   0  10 0.00  0.0    0  5.7 13 260   M    M   1        17 200
16  86  68  77   3   0  12    T  0.0    0 11.2 23  40   M    M   5 3      29  40
17  83  64  74   0   0   9 0.00  0.0    0 11.9 21  70   M    M   2        29 100
18  84  60  72  -2   0   7 0.00  0.0    0  9.9 20 100   M    M   3        26  80
19  85  60  73  -1   0   8 0.00  0.0    0  8.3 15  90   M    M   1        21  60
20  84  60  72  -2   0   7 0.00  0.0    0  7.6 15 110   M    M   0        20 110
21  87  63  75   0   0  10 0.02  0.0    0  8.4 17 120   M    M   2        23 120
22  87  69  78   3   0  13 0.00  0.0    0  8.4 20 220   M    M   4        24 200
23  86  70  78   3   0  13 0.00  0.0    0 10.9 20 300   M    M   1        29 280
24  90  65  78   3   0  13    T  0.0    0  6.6 18 270   M    M   2        22 260
25  89  68  79   4   0  14 0.76  0.0    0  7.4 17 140   M    M   6 13     24 130
26  86  68  77   2   0  12 0.00  0.0    0  5.4 13 270   M    M   7        15 280
27  87  70  79   3   0  14 0.00  0.0    0  4.9 13 290   M    M   4        16 160
28  89  71  80   4   0  15 0.01  0.0    0  5.3 17 280   M    M   4        22 280
29  89  70  80   4   0  15 0.28  0.0    0  5.0 22 100   M    M   3 138    30 100
30  89  68  79   3   0  14 0.00  0.0    0  7.9 16 130   M    M   1 1      29 110
================================================================================
SM 2550 1943         0 303  1.44     0.0 239.5          M       73
================================================================================
AV 85.0 64.8                               8.0 FASTST   M    M   2    MAX(MPH)
                                 MISC ---->  # 23  40               # 37  230
================================================================================
NOTES:
# LAST OF SEVERAL OCCURRENCES

COLUMN 17 PEAK WIND IN M.P.H.

PRELIMINARY LOCAL CLIMATOLOGICAL DATA (WS FORM: F-6) , PAGE 2

                                          STATION:  Fort Myers
                                          MONTH:    APRIL
                                          YEAR:     2016
                                          LATITUDE:   26 34 N
                                          LONGITUDE:  81 52 W

[TEMPERATURE DATA]      [PRECIPITATION DATA]       SYMBOLS USED IN COLUMN 16

AVERAGE MONTHLY: 74.9   TOTAL FOR MONTH:   1.44    1 = FOG OR MIST
DPTR FM NORMAL:   1.1   DPTR FM NORMAL:   -0.74    2 = FOG REDUCING VISIBILITY
HIGHEST:    90 ON 24    GRTST 24HR  0.76 ON 25-25      TO 1/4 MILE OR LESS
LOWEST:     53 ON 10                               3 = THUNDER
                        SNOW, ICE PELLETS, HAIL    4 = ICE PELLETS
                        TOTAL MONTH:   0.0 INCH    5 = HAIL
                        GRTST 24HR     0.0         6 = FREEZING RAIN OR DRIZZLE
                        GRTST DEPTH:   0           7 = DUSTSTORM OR SANDSTORM:
                                                       VSBY 1/2 MILE OR LESS
                                                   8 = SMOKE OR HAZE
[NO. OF DAYS WITH]      [WEATHER - DAYS WITH]      9 = BLOWING SNOW
                                                   X = TORNADO
MAX 32 OR BELOW:   0    0.01 INCH OR MORE:   6
MAX 90 OR ABOVE:   1    0.10 INCH OR MORE:   3
MIN 32 OR BELOW:   0    0.50 INCH OR MORE:   1
MIN  0 OR BELOW:   0    1.00 INCH OR MORE:   0

[HDD (BASE 65) ]
TOTAL THIS MO.     0    CLEAR  (SCALE 0-3)  21
DPTR FM NORMAL    -3    PTCLDY (SCALE 4-7)   9
TOTAL FM JUL 1   204    CLOUDY (SCALE 8-10)  0
DPTR FM NORMAL   -83

[CDD (BASE 65) ]
TOTAL THIS MO.   303
DPTR FM NORMAL    34    [PRESSURE DATA]
TOTAL FM JAN 1   659    HIGHEST SLP 30.23 ON 10
DPTR FM NORMAL    29    LOWEST  SLP 29.83 ON  2

[REMARKS]
#FINAL-04-16#
