000
CXUS55 KTBW 301000
CF6FMY
PRELIMINARY LOCAL CLIMATOLOGICAL DATA (WS FORM: F-6)

                                          STATION:   Fort Myers
                                          MONTH:     AUGUST
                                          YEAR:      2014
                                          LATITUDE:   26 34 N
                                          LONGITUDE:  81 52 W

  TEMPERATURE IN F:       :PCPN:    SNOW:  WIND      :SUNSHINE: SKY     :PK WND
================================================================================
1   2   3   4   5  6A  6B    7    8   9   10  11  12  13   14  15   16   17  18
                                     12Z  AVG MX 2MIN
DY MAX MIN AVG DEP HDD CDD  WTR  SNW DPTH SPD SPD DIR MIN PSBL S-S WX    SPD DR
================================================================================

 1  93  76  85   2   0  20 0.09  0.0    0  4.8 17 100   M    M   3        25  80
 2  95  75  85   1   0  20 0.97  0.0    0  3.7 22 100   M    M   4 38     31 100
 3  93  76  85   1   0  20 0.56  0.0    0  5.0 18  10   M    M   4 13     24  10
 4  85  74  80  -4   0  15 1.45  0.0    0  4.0 23 300   M    M   4 13     29 300
 5  90  76  83  -1   0  18 0.50  0.0    0  4.6 24 310   M    M   1 138    29 320
 6  92  78  85   1   0  20 0.00  0.0    0  3.8 14 290   M    M   1        17 250
 7  92  78  85   1   0  20 0.27  0.0    0  4.6 15  10   M    M   1 3      18 330
 8  93  76  85   1   0  20    T  0.0    0  4.9 21  90   M    M   1 3      25  80
 9  92  76  84   1   0  19 0.00  0.0    0  4.6 14 240   M    M   1        22 270
10  92  78  85   2   0  20 0.00  0.0    0  5.3 14 260   M    M   1        21 290
11  92  76  84   1   0  19 0.00  0.0    0  4.7 15 280   M    M   0        20 270
12  92  78  85   2   0  20 0.16  0.0    0  5.8 20 130   M    M   1 1      23 140
13  92  76  84   1   0  19    T  0.0    0  6.7 17 250   M    M   3 3      22 250
14  92  76  84   1   0  19 0.15  0.0    0  5.8 17  90   M    M   2 13     22  80
15  87  72  80  -3   0  15 0.72  0.0    0  4.9 21 310   M    M   2 138    26 310
16  92  73  83   0   0  18 0.06  0.0    0  5.9 17  50   M    M   1 13     22  50
17  93  75  84   1   0  19 0.00  0.0    0  3.9 13 350   M    M   2        16 330
18  96  77  87   4   0  22 0.00  0.0    0  3.1 14 320   M    M   1        17 310
19  96  79  88   5   0  23 0.00  0.0    0  4.8 16 310   M    M   1 3      21 310
20  97  79  88   5   0  23 0.00  0.0    0  4.2 13 210   M    M   2 3      17 170
21  97  76  87   4   0  22 0.00  0.0    0  3.0 24 170   M    M   1 3      30 160
22  96  76  86   3   0  21 0.02  0.0    0  3.6 16 340   M    M   2 13     20  30
23  96  76  86   3   0  21 0.00  0.0    0  3.7 13  10   M    M   1        17  20
24  97  73  85   2   0  20 0.95  0.0    0  5.7 33  70   M    M   2 13     50  70
25  92  77  85   2   0  20 0.23  0.0    0 10.2 23  60   M    M   1 18     32  50
26  93  74  84   1   0  19 0.00  0.0    0 10.9 20  90   M    M   1        25  50
27  94  71  83   0   0  18 0.00  0.0    0  6.0 12  70   M    M   1        17  70
28  92  75  84   1   0  19 0.58  0.0    0  5.7 25 110   M    M   4 13     32 110
29  96  74  85   2   0  20 0.01  0.0    0  5.8 17 170   M    M   1 3      23 170
================================================================================
SM 2699 2196         0 569  6.72     0.0 149.7          M       50
================================================================================
AV 93.1 75.7                               5.2 FASTST   M    M   2    MAX(MPH)
                                 MISC ---->  # 33  70               # 50   70
================================================================================
NOTES:
# LAST OF SEVERAL OCCURRENCES

COLUMN 17 PEAK WIND IN M.P.H.

PRELIMINARY LOCAL CLIMATOLOGICAL DATA (WS FORM: F-6) , PAGE 2

                                          STATION:  Fort Myers
                                          MONTH:    AUGUST
                                          YEAR:     2014
                                          LATITUDE:   26 34 N
                                          LONGITUDE:  81 52 W

[TEMPERATURE DATA]      [PRECIPITATION DATA]       SYMBOLS USED IN COLUMN 16

AVERAGE MONTHLY: 84.4   TOTAL FOR MONTH:   6.72    1 = FOG OR MIST
DPTR FM NORMAL:   1.2   DPTR FM NORMAL:   -2.77    2 = FOG REDUCING VISIBILITY
HIGHEST:    97 ON 24,21 GRTST 24HR  2.01 ON  3- 4      TO 1/4 MILE OR LESS
LOWEST:     71 ON 27                               3 = THUNDER
                        SNOW, ICE PELLETS, HAIL    4 = ICE PELLETS
                        TOTAL MONTH:   0.0 INCH    5 = HAIL
                        GRTST 24HR     0.0         6 = FREEZING RAIN OR DRIZZLE
                        GRTST DEPTH:   0           7 = DUSTSTORM OR SANDSTORM:
                                                       VSBY 1/2 MILE OR LESS
                                                   8 = SMOKE OR HAZE
[NO. OF DAYS WITH]      [WEATHER - DAYS WITH]      9 = BLOWING SNOW
                                                   X = TORNADO
MAX 32 OR BELOW:   0    0.01 INCH OR MORE:  15
MAX 90 OR ABOVE:  27    0.10 INCH OR MORE:  11
MIN 32 OR BELOW:   0    0.50 INCH OR MORE:   7
MIN  0 OR BELOW:   0    1.00 INCH OR MORE:   1

[HDD (BASE 65) ]
TOTAL THIS MO.     0    CLEAR  (SCALE 0-3)  25
DPTR FM NORMAL     0    PTCLDY (SCALE 4-7)   4
TOTAL FM JUL 1     0    CLOUDY (SCALE 8-10)  0
DPTR FM NORMAL     0

[CDD (BASE 65) ]
TOTAL THIS MO.   569
DPTR FM NORMAL    47    [PRESSURE DATA]
TOTAL FM JAN 1  2870    HIGHEST SLP M ON M
DPTR FM NORMAL   193    LOWEST  SLP 29.75 ON M

[REMARKS]
