000
CXUS55 KBOU 200844
CF6FNL
PRELIMINARY LOCAL CLIMATOLOGICAL DATA (WS FORM: F-6)

                                          STATION:   FT COLLINS/LOVELAND CO
                                          MONTH:     AUGUST
                                          YEAR:      2017
                                          LATITUDE:   40 27 N
                                          LONGITUDE: 105  1 W

  TEMPERATURE IN F:       :PCPN:    SNOW:  WIND      :SUNSHINE: SKY     :PK WND
================================================================================
1   2   3   4   5  6A  6B    7    8   9   10  11  12  13   14  15   16   17  18
                                     12Z  AVG MX 2MIN
DY MAX MIN AVG DEP HDD CDD  WTR  SNW DPTH SPD SPD DIR MIN PSBL S-S WX    SPD DR
================================================================================

 1  91  57  74   M   0   9    M    M    M  5.5 12 110   M    M   0 38     16 110
 2  89  55  72   M   0   7    M    M    M  7.8 14  70   M    M   1 38     17  70
 3  68  55  62   M   3   0    M    M    M  6.2 15  10   M    M  10 3       M  M
 4  88  50  69   M   0   4    M    M    M  6.6 20 330   M    M   2 138    45 320
 5  86  54  70   M   0   5    M    M    M  6.0 12  30   M    M   1 38      M  M
 6  70  54  62   M   3   0    M    M    M  6.3 15  20   M    M   7 1       M  M
 7  64  56  60   M   5   0    M    M    M  5.3 12  60   M    M   9 1       M  M
 8  72  57  65   M   0   0    M    M    M  3.3  9 260   M    M   8 18      M  M
 9  79  54  67   M   0   2    M    M    M  4.8  9  30   M    M   5 38      M  M
10  76  54  65   M   0   0    M    M    M  4.2 10 140   M    M   5 13      M  M
11  77  57  67   M   0   2    M    M    M  5.6 17  50   M    M   6 1      22  50
12  80  57  69   M   0   4    M    M    M  4.2 10 150   M    M   3 138     M  M
13  87  56  72   M   0   7    M    M    M  4.7 14 250   M    M   2 8       M  M
14  90  56  73   M   0   8    M    M    M  4.5 13 100   M    M   2 3       M  M
15  82  57  70   M   0   5    M    M    M  6.4 10  80   M    M   1 38      M  M
16  77  55  66   M   0   1    M    M    M  5.2 15 240   M    M   4 3       M  M
17  86  50  68   M   0   3    M    M    M  4.4  9 150   M    M   1 3       M  M
18  88  54  71   M   0   6    M    M    M  5.1  9 360   M    M   0 8       M  M
19  95  53  74   M   0   9    M    M    M  5.6 12  70   M    M   0 8       M  M
================================================================================
SM 1545 1041        11  72    M     M    101.7          M       67
================================================================================
AV 81.3 54.8                               5.4 FASTST   M    M   4    MAX(MPH)
                                 MISC ---->  # 20 330               # 45  320
================================================================================
NOTES:
# LAST OF SEVERAL OCCURRENCES

COLUMN 17 PEAK WIND IN M.P.H.

PRELIMINARY LOCAL CLIMATOLOGICAL DATA (WS FORM: F-6) , PAGE 2

                                          STATION:  FT COLLINS/LOVELAND CO
                                          MONTH:    AUGUST
                                          YEAR:     2017
                                          LATITUDE:   40 27 N
                                          LONGITUDE: 105  1 W

[TEMPERATURE DATA]      [PRECIPITATION DATA]       SYMBOLS USED IN COLUMN 16

AVERAGE MONTHLY: 68.1   TOTAL FOR MONTH:      M    1 = FOG OR MIST
DPTR FM NORMAL:     M   DPTR FM NORMAL:       M    2 = FOG REDUCING VISIBILITY
HIGHEST:    95 ON 19    GRTST 24HR  0.00 ON 31- 1      TO 1/4 MILE OR LESS
LOWEST:     50 ON 17, 4                            3 = THUNDER
                        SNOW, ICE PELLETS, HAIL    4 = ICE PELLETS
                        TOTAL MONTH:    M          5 = HAIL
                        GRTST 24HR    M  ON   M    6 = FREEZING RAIN OR DRIZZLE
                        GRTST DEPTH:  M  ON   M    7 = DUSTSTORM OR SANDSTORM:
                                                       VSBY 1/2 MILE OR LESS
                                                   8 = SMOKE OR HAZE
[NO. OF DAYS WITH]      [WEATHER - DAYS WITH]      9 = BLOWING SNOW
                                                   X = TORNADO
MAX 32 OR BELOW:   0    0.01 INCH OR MORE:   0
MAX 90 OR ABOVE:   3    0.10 INCH OR MORE:   0
MIN 32 OR BELOW:   0    0.50 INCH OR MORE:   0
MIN  0 OR BELOW:   0    1.00 INCH OR MORE:   0

[HDD (BASE 65) ]
TOTAL THIS MO.    11    CLEAR  (SCALE 0-3)  10
DPTR FM NORMAL     M    PTCLDY (SCALE 4-7)   7
TOTAL FM JUL 1    11    CLOUDY (SCALE 8-10)  2
DPTR FM NORMAL     M

[CDD (BASE 65) ]
TOTAL THIS MO.    72
DPTR FM NORMAL     M    [PRESSURE DATA]
TOTAL FM JAN 1   491    HIGHEST SLP M ON M
DPTR FM NORMAL     M    LOWEST  SLP M ON M

[REMARKS]
