000
CXUS55 KBOU 011310 RRB
CF6FNL

PRELIMINARY LOCAL CLIMATOLOGICAL DATA (WS FORM: F-6)

                                          STATION:   FT COLLINS/LOVELAND CO
                                          MONTH:     AUGUST
                                          YEAR:      2015
                                          LATITUDE:   40 27 N
                                          LONGITUDE: 105  1 W

  TEMPERATURE IN F:       :PCPN:    SNOW:  WIND      :SUNSHINE: SKY     :PK WND
================================================================================
1   2   3   4   5  6A  6B    7    8   9   10  11  12  13   14  15   16   17  18
                                     12Z  AVG MX 2MIN
DY MAX MIN AVG DEP HDD CDD  WTR  SNW DPTH SPD SPD DIR MIN PSBL S-S WX    SPD DR
================================================================================

 1  93  57  75   M   0  10    M    M    M  6.8 13 170   M    M   0         M  M
 2  91  61  76   M   0  11    M    M    M  7.1 18 180   M    M   0        23 180
 3  84  61  73   M   0   8    M    M    M  7.2 14  10   M    M   1        17 130
 4  90  57  74   M   0   9    M    M    M  6.8 22 300   M    M   0        29 300
 5  97  57  77   M   0  12    M    M    M  7.1 12 340   M    M   0        21 140
 6  93  61  77   M   0  12    M    M    M  5.8 12 360   M    M   0        16 160
 7  91  61  76   M   0  11    M    M    M  6.1 14  60   M    M   0        23  60
 8  90  57  74   M   0   9    M    M    M  5.3 16  90   M    M   0         M  M
 9  84  63  74   M   0   9    M    M    M  5.5 14 330   M    M   1        20 330
10  90  54  72   M   0   7    M    M    M  5.4 18 120   M    M   0 3      24 120
11  86  61  74   M   0   9    M    M    M  6.7 16 160   M    M   0         M  M
12  91  59  75   M   0  10    M    M    M  5.7 13  70   M    M   0         M  M
13  93  61  77   M   0  12    M    M    M  4.8 18 330   M    M   1        16 360
14  97  61  79   M   0  14    M    M    M  5.9 13 130   M    M   1 3      20 130
15  97  61  79   M   0  14    M    M    M  5.6 16  50   M    M   1        22  50
16  84  63  74   M   0   9    M    M    M  9.4 21  70   M    M   1 3      27  70
17  75  57  66   M   0   1    M    M    M  7.2 17 110   M    M   5 3      23 110
18  77  50  64   M   1   0    M    M    M 10.4 22  10   M    M   3        29  10
19  70  46  58   M   7   0    M    M    M  6.7 14 180   M    M   1         M  M
20  88  48  68   M   0   3    M    M    M  4.8 10 110   M    M   0        16 160
21  93  52  73   M   0   8    M    M    M  6.5 13 130   M    M   0        18 160
22  88  54  71   M   0   6    M    M    M  9.2 22  40   M    M   0        25  40
23  73  46  60   M   5   0    M    M    M  4.0  9 120   M    M   0         M  M
24  91  52  72   M   0   7    M    M    M  4.3 12  70   M    M   0         M  M
25  95  55  75   M   0  10    M    M    M  5.6 10 140   M    M   0        17 140
26  93  57  75   M   0  10    M    M    M  6.6 14 210   M    M   0        21 210
27  84  63  74   M   0   9    M    M    M  6.9 20 350   M    M   2        25  10
28  88  55  72   M   0   7    M    M    M  6.4 14  10   M    M   0        20  20
29  91  55  73   M   0   8    M    M    M  5.8 12 120   M    M   0        17 120
30  97  55  76   M   0  11    M    M    M  7.5 12 130   M    M   0        18 130
31  88  61  75   M   0  10    M    M    M  5.9 16 220   M    M   1        21 220
================================================================================
SM 2742 1761        13 256    M     M    199.0          M       18
================================================================================
AV 88.5 56.8                               6.4 FASTST   M    M   1    MAX(MPH)
                                 MISC ---->    22   M                 29    M
================================================================================
NOTES:
# LAST OF SEVERAL OCCURRENCES

COLUMN 17 PEAK WIND IN M.P.H.

PRELIMINARY LOCAL CLIMATOLOGICAL DATA (WS FORM: F-6) , PAGE 2

                                          STATION:  FT COLLINS/LOVELAND CO
                                          MONTH:    AUGUST
                                          YEAR:     2015
                                          LATITUDE:   40 27 N
                                          LONGITUDE: 105  1 W

[TEMPERATURE DATA]      [PRECIPITATION DATA]       SYMBOLS USED IN COLUMN 16

AVERAGE MONTHLY: 72.6   TOTAL FOR MONTH:      M    1 = FOG OR MIST
DPTR FM NORMAL:     M   DPTR FM NORMAL:       M    2 = FOG REDUCING VISIBILITY
HIGHEST:    97 ON 30,15 GRTST 24HR    M  ON   M        TO 1/4 MILE OR LESS
LOWEST:     46 ON 23,19                            3 = THUNDER
                        SNOW, ICE PELLETS, HAIL    4 = ICE PELLETS
                        TOTAL MONTH:    M          5 = HAIL
                        GRTST 24HR    M  ON   M    6 = FREEZING RAIN OR DRIZZLE
                        GRTST DEPTH:  M  ON   M    7 = DUSTSTORM OR SANDSTORM:
                                                       VSBY 1/2 MILE OR LESS
                                                   8 = SMOKE OR HAZE
[NO. OF DAYS WITH]      [WEATHER - DAYS WITH]      9 = BLOWING SNOW
                                                   X = TORNADO
MAX 32 OR BELOW:   0    0.01 INCH OR MORE:   0
MAX 90 OR ABOVE:  18    0.10 INCH OR MORE:   0
MIN 32 OR BELOW:   0    0.50 INCH OR MORE:   0
MIN  0 OR BELOW:   0    1.00 INCH OR MORE:   0

[HDD (BASE 65) ]
TOTAL THIS MO.    13    CLEAR  (SCALE 0-3)  29
DPTR FM NORMAL     M    PTCLDY (SCALE 4-7)   2
TOTAL FM JUL 1    23    CLOUDY (SCALE 8-10)  0
DPTR FM NORMAL     M

[CDD (BASE 65) ]
TOTAL THIS MO.   256
DPTR FM NORMAL     M    [PRESSURE DATA]
TOTAL FM JAN 1   650    HIGHEST SLP M ON M
DPTR FM NORMAL     M    LOWEST  SLP M ON M

[REMARKS]
#FINAL-08-15#
