000
CXUS52 KMLB 301053
CF6FPR
PRELIMINARY LOCAL CLIMATOLOGICAL DATA (WS FORM: F-6)

                                          STATION:   FORT PIERCE
                                          MONTH:     JUNE
                                          YEAR:      2015
                                          LATITUDE:   27 30 N
                                          LONGITUDE:  80 22 W

  TEMPERATURE IN F:       :PCPN:    SNOW:  WIND      :SUNSHINE: SKY     :PK WND
================================================================================
1   2   3   4   5  6A  6B    7    8   9   10  11  12  13   14  15   16   17  18
                                     12Z  AVG MX 2MIN
DY MAX MIN AVG DEP HDD CDD  WTR  SNW DPTH SPD SPD DIR MIN PSBL S-S WX    SPD DR
================================================================================

 1  88  67  78  -1   0  13 0.00  0.0    0  6.8 21 100   M    M   1        24 110
 2  86  68  77  -2   0  12    T  0.0    0  4.8 14 120   M    M   2 1      17 110
 3  84  70  77  -2   0  12 0.14  0.0    0  6.0 14 120   M    M   8 1      18 120
 4  86  69  78  -1   0  13 0.00  0.0    0  6.0 14  70   M    M   3        21  70
 5  87  69  78  -1   0  13 0.00  0.0    0  4.3 13  70   M    M   1        18  70
 6  87  69  78  -2   0  13    T  0.0    0  3.8 13 100   M    M   2 1      17  60
 7  86  68  77  -3   0  12    T  0.0    0  6.7 16 100   M    M   3 12     21  70
 8  86  69  78  -2   0  13 0.00  0.0    0  7.3 18 110   M    M   2        24 100
 9  87  66  77  -3   0  12 0.00  0.0    0  5.3 22 130   M    M   1 1      26 150
10  90  70  80   0   0  15 1.87  0.0    0  5.9 24 140   M    M   3 13     33 150
11  87  70  79  -1   0  14 0.08  0.0    0  8.4 18 120   M    M   2 1      24 110
12  89  70  80   0   0  15 0.00  0.0    0  8.8 21 120   M    M   2        27 100
13  89  78  84   4   0  19 0.00  0.0    0 10.3 17 110   M    M   2        22 110
14  88  78  83   3   0  18 0.00  0.0    0 10.4 17 120   M    M   2        21 110
15  89  72  81   1   0  16 0.00  0.0    0  7.7 17 110   M    M   1 1      22 110
16  89  71  80   0   0  15 0.00  0.0    0  6.8 15 120   M    M   1 1      21  80
17  89  70  80   0   0  15 0.00  0.0    0  7.3 17 110   M    M   0 12     22 120
18  89  71  80  -1   0  15 0.00  0.0    0  6.5 17 130   M    M   1 1      22 130
19  93  72  83   2   0  18 0.00  0.0    0  4.7 14 130   M    M   1 3      17 110
20  93  71  82   1   0  17 0.00  0.0    0  5.6 23 310   M    M   1        30 310
21  93  69  81   0   0  16 0.00  0.0    0  6.3 17 120   M    M   0        22 100
22  92  71  82   1   0  17 0.00  0.0    0  7.6 17 120   M    M   0 12     22 110
23  92  74  83   2   0  18 0.56  0.0    0  6.4 21 140   M    M   2 13     28 150
24  90  72  81   0   0  16 0.00  0.0    0  6.6 17 130   M    M   0 1      22 130
25  91  72  82   1   0  17    T  0.0    0  6.6 30 270   M    M   1 1      40 270
26  92  70  81   0   0  16 0.09  0.0    0  5.0 20 130   M    M   2 1      25 270
27  94  73  84   3   0  19 0.00  0.0    0  6.1 21 130   M    M   2 1      23 130
28  96  75  86   5   0  21 0.00  0.0    0  6.5 15 260   M    M   1        23 240
29  96  72  84   3   0  19 0.56  0.0    0  4.7 29 310   M    M   2 1      40 310
================================================================================
SM 2598 2056         0 449  3.30     0.0 189.2          M       49
================================================================================
AV 89.6 70.9                               6.5 FASTST   M    M   2    MAX(MPH)
                                 MISC ---->  # 30 270               # 40  270
================================================================================
NOTES:
# LAST OF SEVERAL OCCURRENCES

COLUMN 17 PEAK WIND IN M.P.H.

PRELIMINARY LOCAL CLIMATOLOGICAL DATA (WS FORM: F-6) , PAGE 2

                                          STATION:  FORT PIERCE
                                          MONTH:    JUNE
                                          YEAR:     2015
                                          LATITUDE:   27 30 N
                                          LONGITUDE:  80 22 W

[TEMPERATURE DATA]      [PRECIPITATION DATA]       SYMBOLS USED IN COLUMN 16

AVERAGE MONTHLY: 80.2   TOTAL FOR MONTH:   3.30    1 = FOG OR MIST
DPTR FM NORMAL:   0.0   DPTR FM NORMAL:   -3.80    2 = FOG REDUCING VISIBILITY
HIGHEST:    96 ON 29,28 GRTST 24HR  1.95 ON 10-11      TO 1/4 MILE OR LESS
LOWEST:     66 ON  9                               3 = THUNDER
                        SNOW, ICE PELLETS, HAIL    4 = ICE PELLETS
                        TOTAL MONTH:   0.0 INCH    5 = HAIL
                        GRTST 24HR     0.0         6 = FREEZING RAIN OR DRIZZLE
                        GRTST DEPTH:   0           7 = DUSTSTORM OR SANDSTORM:
                                                       VSBY 1/2 MILE OR LESS
                                                   8 = SMOKE OR HAZE
[NO. OF DAYS WITH]      [WEATHER - DAYS WITH]      9 = BLOWING SNOW
                                                   X = TORNADO
MAX 32 OR BELOW:   0    0.01 INCH OR MORE:   6
MAX 90 OR ABOVE:  12    0.10 INCH OR MORE:   4
MIN 32 OR BELOW:   0    0.50 INCH OR MORE:   3
MIN  0 OR BELOW:   0    1.00 INCH OR MORE:   1

[HDD (BASE 65) ]
TOTAL THIS MO.     0    CLEAR  (SCALE 0-3)  27
DPTR FM NORMAL     0    PTCLDY (SCALE 4-7)   2
TOTAL FM JUL 1   385    CLOUDY (SCALE 8-10)  0
DPTR FM NORMAL   -56

[CDD (BASE 65) ]
TOTAL THIS MO.   449
DPTR FM NORMAL     7    [PRESSURE DATA]
TOTAL FM JAN 1  1534    HIGHEST SLP M ON M
DPTR FM NORMAL   306    LOWEST  SLP 29.91 ON M

[REMARKS]
