000
CXUS52 KMLB 190627
CF6FPR
PRELIMINARY LOCAL CLIMATOLOGICAL DATA (WS FORM: F-6)

                                          STATION:   FORT PIERCE
                                          MONTH:     JANUARY
                                          YEAR:      2018
                                          LATITUDE:   27 30 N
                                          LONGITUDE:  80 22 W

  TEMPERATURE IN F:       :PCPN:    SNOW:  WIND      :SUNSHINE: SKY     :PK WND
================================================================================
1   2   3   4   5  6A  6B    7    8   9   10  11  12  13   14  15   16   17  18
                                     12Z  AVG MX 2MIN
DY MAX MIN AVG DEP HDD CDD  WTR  SNW DPTH SPD SPD DIR MIN PSBL S-S WX    SPD DR
================================================================================

 1  77  51  64   2   1   0 0.04  0.0    0  5.9 15 340   M    M   7 1      23 320
 2  67  56  62   0   3   0 0.35  0.0    0  9.8 18  70   M    M  10 18     29  70
 3  66  43  55  -7  10   0 0.41  0.0    0 12.6 35 290   M    M   4 1      43 290
 4  55  33  44 -18  21   0 0.00  0.0    0  9.3 23 290   M    M   0        32 290
 5  56  35  46 -16  19   0 0.00  0.0    0  6.9 13 360   M    M   0        19 340
 6  60  42  51 -11  14   0 0.00  0.0    0  7.2 14  10   M    M   0        20 330
 7  65  44  55  -7  10   0    T  0.0    0  6.9 14  60   M    M   4        21  50
 8  72  60  66   4   0   1 0.11  0.0    0  8.8 24 110   M    M   6 1      30 110
 9  76  60  68   6   0   3 0.62  0.0    0  4.2 15 110   M    M   7 1      18 110
10  77  59  68   6   0   3 0.02  0.0    0  3.7 12 110   M    M   6 1      16  50
11  80  60  70   9   0   5 0.03  0.0    0  6.8 21 130   M    M   3 12     25 130
12  83  66  75  14   0  10 0.17  0.0    0  8.6 20 200   M    M   6 13     26 190
13  69  52  61   0   4   0 0.00  0.0    0  7.7 18 290   M    M   7        24 280
14  66  45  56  -5   9   0 0.00  0.0    0  9.5 17  10   M    M   3        23 340
15  68  48  58  -3   7   0 0.00  0.0    0 10.0 20 350   M    M   7        28  20
16  72  48  60  -1   5   0 0.00  0.0    0  6.1 12  10   M    M   1        19  40
17  73  48  61   0   4   0 0.00  0.0    0  6.5 18 300   M    M   1        25 310
18  55  32  44 -17  21   0 0.00  0.0    0  8.4 16 360   M    M   3        24 360
================================================================================
SM 1237  882       128  22  1.75     0.0 138.9          M       75
================================================================================
AV 68.7 49.0                               7.7 FASTST   M    M   4    MAX(MPH)
                                 MISC ---->  # 35 290               # 43  290
================================================================================
NOTES:
# LAST OF SEVERAL OCCURRENCES

COLUMN 17 PEAK WIND IN M.P.H.

PRELIMINARY LOCAL CLIMATOLOGICAL DATA (WS FORM: F-6) , PAGE 2

                                          STATION:  FORT PIERCE
                                          MONTH:    JANUARY
                                          YEAR:     2018
                                          LATITUDE:   27 30 N
                                          LONGITUDE:  80 22 W

[TEMPERATURE DATA]      [PRECIPITATION DATA]       SYMBOLS USED IN COLUMN 16

AVERAGE MONTHLY: 58.9   TOTAL FOR MONTH:   1.75    1 = FOG OR MIST
DPTR FM NORMAL:  -2.7   DPTR FM NORMAL:    0.46    2 = FOG REDUCING VISIBILITY
HIGHEST:    83 ON 12    GRTST 24HR  0.62 ON  9- 9      TO 1/4 MILE OR LESS
LOWEST:     32 ON 18                               3 = THUNDER
                        SNOW, ICE PELLETS, HAIL    4 = ICE PELLETS
                        TOTAL MONTH:   0.0 INCH    5 = HAIL
                        GRTST 24HR     0.0         6 = FREEZING RAIN OR DRIZZLE
                        GRTST DEPTH:   0           7 = DUSTSTORM OR SANDSTORM:
                                                       VSBY 1/2 MILE OR LESS
                                                   8 = SMOKE OR HAZE
[NO. OF DAYS WITH]      [WEATHER - DAYS WITH]      9 = BLOWING SNOW
                                                   X = TORNADO
MAX 32 OR BELOW:   0    0.01 INCH OR MORE:   8
MAX 90 OR ABOVE:   0    0.10 INCH OR MORE:   5
MIN 32 OR BELOW:   1    0.50 INCH OR MORE:   1
MIN  0 OR BELOW:   0    1.00 INCH OR MORE:   0

[HDD (BASE 65) ]
TOTAL THIS MO.   128    CLEAR  (SCALE 0-3)   6
DPTR FM NORMAL    38    PTCLDY (SCALE 4-7)  11
TOTAL FM JUL 1   239    CLOUDY (SCALE 8-10)  1
DPTR FM NORMAL    26

[CDD (BASE 65) ]
TOTAL THIS MO.    22
DPTR FM NORMAL   -14    [PRESSURE DATA]
TOTAL FM JAN 1    22    HIGHEST SLP M ON M
DPTR FM NORMAL   -14    LOWEST  SLP 29.75 ON 12

[REMARKS]
