000
CXUS54 KMAF 271100
CF6FST
PRELIMINARY LOCAL CLIMATOLOGICAL DATA (WS FORM: F-6)

                                          STATION:   Fort Stockton
                                          MONTH:     MARCH
                                          YEAR:      2015
                                          LATITUDE:   30 55 N
                                          LONGITUDE: 102 55 W

  TEMPERATURE IN F:       :PCPN:    SNOW:  WIND      :SUNSHINE: SKY     :PK WND
================================================================================
1   2   3   4   5  6A  6B    7    8   9   10  11  12  13   14  15   16   17  18
                                     12Z  AVG MX 2MIN
DY MAX MIN AVG DEP HDD CDD  WTR  SNW DPTH SPD SPD DIR MIN PSBL S-S WX    SPD DR
================================================================================

 1  45  32  39 -17  26   0 0.00  0.0    0  6.5 14  70   M    M  10 12     17  70
 2  43  32  38 -18  27   0 0.00  0.0    0  6.9 13  50   M    M   8 12     27  90
 3  71  32  52  -4  13   0    T    M    0  6.0 15  30   M    M   3 12     18 320
 4  64  26  45 -11  20   0 0.14    M    0 13.6 24  40   M    M   6 16     31 350
 5  36  24  30 -27  35   0    T    M    0  6.1 17  20   M    M   7 16     21  30
 6  58  25  42 -15  23   0 0.00  0.0    0  8.8 20 160   M    M   0        25 140
 7  63  34  49  -8  16   0 0.00  0.0    0  9.5 23 150   M    M   0        29 160
 8  69  44  57   0   8   0 0.25    M    0  7.7 22 150   M    M   4 13     30 150
 9  60  46  53  -5  12   0 0.12    M    0  6.4 14 250   M    M   6 1      31 160
10  69  42  56  -2   9   0 0.00  0.0    0  5.2 13 340   M    M   0        16 340
11  71  43  57  -1   8   0 0.00  0.0    0  7.3 15  70   M    M   1        19  40
12  69  41  55  -3  10   0 0.00  0.0    0  5.4 12 130   M    M   0        23  30
13  71  43  57  -2   8   0 0.00  0.0    0  6.5 18  10   M    M   2        23  10
14  70  45  58  -1   7   0 0.00  0.0    0  7.3 24  30   M    M   4        31  30
15  68  40  54  -5  11   0 0.00  0.0    0  6.6 14 100   M    M   0        19 130
16  74  49  62   2   3   0 0.00  0.0    0 10.6 20 150   M    M   1        25 140
17  64  46  55  -5  10   0 0.62    M    0  9.2 21 280   M    M   8 1      25 280
18  69  45  57  -3   8   0 0.00  0.0    0  6.8 17 290   M    M   7 1      22 270
19  73  54  64   4   1   0 0.36  0.0    0  6.8 33 280   M    M   4 13     40 270
20  58  48  53  -8  12   0 1.12    M    0  8.4 21  50   M    M   8 13     28  40
21  60  49  55  -6  10   0 1.13    M    0  5.8 23  70   M    M  10 12     26  60
22  78  47  63   2   2   0 0.00  0.0    0 10.3 17 310   M    M   1 1      22 310
23  84  56  70   8   0   5 0.00  0.0    0 11.5 21 210   M    M   0        25 210
24  84  55  70   8   0   5 0.00  0.0    0 10.5 22 300   M    M   0        28 310
25  85  57  71   9   0   6 0.00  0.0    0 12.6 28  30   M    M   0 8      34  30
26  62  44  53  -9  12   0 0.00  0.0    0 10.6 32  20   M    M   5 8      40  20
================================================================================
SM 1718 1099       291  16  3.74     0.0 212.9          M       95
================================================================================
AV 66.1 42.3                               8.2 FASTST   M    M   4    MAX(MPH)
                                 MISC ---->  # 33 280               # 40  270
================================================================================
NOTES:
# LAST OF SEVERAL OCCURRENCES

COLUMN 17 PEAK WIND IN M.P.H.

PRELIMINARY LOCAL CLIMATOLOGICAL DATA (WS FORM: F-6) , PAGE 2

                                          STATION:  Fort Stockton
                                          MONTH:    MARCH
                                          YEAR:     2015
                                          LATITUDE:   30 55 N
                                          LONGITUDE: 102 55 W

[TEMPERATURE DATA]      [PRECIPITATION DATA]       SYMBOLS USED IN COLUMN 16

AVERAGE MONTHLY: 54.2   TOTAL FOR MONTH:   3.74    1 = FOG OR MIST
DPTR FM NORMAL:  -4.8   DPTR FM NORMAL:    3.33    2 = FOG REDUCING VISIBILITY
HIGHEST:    85 ON 25    GRTST 24HR  1.13 ON 21-21      TO 1/4 MILE OR LESS
LOWEST:     24 ON  5                               3 = THUNDER
                        SNOW, ICE PELLETS, HAIL    4 = ICE PELLETS
                        TOTAL MONTH:   0.0 INCH    5 = HAIL
                        GRTST 24HR     0.0         6 = FREEZING RAIN OR DRIZZLE
                        GRTST DEPTH:   0           7 = DUSTSTORM OR SANDSTORM:
                                                       VSBY 1/2 MILE OR LESS
                                                   8 = SMOKE OR HAZE
[NO. OF DAYS WITH]      [WEATHER - DAYS WITH]      9 = BLOWING SNOW
                                                   X = TORNADO
MAX 32 OR BELOW:   0    0.01 INCH OR MORE:   7
MAX 90 OR ABOVE:   0    0.10 INCH OR MORE:   7
MIN 32 OR BELOW:   6    0.50 INCH OR MORE:   3
MIN  0 OR BELOW:   0    1.00 INCH OR MORE:   2

[HDD (BASE 65) ]
TOTAL THIS MO.   291    CLEAR  (SCALE 0-3)  12
DPTR FM NORMAL   105    PTCLDY (SCALE 4-7)  10
TOTAL FM JUL 1  2168    CLOUDY (SCALE 8-10)  4
DPTR FM NORMAL   324

[CDD (BASE 65) ]
TOTAL THIS MO.    16
DPTR FM NORMAL   -17    [PRESSURE DATA]
TOTAL FM JAN 1    27    HIGHEST SLP M ON M
DPTR FM NORMAL   -15    LOWEST  SLP 29.67 ON  3

[REMARKS]
