000
CXUS54 KFWD 240730
CF6FTW
PRELIMINARY LOCAL CLIMATOLOGICAL DATA (WS FORM: F-6)

                                          STATION:   FORT WORTH MEACHAM
                                          MONTH:     APRIL
                                          YEAR:      2014
                                          LATITUDE:   32 49 N
                                          LONGITUDE:  97 21 W

  TEMPERATURE IN F:       :PCPN:    SNOW:  WIND      :SUNSHINE: SKY     :PK WND
================================================================================
1   2   3   4   5  6A  6B    7    8   9   10  11  12  13   14  15   16   17  18
                                     12Z  AVG MX 2MIN
DY MAX MIN AVG DEP HDD CDD  WTR  SNW DPTH SPD SPD DIR MIN PSBL S-S WX    SPD DR
================================================================================

 1  84  65  75  14   0  10 0.00  0.0    0 13.2 23 160   M    M   4        33 160
 2  82  70  76  15   0  11    T  0.0    0 15.0 26 170   M    M   6        32 180
 3  89  57  73  11   0   8 0.62  0.0    0 15.8 29 330   M    M   7 138    39 330
 4  67  43  55  -7  10   0 0.00  0.0    0 11.1 23 330   M    M   0        30 330
 5  58  49  54  -8  11   0    T  0.0    0  8.4 20 110   M    M   5        24 110
 6  52  47  50 -12  15   0 0.62  0.0    0  8.5 16 360   M    M  10 13     21 350
 7  69  46  58  -5   7   0 0.03  0.0    0  7.0 30 320   M    M   5 1      40 310
 8  71  50  61  -2   4   0 0.00  0.0    0 13.6 30 330   M    M   0        40 320
 9  82  49  66   3   0   1 0.00  0.0    0 10.0 24 180   M    M   0        30 190
10  87  60  74  11   0   9 0.00  0.0    0 18.7 30 190   M    M   0        38 210
11  83  60  72   8   0   7 0.00  0.0    0 14.0 22 160   M    M   1        28 190
12  84  65  75  11   0  10 0.00  0.0    0 18.5 31 170   M    M   3        39 170
13  77  58  68   4   0   3 0.20  0.0    0 17.6 35 160   M    M   7 1      48 170
14  58  44  51 -13  14   0 0.00  0.0    0 18.3 28 350   M    M   7        40 320
15  64  34  49 -16  16   0 0.00  0.0    0  6.0 13 150   M    M   0        16 170
16  69  42  56  -9   9   0 0.00  0.0    0 15.7 28 150   M    M   0        36 160
17  61  51  56  -9   9   0 0.06  0.0    0  8.2 15 130   M    M   7 18     20 140
18  76  54  65  -1   0   0 0.00  0.0    0  4.3 13  90   M    M   4 18     21 300
19  80  54  67   1   0   2 0.00  0.0    0  7.5 17 140   M    M   1        21 150
20  80  62  71   5   0   6 0.82  0.0    0 10.0 23 150   M    M   5 1      29 160
21  84  63  74   8   0   9 0.01  0.0    0  7.6 16  10   M    M   5 1      20  10
22  83  60  72   6   0   7 0.00  0.0    0  5.7 15  40   M    M   0        20  50
23  86  60  73   6   0   8 0.00  0.0    0 12.8 26 140   M    M   0        32 130
================================================================================
SM 1726 1243        95  91  2.36     0.0 267.5          M       77
================================================================================
AV 75.0 54.0                              11.6 FASTST   M    M   3    MAX(MPH)
                                 MISC ---->  # 35 160               # 48  170
================================================================================
NOTES:
# LAST OF SEVERAL OCCURRENCES

COLUMN 17 PEAK WIND IN M.P.H.

PRELIMINARY LOCAL CLIMATOLOGICAL DATA (WS FORM: F-6) , PAGE 2

                                          STATION:  FORT WORTH MEACHAM
                                          MONTH:    APRIL
                                          YEAR:     2014
                                          LATITUDE:   32 49 N
                                          LONGITUDE:  97 21 W

[TEMPERATURE DATA]      [PRECIPITATION DATA]       SYMBOLS USED IN COLUMN 16

AVERAGE MONTHLY: 64.5   TOTAL FOR MONTH:   2.36    1 = FOG OR MIST
DPTR FM NORMAL:   0.6   DPTR FM NORMAL:    0.16    2 = FOG REDUCING VISIBILITY
HIGHEST:    89 ON  3    GRTST 24HR  0.83 ON 20-21      TO 1/4 MILE OR LESS
LOWEST:     34 ON 15                               3 = THUNDER
                        SNOW, ICE PELLETS, HAIL    4 = ICE PELLETS
                        TOTAL MONTH:   0.0 INCH    5 = HAIL
                        GRTST 24HR     0.0         6 = FREEZING RAIN OR DRIZZLE
                        GRTST DEPTH:   0           7 = DUSTSTORM OR SANDSTORM:
                                                       VSBY 1/2 MILE OR LESS
                                                   8 = SMOKE OR HAZE
[NO. OF DAYS WITH]      [WEATHER - DAYS WITH]      9 = BLOWING SNOW
                                                   X = TORNADO
MAX 32 OR BELOW:   0    0.01 INCH OR MORE:   7
MAX 90 OR ABOVE:   0    0.10 INCH OR MORE:   4
MIN 32 OR BELOW:   0    0.50 INCH OR MORE:   3
MIN  0 OR BELOW:   0    1.00 INCH OR MORE:   0

[HDD (BASE 65) ]
TOTAL THIS MO.    95    CLEAR  (SCALE 0-3)  11
DPTR FM NORMAL    10    PTCLDY (SCALE 4-7)  11
TOTAL FM JUL 1  1891    CLOUDY (SCALE 8-10)  1
DPTR FM NORMAL  -461

[CDD (BASE 65) ]
TOTAL THIS MO.    91
DPTR FM NORMAL    29    [PRESSURE DATA]
TOTAL FM JAN 1   116    HIGHEST SLP M ON M
DPTR FM NORMAL    21    LOWEST  SLP 29.51 ON 13

[REMARKS]
