000
CXUS52 KFFC 011110
CF6FTY
PRELIMINARY LOCAL CLIMATOLOGICAL DATA (WS FORM: F-6)

                                          STATION:   FULTON COUNTY AIRPORT
                                          MONTH:     OCTOBER
                                          YEAR:      2014
                                          LATITUDE:   33 46 N
                                          LONGITUDE:  84 31 W

  TEMPERATURE IN F:       :PCPN:    SNOW:  WIND      :SUNSHINE: SKY     :PK WND
================================================================================
1   2   3   4   5  6A  6B    7    8   9   10  11  12  13   14  15   16   17  18
                                     12Z  AVG MX 2MIN
DY MAX MIN AVG DEP HDD CDD  WTR  SNW DPTH SPD SPD DIR MIN PSBL S-S WX    SPD DR
================================================================================

 1  86  58  72   4   0   7 0.00  0.0    M  1.4 10  80   M    M   1 1      12 190
 2  85  59  72   5   0   7 0.00  0.0    M  3.8 13 150   M    M   3        18 210
 3  77  65  71   4   0   6 0.73    M    M  6.5 15 160   M    M   7 13     22 170
 4  65  47  56 -11   9   0 0.00    M    M  9.5 21 300   M    M   0        28 300
 5  70  39  55 -11  10   0 0.00    M    M  3.4 14 290   M    M   0        17 290
 6  78  48  63  -3   2   0 0.00    M    M  5.1 18 200   M    M   1        25 190
 7  81  55  68   2   0   3 0.00    M    M  4.0 15 230   M    M   1        20 220
 8  84  61  73   8   0   8 0.06    M    M  3.5 13 300   M    M   2 1      17 290
 9  84  64  74   9   0   9 0.04    M    M  1.1  9 260   M    M   2 13     13 320
10  86  62  74  10   0   9 0.00  0.0    M  4.5 17 210   M    M   1 1      23 190
11  83  66  75  11   0  10 0.11  0.0    M  3.9 21 290   M    M   4 13     25 290
12  85  63  74  10   0   9 0.19  0.0    M  4.3 14  60   M    M   4 1      18  90
13  84  63  74  11   0   9    T  0.0    M  7.6 18 130   M    M   9 1      23 130
14  76  56  66   3   0   1 2.23  0.0    M  9.3 23 160   M    M   8 18     35 220
15  70  54  62  -1   3   0 0.00    M    M  5.4 16 240   M    M   7        22 230
16  68  50  59  -3   6   0 0.00    M    M  5.9 16 300   M    M   6        22 320
17  79  46  63   1   2   0 0.00    M    M  4.2 13 260   M    M   0        20 250
18  74  54  64   2   1   0 0.00    M    M  7.0 18 340   M    M   0        27 320
19  72  46  59  -2   6   0 0.00    M    M  1.7 10 320   M    M   0        13 340
20  72  44  58  -3   7   0 0.00    M    M  2.3 12 260   M    M   0        16 260
21  75  48  62   1   3   0 0.00    M    M  4.7 18 310   M    M   0        25 320
22  70  46  58  -3   7   0 0.00    M    M  5.1 13 310   M    M   0        17 300
23  70  41  56  -4   9   0 0.00  0.0    M  2.7 10 340   M    M   0        15 290
24  73  45  59  -1   6   0 0.00  0.0    M  2.0  9 310   M    M   0        12 290
25  75  45  60   0   5   0 0.00  0.0    M  4.0 13 300   M    M   0        16 310
26  83  49  66   7   0   1 0.00  0.0    M  2.8 13 290   M    M   0 1      15 290
27  84  50  67   8   0   2 0.00  0.0    M  1.2  7 150   M    M   0 1      11 170
28  77  52  65   6   0   0 0.00    M    M  2.4 13 230   M    M   1 18     19 270
29  70  47  59   1   6   0 0.27  0.0    M  2.9 20 310   M    M   5 1      24 310
30  67  41  54  -4  11   0 0.00  0.0    M  2.1 12 310   M    M   0        15 310
31  61  39  50  -8  15   0 0.08    M    M  7.0 26 320   M    M   6 1      38 320
================================================================================
SM 2364 1603       108  81  3.71     0.0 131.3          M       68
================================================================================
AV 76.3 51.7                               4.2 FASTST   M    M   2    MAX(MPH)
                                 MISC ---->  # 26 320               # 38  320
================================================================================
NOTES:
# LAST OF SEVERAL OCCURRENCES

COLUMN 17 PEAK WIND IN M.P.H.

PRELIMINARY LOCAL CLIMATOLOGICAL DATA (WS FORM: F-6) , PAGE 2

                                          STATION:  FULTON COUNTY AIRPORT
                                          MONTH:    OCTOBER
                                          YEAR:     2014
                                          LATITUDE:   33 46 N
                                          LONGITUDE:  84 31 W

[TEMPERATURE DATA]      [PRECIPITATION DATA]       SYMBOLS USED IN COLUMN 16

AVERAGE MONTHLY: 64.0   TOTAL FOR MONTH:   3.71    1 = FOG OR MIST
DPTR FM NORMAL:   1.4   DPTR FM NORMAL:    0.10    2 = FOG REDUCING VISIBILITY
HIGHEST:    86 ON 10, 1 GRTST 24HR  2.23 ON 14-14      TO 1/4 MILE OR LESS
LOWEST:     39 ON 31, 5                            3 = THUNDER
                        SNOW, ICE PELLETS, HAIL    4 = ICE PELLETS
                        TOTAL MONTH:   0.0 INCH    5 = HAIL
                        GRTST 24HR     0.0         6 = FREEZING RAIN OR DRIZZLE
                        GRTST DEPTH:  M  ON   M    7 = DUSTSTORM OR SANDSTORM:
                                                       VSBY 1/2 MILE OR LESS
                                                   8 = SMOKE OR HAZE
[NO. OF DAYS WITH]      [WEATHER - DAYS WITH]      9 = BLOWING SNOW
                                                   X = TORNADO
MAX 32 OR BELOW:   0    0.01 INCH OR MORE:   8
MAX 90 OR ABOVE:   0    0.10 INCH OR MORE:   5
MIN 32 OR BELOW:   0    0.50 INCH OR MORE:   2
MIN  0 OR BELOW:   0    1.00 INCH OR MORE:   1

[HDD (BASE 65) ]
TOTAL THIS MO.   108    CLEAR  (SCALE 0-3)  22
DPTR FM NORMAL   -25    PTCLDY (SCALE 4-7)   8
TOTAL FM JUL 1   108    CLOUDY (SCALE 8-10)  1
DPTR FM NORMAL   -35

[CDD (BASE 65) ]
TOTAL THIS MO.    81
DPTR FM NORMAL    25    [PRESSURE DATA]
TOTAL FM JAN 1  1773    HIGHEST SLP 30.17 ON 28
DPTR FM NORMAL    36    LOWEST  SLP 29.73 ON 14

[REMARKS]
#FINAL-10-14#
