000
CXUS56 KSGX 291445
CF6FUL
PRELIMINARY LOCAL CLIMATOLOGICAL DATA (WS FORM: F-6)

                                          STATION:   FULLERTON AIRPORT CA
                                          MONTH:     AUGUST
                                          YEAR:      2015
                                          LATITUDE:   33 52 N
                                          LONGITUDE: 117 58 W

  TEMPERATURE IN F:       :PCPN:    SNOW:  WIND      :SUNSHINE: SKY     :PK WND
================================================================================
1   2   3   4   5  6A  6B    7    8   9   10  11  12  13   14  15   16   17  18
                                     12Z  AVG MX 2MIN
DY MAX MIN AVG DEP HDD CDD  WTR  SNW DPTH SPD SPD DIR MIN PSBL S-S WX    SPD DR
================================================================================

 1  84  70  77   2   0  12 0.00  0.0    0  4.0 12 190   M    M   3 8      17 200
 2  85  70  78   3   0  13 0.00  0.0    0  3.1 10 190   M    M   4        16 210
 3  85  69  77   2   0  12 0.00  0.0    0  3.9 12 190   M    M   3        16 190
 4  92  67  80   5   0  15 0.00  0.0    0  3.1 12 290   M    M   M        16 290
 5  96  69  83   8   0  18 0.00  0.0    0  3.3 10 280   M    M   0        15 260
 6  83  69  76   1   0  11 0.00  0.0    0  5.2 10 170   M    M   1        14 170
 7  80  69  75   0   0  10 0.00  0.0    0  5.1 12 220   M    M   6        17 170
 8  82  68  75   0   0  10 0.00  0.0    0  4.7 13 200   M    M   4        18 210
 9  82  65  74  -1   0   9 0.00  0.0    0  3.0 13 190   M    M   3        18 210
10  82  66  74  -1   0   9 0.00  0.0    0  3.4 13 210   M    M   5        17 170
11  83  63  73  -2   0   8 0.00  0.0    0  2.7 12 200   M    M   3 8      17 220
12  93  63  78   3   0  13 0.00  0.0    0  3.4 12 300   M    M   0        16 210
13  95  69  82   7   0  17 0.00  0.0    0  3.7 10 230   M    M   0        16 190
14  99  68  84   9   0  19 0.00  0.0    0  2.7 10 290   M    M   0        15 260
15 102  71  87  12   0  22 0.00  0.0    0  3.0 10 290   M    M   0        15 210
16 101  69  85   9   0  20 0.00  0.0    0  3.3 13 170   M    M   0        17 170
17  84  71  78   2   0  13 0.00  0.0    0  5.5 13 200   M    M   4        19 220
18  84  70  77   1   0  12 0.00  0.0    0  3.7 13 210   M    M   3        17 210
19  83  69  76   0   0  11 0.00  0.0    0  3.9 12 190   M    M   4        16 200
20  84  70  77   1   0  12 0.00  0.0    0  4.0 13 220   M    M   5        17 210
21  83  68  76   0   0  11 0.00  0.0    0  3.9 12 190   M    M   5 8      15 190
22  85  69  77   1   0  12 0.00  0.0    0  3.8 13 200   M    M   4        18 220
23  87  66  77   1   0  12 0.00  0.0    0  3.9 13 190   M    M   2 8      16 200
24  88  69  79   3   0  14 0.00  0.0    0  3.1 12 200   M    M   3 8      15 200
25  89  71  80   4   0  15 0.00  0.0    0  2.5 13 200   M    M   2        17 210
26  93  73  83   7   0  18 0.00  0.0    0  3.5 10 210   M    M   1 8      15 210
27  96  72  84   8   0  19 0.00  0.0    0  3.6 10 190   M    M   0        15 180
28 100  73  87  11   0  22 0.00  0.0    0  3.4 13 230   M    M   0        15 230
================================================================================
SM 2480 1926         0 389  0.00     0.0 102.4          M       65
================================================================================
AV 88.6 68.8                               3.7 FASTST   M    M   2    MAX(MPH)
                                 MISC ---->  # 13 200               # 19  220
================================================================================
NOTES:
# LAST OF SEVERAL OCCURRENCES

COLUMN 17 PEAK WIND IN M.P.H.

PRELIMINARY LOCAL CLIMATOLOGICAL DATA (WS FORM: F-6) , PAGE 2

                                          STATION:  FULLERTON AIRPORT CA
                                          MONTH:    AUGUST
                                          YEAR:     2015
                                          LATITUDE:   33 52 N
                                          LONGITUDE: 117 58 W

[TEMPERATURE DATA]      [PRECIPITATION DATA]       SYMBOLS USED IN COLUMN 16

AVERAGE MONTHLY: 78.7   TOTAL FOR MONTH:   0.00    1 = FOG OR MIST
DPTR FM NORMAL:   3.2   DPTR FM NORMAL:   -0.04    2 = FOG REDUCING VISIBILITY
HIGHEST:   102 ON 15    GRTST 24HR  0.00 ON 28-28      TO 1/4 MILE OR LESS
LOWEST:     63 ON 12,11                            3 = THUNDER
                        SNOW, ICE PELLETS, HAIL    4 = ICE PELLETS
                        TOTAL MONTH:   0.0 INCH    5 = HAIL
                        GRTST 24HR     0.0         6 = FREEZING RAIN OR DRIZZLE
                        GRTST DEPTH:   0           7 = DUSTSTORM OR SANDSTORM:
                                                       VSBY 1/2 MILE OR LESS
                                                   8 = SMOKE OR HAZE
[NO. OF DAYS WITH]      [WEATHER - DAYS WITH]      9 = BLOWING SNOW
                                                   X = TORNADO
MAX 32 OR BELOW:   0    0.01 INCH OR MORE:   0
MAX 90 OR ABOVE:  10    0.10 INCH OR MORE:   0
MIN 32 OR BELOW:   0    0.50 INCH OR MORE:   0
MIN  0 OR BELOW:   0    1.00 INCH OR MORE:   0

[HDD (BASE 65) ]
TOTAL THIS MO.     0    CLEAR  (SCALE 0-3)  14
DPTR FM NORMAL     0    PTCLDY (SCALE 4-7)  13
TOTAL FM JUL 1     0    CLOUDY (SCALE 8-10)  0
DPTR FM NORMAL     0

[CDD (BASE 65) ]
TOTAL THIS MO.   389
DPTR FM NORMAL    98    [PRESSURE DATA]
TOTAL FM JAN 1  1334    HIGHEST SLP M ON M
DPTR FM NORMAL   501    LOWEST  SLP 29.77 ON 16

[REMARKS]
