000
CXUS51 KCAR 240600
CF6FVE
PRELIMINARY LOCAL CLIMATOLOGICAL DATA (WS FORM: F-6)

                                          STATION:   FRENCHVILLE ME
                                          MONTH:     OCTOBER
                                          YEAR:      2017
                                          LATITUDE:   47 16 N
                                          LONGITUDE:  68 19 W

  TEMPERATURE IN F:       :PCPN:    SNOW:  WIND      :SUNSHINE: SKY     :PK WND
================================================================================
1   2   3   4   5  6A  6B    7    8   9   10  11  12  13   14  15   16   17  18
                                     12Z  AVG MX 2MIN
DY MAX MIN AVG DEP HDD CDD  WTR  SNW DPTH SPD SPD DIR MIN PSBL S-S WX    SPD DR
================================================================================

 1  64  32  48   1  17   0 0.00    M    M  8.0 17 300   M    M   2        24 290
 2  53  32  43  -4  22   0 0.00    M    M  9.2 17 350   M    M   0        21 340
 3  59  29  44  -3  21   0 0.00    M    M  5.9 14 170   M    M   0        19 170
 4  74  46  60  14   5   0 1.00    M    M  8.5 24 290   M    M   5 138    35 290
 5  61  45  53   7  12   0 0.04    M    M 10.3 22 310   M    M   5 1      32 320
 6  58  38  48   3  17   0    T    M    M  6.8 17 300   M    M   2        24 220
 7  63  34  49   4  16   0 0.09    M    M  8.2 17 170   M    M   6 12     24 180
 8  68  54  61  16   4   0 0.33    M    M 10.0 21 260   M    M   8 1      29 270
 9  61  51  56  12   9   0 0.38    M    M  5.4 12 160   M    M   8 12     16 170
10  72  45  59  15   6   0 0.03    M    M  9.2 24 330   M    M   5 12     30 320
11  48  33  41  -3  24   0 0.00    M    M 11.5 25 330   M    M   1        32 330
12  52  30  41  -2  24   0 0.00    M    M  5.8 18 340   M    M   0        22 340
13  57  29  43   0  22   0 0.01    M    M  9.3 18 160   M    M   3 12     26 170
14  62  45  54  12  11   0 0.01    M    M  8.7 18 240   M    M   7        24 250
15  60  45  53  11  12   0 0.54    M    M 10.3 21 180   M    M   8 12     33 180
16  58  32  45   3  20   0 0.06    M    M 11.6 30 320   M    M   9 1      38 320
17  46  29  38  -4  27   0    T    M    M  7.6 17 260   M    M   6        24 220
18  53  39  46   5  19   0 0.00    M    M  9.2 24 290   M    M   3        33 280
19  68  38  53  12  12   0 0.05    M    M 11.6 24 300   M    M   2        34 180
20  53  39  46   6  19   0    T    M    M 13.1 26 300   M    M   2        35 290
21  51  33  42   2  23   0 0.00    M    M  7.6 15 320   M    M   0        24 320
22  50  31  41   1  24   0 0.00    M    M  5.9 12 160   M    M   1        16 160
23  58  37  48   9  17   0 0.00    M    M  9.1 14 140   M    M   3 12     17 140
================================================================================
SM 1349  866       383   0  2.54    M    202.8          M       86
================================================================================
AV 58.7 37.7                               8.8 FASTST   M    M   4    MAX(MPH)
                                 MISC ---->  # 30 320               # 38  320
================================================================================
NOTES:
# LAST OF SEVERAL OCCURRENCES

COLUMN 17 PEAK WIND IN M.P.H.

PRELIMINARY LOCAL CLIMATOLOGICAL DATA (WS FORM: F-6) , PAGE 2

                                          STATION:  FRENCHVILLE ME
                                          MONTH:    OCTOBER
                                          YEAR:     2017
                                          LATITUDE:   47 16 N
                                          LONGITUDE:  68 19 W

[TEMPERATURE DATA]      [PRECIPITATION DATA]       SYMBOLS USED IN COLUMN 16

AVERAGE MONTHLY: 48.2   TOTAL FOR MONTH:   2.54    1 = FOG OR MIST
DPTR FM NORMAL:   4.9   DPTR FM NORMAL:    0.62    2 = FOG REDUCING VISIBILITY
HIGHEST:    74 ON  4    GRTST 24HR  1.00 ON  4- 4      TO 1/4 MILE OR LESS
LOWEST:     29 ON 17,13                            3 = THUNDER
                        SNOW, ICE PELLETS, HAIL    4 = ICE PELLETS
                        TOTAL MONTH:    M          5 = HAIL
                        GRTST 24HR    M  ON   M    6 = FREEZING RAIN OR DRIZZLE
                        GRTST DEPTH:  M  ON   M    7 = DUSTSTORM OR SANDSTORM:
                                                       VSBY 1/2 MILE OR LESS
                                                   8 = SMOKE OR HAZE
[NO. OF DAYS WITH]      [WEATHER - DAYS WITH]      9 = BLOWING SNOW
                                                   X = TORNADO
MAX 32 OR BELOW:   0    0.01 INCH OR MORE:  11
MAX 90 OR ABOVE:   0    0.10 INCH OR MORE:   4
MIN 32 OR BELOW:   8    0.50 INCH OR MORE:   2
MIN  0 OR BELOW:   0    1.00 INCH OR MORE:   1

[HDD (BASE 65) ]
TOTAL THIS MO.   383    CLEAR  (SCALE 0-3)  13
DPTR FM NORMAL  -116    PTCLDY (SCALE 4-7)   9
TOTAL FM JUL 1   800    CLOUDY (SCALE 8-10)  1
DPTR FM NORMAL  -243

[CDD (BASE 65) ]
TOTAL THIS MO.     0
DPTR FM NORMAL     0    [PRESSURE DATA]
TOTAL FM JAN 1   105    HIGHEST SLP M ON M
DPTR FM NORMAL   -29    LOWEST  SLP 29.34 ON 15

[REMARKS]
