000
CXUS51 KCAR 260600
CF6FVE
PRELIMINARY LOCAL CLIMATOLOGICAL DATA (WS FORM: F-6)

                                          STATION:   FRENCHVILLE ME
                                          MONTH:     DECEMBER
                                          YEAR:      2014
                                          LATITUDE:   47 16 N
                                          LONGITUDE:  68 19 W

  TEMPERATURE IN F:       :PCPN:    SNOW:  WIND      :SUNSHINE: SKY     :PK WND
================================================================================
1   2   3   4   5  6A  6B    7    8   9   10  11  12  13   14  15   16   17  18
                                     12Z  AVG MX 2MIN
DY MAX MIN AVG DEP HDD CDD  WTR  SNW DPTH SPD SPD DIR MIN PSBL S-S WX    SPD DR
================================================================================

 1  36   8  22  -1  43   0 0.02    M    M 10.6 21 330   M    M   8 126    27 320
 2   8  -1   4 -18  61   0 0.00    M    M  8.0 21 320   M    M   0        25 320
 3  29   7  18  -4  47   0 0.11    M    M  8.2 18 140   M    M  10 126    23 150
 4  29  -2  14  -8  51   0    T    M    M 15.0 31 280   M    M   3 189    36 280
 5  10  -7   2 -19  63   0 0.00    M    M  7.6 15 150   M    M   1        20 160
 6  25  10  18  -3  47   0 0.04    M    M  7.0 15 160   M    M  10 1      20 140
 7  22  -8   7 -13  58   0 0.00    M    M 13.4 25 320   M    M   1        32 330
 8   8 -10  -1 -21  66   0 0.00    M    M  6.7 15 160   M    M   1        21 160
 9  26   8  17  -2  48   0 0.09    M    M  8.2 14  60   M    M  10 1      20  50
10  32  25  29  10  36   0 0.30    M    M 20.6 38  50   M    M  10 126    56  50
11  36  31  34  16  31   0 0.42    M    M 11.5 28  50   M    M  10 126    43  60
12  34  31  33  15  32   0 0.14    M    M  8.6 17 340   M    M  10 12     22 340
13  34  31  33  15  32   0 0.01    M    M  9.2 17 340   M    M  10 1      23 330
14  32  27  30  13  35   0 0.01    M    M  9.7 21 330   M    M  10 12     27 330
15  27  21  24   7  41   0 0.00    M    M 11.1 26 330   M    M  10        35 320
16  24  21  23   7  42   0    T    M    M  6.8 13 160   M    M  10 1      16 150
17  29  24  27  11  38   0 0.15    M    M  7.4 13  20   M    M  10 16     18  30
18  26  21  24   8  41   0 0.12    M    M 17.9 28 350   M    M  10 1      37 350
19  24  13  19   4  46   0    T    M    M 14.9 24 330   M    M   5        30 340
20  16  10  13  -2  52   0 0.02    M    M  4.2 13 350   M    M   7 18     16 350
21  19  13  16   1  49   0    M    M    M  2.6 10 180   M    M  10        13 170
22  23  18  21   7  44   0 0.00    M    M  3.2  8 150   M    M  10        10 150
23  29  23  26  12  39   0    T    M    M  7.1 13 140   M    M  10 1      15 130
24  33  27  30  16  35   0 0.50    M    M 10.4 17 140   M    M  10 126    22 140
25  41  33  37  24  28   0 0.46    M    M 16.0 36 250   M    M  10 12     49 250
================================================================================
SM  652  374      1105   0  2.39    M    245.9          M      196
================================================================================
AV 26.1 15.0                               9.8 FASTST   M    M   8    MAX(MPH)
                                 MISC ---->  # 38  50               # 56   50
================================================================================
NOTES:
# LAST OF SEVERAL OCCURRENCES

COLUMN 17 PEAK WIND IN M.P.H.

PRELIMINARY LOCAL CLIMATOLOGICAL DATA (WS FORM: F-6) , PAGE 2

                                          STATION:  FRENCHVILLE ME
                                          MONTH:    DECEMBER
                                          YEAR:     2014
                                          LATITUDE:   47 16 N
                                          LONGITUDE:  68 19 W

[TEMPERATURE DATA]      [PRECIPITATION DATA]       SYMBOLS USED IN COLUMN 16

AVERAGE MONTHLY: 20.5   TOTAL FOR MONTH:   2.39    1 = FOG OR MIST
DPTR FM NORMAL:   2.7   DPTR FM NORMAL:    0.21    2 = FOG REDUCING VISIBILITY
HIGHEST:    41 ON 25    GRTST 24HR  0.96 ON 24-25      TO 1/4 MILE OR LESS
LOWEST:    -10 ON  8                               3 = THUNDER
                        SNOW, ICE PELLETS, HAIL    4 = ICE PELLETS
                        TOTAL MONTH:    M          5 = HAIL
                        GRTST 24HR    M  ON   M    6 = FREEZING RAIN OR DRIZZLE
                        GRTST DEPTH:  M  ON   M    7 = DUSTSTORM OR SANDSTORM:
                                                       VSBY 1/2 MILE OR LESS
                                                   8 = SMOKE OR HAZE
[NO. OF DAYS WITH]      [WEATHER - DAYS WITH]      9 = BLOWING SNOW
                                                   X = TORNADO
MAX 32 OR BELOW:  19    0.01 INCH OR MORE:  14
MAX 90 OR ABOVE:   0    0.10 INCH OR MORE:   8
MIN 32 OR BELOW:  24    0.50 INCH OR MORE:   1
MIN  0 OR BELOW:   5    1.00 INCH OR MORE:   0

[HDD (BASE 65) ]
TOTAL THIS MO.  1105    CLEAR  (SCALE 0-3)   4
DPTR FM NORMAL   -75    PTCLDY (SCALE 4-7)   3
TOTAL FM JUL 1  3356    CLOUDY (SCALE 8-10) 18
DPTR FM NORMAL  -134

[CDD (BASE 65) ]
TOTAL THIS MO.     0
DPTR FM NORMAL     0    [PRESSURE DATA]
TOTAL FM JAN 1   139    HIGHEST SLP M ON M
DPTR FM NORMAL     5    LOWEST  SLP 29.23 ON 25

[REMARKS]
