000
CXUS51 KCAR 010600
CF6FVE
PRELIMINARY LOCAL CLIMATOLOGICAL DATA (WS FORM: F-6)

                                          STATION:   FRENCHVILLE ME
                                          MONTH:     SEPTEMBER
                                          YEAR:      2014
                                          LATITUDE:   47 16 N
                                          LONGITUDE:  68 19 W

  TEMPERATURE IN F:       :PCPN:    SNOW:  WIND      :SUNSHINE: SKY     :PK WND
================================================================================
1   2   3   4   5  6A  6B    7    8   9   10  11  12  13   14  15   16   17  18
                                     12Z  AVG MX 2MIN
DY MAX MIN AVG DEP HDD CDD  WTR  SNW DPTH SPD SPD DIR MIN PSBL S-S WX    SPD DR
================================================================================

 1  69  61  65   6   0   0 0.02    M    M  5.7 13 150   M    M  10 1      17 140
 2  75  61  68   9   0   3 0.07    M    M  9.5 17 150   M    M   7 12     24 150
 3  73  54  64   6   1   0 0.74    M    M 10.2 22 300   M    M   5 1      28 310
 4  73  51  62   4   3   0 0.02    M    M  8.2 17 250   M    M   3 1      24 250
 5  79  59  69  11   0   4    T    M    M  6.3 15 200   M    M   5 12     21 230
 6  70  45  58   1   7   0 0.33    M    M  7.8 20 340   M    M   8 1      25 320
 7  64  40  52  -5  13   0 0.00    M    M  9.2 22 260   M    M   2        31 260
 8  62  35  49  -8  16   0 0.00    M    M  4.9 14 280   M    M   0        17 280
 9  70  43  57   1   8   0 0.00    M    M  7.5 14 160   M    M   0        21 160
10  69  44  57   1   8   0 0.00    M    M  6.0 13 210   M    M   0        17 210
11  60  50  55  -1  10   0 0.29    M    M 13.9 25 250   M    M   7 1      36 170
12  55  35  45 -10  20   0 0.00    M    M 15.6 31 330   M    M   2        44 330
13  51  32  42 -13  23   0 0.34    M    M  5.9 16 160   M    M   3 1      20 160
14  51  43  47  -7  18   0 0.17    M    M  9.4 20 330   M    M  10 1      25 310
15  56  39  48  -6  17   0 0.00    M    M  7.0 14 240   M    M   6        18 240
16  59  44  52  -2  13   0 0.05    M    M  7.3 16 240   M    M   7 1      21 230
17  53  41  47  -6  18   0 0.03    M    M  7.1 15 290   M    M   7 1      22 330
18  48  30  39 -14  26   0 0.11    M    M  9.7 21 320   M    M   6 1      26 320
19  49  29  39 -13  26   0 0.00    M    M  9.0 18 330   M    M   0        24 330
20  51  38  45  -7  20   0 0.15    M    M 10.1 16 170   M    M   6 1      23 170
21  72  51  62  10   3   0 0.00    M    M 12.5 21 180   M    M   6 1      32 180
22  65  43  54   3  11   0 0.31    M    M 13.3 29 290   M    M   9 1      39 290
23  51  37  44  -7  21   0 0.03    M    M 11.5 23 290   M    M   6 1      31 300
24  60  30  45  -5  20   0 0.00    M    M  6.8 14 200   M    M   0        20 200
25  71  42  57   7   8   0 0.00    M    M  8.2 16 250   M    M   0 1      22 270
26  73  51  62  13   3   0 0.00    M    M  7.6 16 270   M    M   0        22 280
27  70  55  63  14   2   0 0.00    M    M  9.2 23 350   M    M   0        32 340
28  80  53  67  18   0   2 0.00    M    M  9.7 21 270   M    M   1        26 250
29  61  35  48   0  17   0 0.24    M    M 10.8 18  10   M    M  10 1      28 360
30  46  35  41  -7  24   0    T    M    M  4.2 13  90   M    M  10 12     17  90
================================================================================
SM 1886 1306       356   9  2.90    M    264.1          M      136
================================================================================
AV 62.9 43.5                               8.8 FASTST   M    M   5    MAX(MPH)
                                 MISC ---->  # 31 330               # 44  330
================================================================================
NOTES:
# LAST OF SEVERAL OCCURRENCES

COLUMN 17 PEAK WIND IN M.P.H.

PRELIMINARY LOCAL CLIMATOLOGICAL DATA (WS FORM: F-6) , PAGE 2

                                          STATION:  FRENCHVILLE ME
                                          MONTH:    SEPTEMBER
                                          YEAR:     2014
                                          LATITUDE:   47 16 N
                                          LONGITUDE:  68 19 W

[TEMPERATURE DATA]      [PRECIPITATION DATA]       SYMBOLS USED IN COLUMN 16

AVERAGE MONTHLY: 53.2   TOTAL FOR MONTH:   2.90    1 = FOG OR MIST
DPTR FM NORMAL:  -0.4   DPTR FM NORMAL:   -0.62    2 = FOG REDUCING VISIBILITY
HIGHEST:    80 ON 28    GRTST 24HR  0.81 ON  2- 3      TO 1/4 MILE OR LESS
LOWEST:     29 ON 19                               3 = THUNDER
                        SNOW, ICE PELLETS, HAIL    4 = ICE PELLETS
                        TOTAL MONTH:    M          5 = HAIL
                        GRTST 24HR    M  ON   M    6 = FREEZING RAIN OR DRIZZLE
                        GRTST DEPTH:  M  ON   M    7 = DUSTSTORM OR SANDSTORM:
                                                       VSBY 1/2 MILE OR LESS
                                                   8 = SMOKE OR HAZE
[NO. OF DAYS WITH]      [WEATHER - DAYS WITH]      9 = BLOWING SNOW
                                                   X = TORNADO
MAX 32 OR BELOW:   0    0.01 INCH OR MORE:  15
MAX 90 OR ABOVE:   0    0.10 INCH OR MORE:   9
MIN 32 OR BELOW:   4    0.50 INCH OR MORE:   1
MIN  0 OR BELOW:   0    1.00 INCH OR MORE:   0

[HDD (BASE 65) ]
TOTAL THIS MO.   356    CLEAR  (SCALE 0-3)  12
DPTR FM NORMAL     4    PTCLDY (SCALE 4-7)  13
TOTAL FM JUL 1   493    CLOUDY (SCALE 8-10)  5
DPTR FM NORMAL   -51

[CDD (BASE 65) ]
TOTAL THIS MO.     9
DPTR FM NORMAL    -1    [PRESSURE DATA]
TOTAL FM JAN 1   139    HIGHEST SLP 30.63 ON 24
DPTR FM NORMAL     5    LOWEST  SLP 29.39 ON 22

[REMARKS]
#FINAL-09-14#
