000
CXUS53 KIWX 290800
CF6FWA
PRELIMINARY LOCAL CLIMATOLOGICAL DATA (WS FORM: F-6)

                                          STATION:   FORT WAYNE
                                          MONTH:     MARCH
                                          YEAR:      2017
                                          LATITUDE:   41  0 N
                                          LONGITUDE:  85 12 W

  TEMPERATURE IN F:       :PCPN:    SNOW:  WIND      :SUNSHINE: SKY     :PK WND
================================================================================
1   2   3   4   5  6A  6B    7    8   9   10  11  12  13   14  15   16   17  18
                                     12Z  AVG MX 2MIN
DY MAX MIN AVG DEP HDD CDD  WTR  SNW DPTH SPD SPD DIR MIN PSBL S-S WX    SPD DR
================================================================================

 1  63  32  48  15  17   0 0.65  0.2    0 22.1 38 260   M    M  10 138    51 310
 2  36  26  31  -2  34   0    T    T    T 11.7 22 280   M    M   8        29 290
 3  33  23  28  -5  37   0 0.01  0.3    T 10.1 21 320   M    M   4 1      29 320
 4  35  24  30  -4  35   0    T    T    0 10.0 18 100   M    M   8        23 110
 5  62  26  44  10  21   0    T  0.0    0 10.7 18 190   M    M   6        22 190
 6  58  48  53  19  12   0 0.03  0.0    0 16.0 26 190   M    M  10 1      35 180
 7  61  36  49  14  16   0 0.21  0.0    0 17.5 24 280   M    M   7 3      39 260
 8  55  36  46  11  19   0 0.00  0.0    0 21.9 46 250   M    M   3        61 260
 9  52  29  41   5  24   0    T    T    0  6.3 22  10   M    M   6        26  10
10  36  19  28  -8  37   0 0.00  0.0    0 14.6 25 300   M    M   6        32 290
11  33  18  26 -10  39   0 0.00  0.0    0  9.3 16 340   M    M   7        23 340
12  35  16  26 -11  39   0 0.00  0.0    0  6.2 20 340   M    M   6        24 320
13  28  22  25 -12  40   0 0.09  1.6    0 14.1 21  40   M    M  10 1      27  40
14  27  14  21 -17  44   0    T    T    1 11.8 24 360   M    M   5 8      27  10
15  32  15  24 -14  41   0    T    T    T 11.9 21 310   M    M   5        29 310
16  40  18  29  -9  36   0 0.00  0.0    T  8.4 17 240   M    M   1        23 270
17  40  24  32  -7  33   0 0.12  0.9    T  7.4 15 130   M    M   9 1246   20 130
18  41  36  39   0  26   0    T  0.0    0 12.5 20 300   M    M  10 12     29 290
19  47  34  41   1  24   0 0.00  0.0    0  6.1 13 320   M    M   8        17 330
20  52  34  43   3  22   0 0.79  0.0    0  7.0 20 160   M    M   9 135    24 160
21  59  32  46   6  19   0 0.00  0.0    0 10.0 21 320   M    M   7 128    27 310
22  38  22  30 -11  35   0 0.00  0.0    0 11.0 23  10   M    M   2        28 360
23  49  23  36  -5  29   0 0.04  0.0    0 10.0 17 180   M    M   7 3      22 120
24  76  45  61  20   4   0    T  0.0    0 16.2 32 230   M    M   7        42 230
25  74  43  59  17   6   0 0.01  0.0    0 11.1 25  70   M    M   9        30  70
26  64  42  53  11  12   0 0.83  0.0    0 10.0 18 210   M    M   8 13     23 210
27  61  51  56  13   9   0 0.03  0.0    0  6.2 15 260   M    M   9 1      18 260
28  54  45  50   7  15   0 0.01  0.0    0  8.9 16 360   M    M   9 1      19  40
================================================================================
SM 1341  833       725   0  2.82     3.0 319.0          M      196
================================================================================
AV 47.9 29.8                              11.4 FASTST   M    M   7    MAX(MPH)
                                 MISC ---->  # 46 250               # 61  260
================================================================================
NOTES:
# LAST OF SEVERAL OCCURRENCES

COLUMN 17 PEAK WIND IN M.P.H.

PRELIMINARY LOCAL CLIMATOLOGICAL DATA (WS FORM: F-6) , PAGE 2

                                          STATION:  FORT WAYNE
                                          MONTH:    MARCH
                                          YEAR:     2017
                                          LATITUDE:   41  0 N
                                          LONGITUDE:  85 12 W

[TEMPERATURE DATA]      [PRECIPITATION DATA]       SYMBOLS USED IN COLUMN 16

AVERAGE MONTHLY: 38.8   TOTAL FOR MONTH:   2.82    1 = FOG OR MIST
DPTR FM NORMAL:   1.0   DPTR FM NORMAL:    0.43    2 = FOG REDUCING VISIBILITY
HIGHEST:    76 ON 24    GRTST 24HR  0.83 ON 26-26      TO 1/4 MILE OR LESS
LOWEST:     14 ON 14                               3 = THUNDER
                        SNOW, ICE PELLETS, HAIL    4 = ICE PELLETS
                        TOTAL MONTH:   3.0 INCHES  5 = HAIL
                        GRTST 24HR   1.6 ON   M    6 = FREEZING RAIN OR DRIZZLE
                        GRTST DEPTH:   1 ON 14     7 = DUSTSTORM OR SANDSTORM:
                                                       VSBY 1/2 MILE OR LESS
                                                   8 = SMOKE OR HAZE
[NO. OF DAYS WITH]      [WEATHER - DAYS WITH]      9 = BLOWING SNOW
                                                   X = TORNADO
MAX 32 OR BELOW:   3    0.01 INCH OR MORE:  12
MAX 90 OR ABOVE:   0    0.10 INCH OR MORE:   5
MIN 32 OR BELOW:  17    0.50 INCH OR MORE:   3
MIN  0 OR BELOW:   0    1.00 INCH OR MORE:   0

[HDD (BASE 65) ]
TOTAL THIS MO.   725    CLEAR  (SCALE 0-3)   3
DPTR FM NORMAL   -38    PTCLDY (SCALE 4-7)  16
TOTAL FM JUL 1  4419    CLOUDY (SCALE 8-10)  9
DPTR FM NORMAL  -942

[CDD (BASE 65) ]
TOTAL THIS MO.     0
DPTR FM NORMAL     0    [PRESSURE DATA]
TOTAL FM JAN 1     0    HIGHEST SLP M ON M
DPTR FM NORMAL     0    LOWEST  SLP 29.39 ON  1

[REMARKS]
