532
CXUS53 KUNR 250945
CF6GCC
PRELIMINARY LOCAL CLIMATOLOGICAL DATA (WS FORM: F-6)

                                          STATION:   GILLETTE AIRPORT WY
                                          MONTH:     MAY
                                          YEAR:      2016
                                          LATITUDE:   44 20 N
                                          LONGITUDE: 105 32 W

  TEMPERATURE IN F:       :PCPN:    SNOW:  WIND      :SUNSHINE: SKY     :PK WND
================================================================================
1   2   3   4   5  6A  6B    7    8   9   10  11  12  13   14  15   16   17  18
                                     12Z  AVG MX 2MIN
DY MAX MIN AVG DEP HDD CDD  WTR  SNW DPTH SPD SPD DIR MIN PSBL S-S WX    SPD DR
================================================================================

 1  55  26  41  -7  24   0 0.00    M    M  4.1 12  70   M    M   2        15  30
 2  62  31  47  -1  18   0 0.00    M    M 12.9 23 360   M    M   1        29 340
 3  71  41  56   7   9   0 0.00    M    M 10.3 16 320   M    M   0        22 340
 4  79  44  62  13   3   0 0.00    M    M  9.6 21 170   M    M   0        24 160
 5  83  47  65  15   0   0 0.00    M    M  8.1 20 170   M    M   0        22 170
 6  68  42  55   5  10   0 0.00    M    M 15.0 29  10   M    M   2        37 360
 7  60  47  54   4  11   0 0.08    M    M  6.9 18 170   M    M   8 1      22 170
 8  62  36  49  -1  16   0 0.00    M    M 12.9 24 130   M    M   4 1      30 130
 9  66  38  52   1  13   0 0.00    M    M  9.4 32 300   M    M   4        38 310
10  48  33  41 -10  24   0 0.01    M    M 17.9 32 300   M    M   8        41 290
11  53  33  43  -9  22   0    T    M    M 21.8 36 320   M    M   5        46 290
12  69  32  51  -1  14   0 0.00    M    M  9.5 21 350   M    M   1        25 350
13  45  23  34 -18  31   0 0.12    M    M 11.9 28 350   M    M   7 1      32  10
14  55  21  38 -14  27   0 0.00    M    M  4.8 13  30   M    M   3        20  70
15  53  30  42 -11  23   0 0.00    M    M 11.1 22 130   M    M   8        28 130
16  59  39  49  -4  16   0 0.10    M    M  7.8 16  50   M    M   7 1      21  40
17  61  29  45  -8  20   0 0.00    M    M 11.7 24 150   M    M   0 1      34 140
18  70  36  53  -1  12   0 0.00    M    M  9.7 18 170   M    M   0        25 160
19  78  44  61   7   4   0 0.00    M    M 10.5 31 210   M    M   2 3      38 220
20  79  45  62   8   3   0    T    M    M 11.6 28 130   M    M   2 3      33 130
21  76  52  64  10   1   0    T    M    M 22.4 38 150   M    M   2 3      46 150
22  70  44  57   2   8   0 0.00    M    M 17.4 32 230   M    M   1        41 230
23  70  32  51  -4  14   0 0.00    M    M 11.0 25 250   M    M   1        35 250
24  72  30  51  -4  14   0 0.12    M    M  5.9 36 170   M    M   2 13     44 170
================================================================================
SM 1564  875       337   0  0.43    M    274.2          M       70
================================================================================
AV 65.2 36.5                              11.4 FASTST   M    M   3    MAX(MPH)
                                 MISC ---->  # 38 150               # 46  290
================================================================================
NOTES:
# LAST OF SEVERAL OCCURRENCES

COLUMN 17 PEAK WIND IN M.P.H.

PRELIMINARY LOCAL CLIMATOLOGICAL DATA (WS FORM: F-6) , PAGE 2

                                          STATION:  GILLETTE AIRPORT WY
                                          MONTH:    MAY
                                          YEAR:     2016
                                          LATITUDE:   44 20 N
                                          LONGITUDE: 105 32 W

[TEMPERATURE DATA]      [PRECIPITATION DATA]       SYMBOLS USED IN COLUMN 16

AVERAGE MONTHLY: 50.8   TOTAL FOR MONTH:   0.43    1 = FOG OR MIST
DPTR FM NORMAL:  -1.0   DPTR FM NORMAL:   -1.43    2 = FOG REDUCING VISIBILITY
HIGHEST:    83 ON  5    GRTST 24HR  0.12 ON 12-13      TO 1/4 MILE OR LESS
LOWEST:     21 ON 14                               3 = THUNDER
                        SNOW, ICE PELLETS, HAIL    4 = ICE PELLETS
                        TOTAL MONTH:    M          5 = HAIL
                        GRTST 24HR    M  ON   M    6 = FREEZING RAIN OR DRIZZLE
                        GRTST DEPTH:  M  ON   M    7 = DUSTSTORM OR SANDSTORM:
                                                       VSBY 1/2 MILE OR LESS
                                                   8 = SMOKE OR HAZE
[NO. OF DAYS WITH]      [WEATHER - DAYS WITH]      9 = BLOWING SNOW
                                                   X = TORNADO
MAX 32 OR BELOW:   0    0.01 INCH OR MORE:   5
MAX 90 OR ABOVE:   0    0.10 INCH OR MORE:   3
MIN 32 OR BELOW:   9    0.50 INCH OR MORE:   0
MIN  0 OR BELOW:   0    1.00 INCH OR MORE:   0

[HDD (BASE 65) ]
TOTAL THIS MO.   337    CLEAR  (SCALE 0-3)  16
DPTR FM NORMAL    16    PTCLDY (SCALE 4-7)   6
TOTAL FM JUL 1  6463    CLOUDY (SCALE 8-10)  2
DPTR FM NORMAL  -874

[CDD (BASE 65) ]
TOTAL THIS MO.     0
DPTR FM NORMAL     0    [PRESSURE DATA]
TOTAL FM JAN 1     0    HIGHEST SLP M ON M
DPTR FM NORMAL     0    LOWEST  SLP 29.32 ON  9

[REMARKS]
