000
CXUS56 KFGZ 250900
CF6GCN
PRELIMINARY LOCAL CLIMATOLOGICAL DATA (WS FORM: F-6)

                                          STATION:   GRAND CANYON AZ AIRPORT
                                          MONTH:     MAY
                                          YEAR:      2016
                                          LATITUDE:   35 57 N
                                          LONGITUDE: 112  9 W

  TEMPERATURE IN F:       :PCPN:    SNOW:  WIND      :SUNSHINE: SKY     :PK WND
================================================================================
1   2   3   4   5  6A  6B    7    8   9   10  11  12  13   14  15   16   17  18
                                     12Z  AVG MX 2MIN
DY MAX MIN AVG DEP HDD CDD  WTR  SNW DPTH SPD SPD DIR MIN PSBL S-S WX    SPD DR
================================================================================

 1  53  36  45  -1  20   0 0.00    M    M  8.3 23  60   M    M   7        29  50
 2  60  29  45  -1  20   0 0.00999.0    M  5.5 18  50   M    M   3        27  60
 3  67  30  49   2  16   0 0.00    M    M  7.8 21  60   M    M   0        26  40
 4  77  34  56   9   9   0 0.00    M    M  7.2 22 220   M    M   0 8      30 180
 5  74  36  55   8  10   0 0.00    M    M  9.7 25 200   M    M   0 8      36 150
 6  62  33  48   0  17   0 0.14    M    M 10.1 26 220   M    M   4 1      41 220
 7  53  34  44  -4  21   0 0.25    M    M  4.5 17 230   M    M   9 18     23 220
 8  53  31  42  -6  23   0 0.03    M    M  6.4 20 180   M    M   8 123    28 220
 9  66  34  50   2  15   0    T    M    M  8.0 21 230   M    M   6        28 230
10  70  32  51   2  14   0 0.00    M    M  6.2 22 230   M    M   3        31 230
11  70  36  53   4  12   0 0.00    M    M  3.1 14 330   M    M   3        20 290
12  77  33  55   6  10   0 0.00    M    M  4.5 17 230   M    M   0 8      22 230
13  81  36  59   9   6   0 0.00    M    M  4.9 20 230   M    M   0        29 220
14  78  37  58   8   7   0 0.16    M    M  4.8 24 230   M    M   3 13     32 240
15  72  35  54   4  11   0 0.00  0.0    0 10.6 28 230   M    M   1        35 230
16  67  33  50   0  15   0    T  0.0    0  8.0 22 250   M    M   4        30 300
17  64  43  54   3  11   0 0.15    M    0  5.8 17 120   M    M   6 8      24  70
18  61  37  49  -2  16   0 0.00  0.0    0  5.9 15  30   M    M   4        20 350
19  72  32  52   1  13   0 0.00    M    M  7.0 22 220   M    M   2        29 220
20  73  50  62  10   3   0 0.00    M    M 19.7 36 210   M    M   2        55 180
21  68  45  57   5   8   0 0.00    M    M 18.5 38 220   M    M   1        50 220
22  67  28  48  -4  17   0 0.00    M    M  9.3 28 220   M    M   0        38 220
23  69  25  47  -6  18   0 0.00    M    M  8.7 28 220   M    M   0        34 210
24  67  31  49  -4  16   0 0.00    M    M 12.9 33 220   M    M   1        43 220
================================================================================
SM 1621  830       328   0  0.73   999.0 197.4          M       67
================================================================================
AV 67.5 34.6                               8.2 FASTST   M    M   3    MAX(MPH)
                                 MISC ---->  # 38 220               # 55  180
================================================================================
NOTES:
# LAST OF SEVERAL OCCURRENCES

COLUMN 17 PEAK WIND IN M.P.H.

PRELIMINARY LOCAL CLIMATOLOGICAL DATA (WS FORM: F-6) , PAGE 2

                                          STATION:  GRAND CANYON AZ AIRPORT
                                          MONTH:    MAY
                                          YEAR:     2016
                                          LATITUDE:   35 57 N
                                          LONGITUDE: 112  9 W

[TEMPERATURE DATA]      [PRECIPITATION DATA]       SYMBOLS USED IN COLUMN 16

AVERAGE MONTHLY: 51.1   TOTAL FOR MONTH:   0.73    1 = FOG OR MIST
DPTR FM NORMAL:   1.6   DPTR FM NORMAL:    0.33    2 = FOG REDUCING VISIBILITY
HIGHEST:    81 ON 13    GRTST 24HR  0.39 ON  6- 7      TO 1/4 MILE OR LESS
LOWEST:     25 ON 23                               3 = THUNDER
                        SNOW, ICE PELLETS, HAIL    4 = ICE PELLETS
                        TOTAL MONTH: 999.0 INCHES  5 = HAIL
                        GRTST 24HR 999.0 ON  2- 2  6 = FREEZING RAIN OR DRIZZLE
                        GRTST DEPTH:   0           7 = DUSTSTORM OR SANDSTORM:
                                                       VSBY 1/2 MILE OR LESS
                                                   8 = SMOKE OR HAZE
[NO. OF DAYS WITH]      [WEATHER - DAYS WITH]      9 = BLOWING SNOW
                                                   X = TORNADO
MAX 32 OR BELOW:   0    0.01 INCH OR MORE:   5
MAX 90 OR ABOVE:   0    0.10 INCH OR MORE:   4
MIN 32 OR BELOW:   8    0.50 INCH OR MORE:   0
MIN  0 OR BELOW:   0    1.00 INCH OR MORE:   0

[HDD (BASE 65) ]
TOTAL THIS MO.   328    CLEAR  (SCALE 0-3)  15
DPTR FM NORMAL   -47    PTCLDY (SCALE 4-7)   8
TOTAL FM JUL 1  6227    CLOUDY (SCALE 8-10)  1
DPTR FM NORMAL  -717

[CDD (BASE 65) ]
TOTAL THIS MO.     0
DPTR FM NORMAL     0    [PRESSURE DATA]
TOTAL FM JAN 1     0    HIGHEST SLP M ON M
DPTR FM NORMAL     0    LOWEST  SLP 29.69 ON M

[REMARKS]
