000
CXUS56 KFGZ 240900
CF6GCN
PRELIMINARY LOCAL CLIMATOLOGICAL DATA (WS FORM: F-6)

                                          STATION:   GRAND CANYON AZ AIRPORT
                                          MONTH:     APRIL
                                          YEAR:      2017
                                          LATITUDE:   35 57 N
                                          LONGITUDE: 112  9 W

  TEMPERATURE IN F:       :PCPN:    SNOW:  WIND      :SUNSHINE: SKY     :PK WND
================================================================================
1   2   3   4   5  6A  6B    7    8   9   10  11  12  13   14  15   16   17  18
                                     12Z  AVG MX 2MIN
DY MAX MIN AVG DEP HDD CDD  WTR  SNW DPTH SPD SPD DIR MIN PSBL S-S WX    SPD DR
================================================================================

 1  49  28  39  -1  26   0    T    M    M  5.4 18  50   M    M   6 18     27  50
 2  60  23  42   2  23   0 0.00    M    M  5.8 17 280   M    M   1        29 260
 3  59  29  44   4  21   0 0.21    M    M  7.5 29 230   M    M   8 12     39 220
 4  49  19  34  -6  31   0 0.00    M    M  3.6 13 280   M    M   1 1      19 360
 5  59  23  41   1  24   0 0.00    M    M  5.7 16  70   M    M   0        20  30
 6  69  25  47   7  18   0 0.00    M    M  6.3 20 230   M    M   0        28 220
 7  65  30  48   7  17   0 0.00    M    M 11.3 28 220   M    M   0        37 210
 8  62  37  50   9  15   0 0.00    M    M 14.8 36 210   M    M   4        47 220
 9  54  21  38  -3  27   0 0.00    M    M  4.1 15 220   M    M   1        21 220
10  62  17  40  -1  25   0 0.00    M    M  3.7 17 220   M    M   0        20 180
11  65  23  44   3  21   0 0.00    M    M  5.9 23 210   M    M   0        35 220
12  70  24  47   6  18   0 0.00  0.0    0  3.7 17 210   M    M   0        22 210
13  70  26  48   6  17   0 0.00  0.0    0 13.2 31 220   M    M   0        42 230
14  68  26  47   5  18   0 0.00    M    M 10.1 25 230   M    M   0        36 240
15  66  23  45   3  20   0 0.00    M    M  2.9 16 220   M    M   0        22 240
16  69  26  48   6  17   0 0.00    M    M  4.9 20 220   M    M   0        27 220
17  70  27  49   7  16   0 0.00    M    M  6.9 28 210   M    M   0        38 220
18  71  26  49   6  16   0 0.00    M    M 11.7 30 230   M    M   0        41 220
19  67  29  48   5  17   0 0.00    M    M  5.0 17 230   M    M   1        25 240
20  70  25  48   5  17   0 0.00    M    M  7.1 28 230   M    M   0        37 230
21  66  23  45   2  20   0 0.00  0.0    0  4.0 13 310   M    M   0        18 300
22  70  23  47   3  18   0 0.00  0.0    0  6.8 18  70   M    M   0        26 110
23  72  28  50   6  15   0 0.00    M    0 13.0 33 210   M    M   0        45 210
================================================================================
SM 1482  581       457   0  0.21     0.0 163.4          M       22
================================================================================
AV 64.4 25.3                               7.1 FASTST   M    M   1    MAX(MPH)
                                 MISC ---->  # 36 210               # 47  220
================================================================================
NOTES:
# LAST OF SEVERAL OCCURRENCES

COLUMN 17 PEAK WIND IN M.P.H.

PRELIMINARY LOCAL CLIMATOLOGICAL DATA (WS FORM: F-6) , PAGE 2

                                          STATION:  GRAND CANYON AZ AIRPORT
                                          MONTH:    APRIL
                                          YEAR:     2017
                                          LATITUDE:   35 57 N
                                          LONGITUDE: 112  9 W

[TEMPERATURE DATA]      [PRECIPITATION DATA]       SYMBOLS USED IN COLUMN 16

AVERAGE MONTHLY: 44.9   TOTAL FOR MONTH:   0.21    1 = FOG OR MIST
DPTR FM NORMAL:   3.3   DPTR FM NORMAL:   -0.55    2 = FOG REDUCING VISIBILITY
HIGHEST:    72 ON 23    GRTST 24HR  0.21 ON  2- 3      TO 1/4 MILE OR LESS
LOWEST:     17 ON 10                               3 = THUNDER
                        SNOW, ICE PELLETS, HAIL    4 = ICE PELLETS
                        TOTAL MONTH:   0.0 INCH    5 = HAIL
                        GRTST 24HR     0.0         6 = FREEZING RAIN OR DRIZZLE
                        GRTST DEPTH:   0           7 = DUSTSTORM OR SANDSTORM:
                                                       VSBY 1/2 MILE OR LESS
                                                   8 = SMOKE OR HAZE
[NO. OF DAYS WITH]      [WEATHER - DAYS WITH]      9 = BLOWING SNOW
                                                   X = TORNADO
MAX 32 OR BELOW:   0    0.01 INCH OR MORE:   1
MAX 90 OR ABOVE:   0    0.10 INCH OR MORE:   1
MIN 32 OR BELOW:  22    0.50 INCH OR MORE:   0
MIN  0 OR BELOW:   0    1.00 INCH OR MORE:   0

[HDD (BASE 65) ]
TOTAL THIS MO.   457    CLEAR  (SCALE 0-3)  20
DPTR FM NORMAL   -83    PTCLDY (SCALE 4-7)   3
TOTAL FM JUL 1  5506    CLOUDY (SCALE 8-10)  0
DPTR FM NORMAL  -922

[CDD (BASE 65) ]
TOTAL THIS MO.     0
DPTR FM NORMAL     0    [PRESSURE DATA]
TOTAL FM JAN 1     0    HIGHEST SLP M ON M
DPTR FM NORMAL     0    LOWEST  SLP 29.62 ON  3

[REMARKS]
