000
CXUS54 KFWD 300730
CF6GDJ
PRELIMINARY LOCAL CLIMATOLOGICAL DATA (WS FORM: F-6)

                                          STATION:   GRANBURY
                                          MONTH:     MAY
                                          YEAR:      2015
                                          LATITUDE:   32 26 N
                                          LONGITUDE:  97 48 W

  TEMPERATURE IN F:       :PCPN:    SNOW:  WIND      :SUNSHINE: SKY     :PK WND
================================================================================
1   2   3   4   5  6A  6B    7    8   9   10  11  12  13   14  15   16   17  18
                                     12Z  AVG MX 2MIN
DY MAX MIN AVG DEP HDD CDD  WTR  SNW DPTH SPD SPD DIR MIN PSBL S-S WX    SPD DR
================================================================================

 1  82  52  67  -2   0   2 0.00  0.0    0  3.4  8 100   M    M   5         M  M
 2  83  55  69   0   0   4 0.00  0.0    0  5.8 13 140   M    M   5 1      17 140
 3  84  60  72   3   0   7 0.00  0.0    0  7.7 16 130   M    M   6        21 160
 4  83  65  74   5   0   9 0.00  0.0    0 10.9 17 120   M    M   7        22 120
 5  81  64  73   3   0   8 0.08  0.0    0 11.5 21 140   M    M   7 3      28 140
 6  86  70  78   8   0  13 0.00  0.0    0 12.4 18 130   M    M   0        27 160
 7  85  66  76   6   0  11 1.34  0.0    0 11.2 17 150   M    M   0 3      25 140
 8  87  69  78   8   0  13 0.01  0.0    0  9.3 18 140   M    M   0 3      31 140
 9  87  66  77   7   0  12 3.92  0.0    0 10.3 20 150   M    M   0 138    28 150
10  79  65  72   1   0   7 0.68  0.0    0  3.5 16 130   M    M   0 3      24 130
11  73  62  68  -3   0   3 0.01  0.0    0  3.5 13 340   M    M   2        17 360
12  68  57  63  -8   2   0 0.53  0.0    0  1.8  8 100   M    M   9 3       M  M
13  70  64  67  -5   0   2 1.30  0.0    0  5.0 13 120   M    M   7 1       M  M
14  85  66  76   4   0  11 0.00  0.0    0  7.3 15 140   M    M   6 1      20 140
15  82  71  77   5   0  12 0.00  0.0    0 10.7 15 140   M    M   4        24 150
16  87  69  78   6   0  13 0.14  0.0    0 12.8 21 160   M    M   8 13     29 160
17  85  63  74   2   0   9 1.23  0.0    0  7.9 16 210   M    M   3 3      22 210
18  89  66  78   5   0  13 0.00  0.0    0  4.7 15 130   M    M   4 23     20 130
19  83  72  78   5   0  13 0.00  0.0    0 10.9 17 130   M    M   7        23 130
20  86  65  76   3   0  11 0.00  0.0    0  8.2 14 340   M    M   9        20 360
21  65  57  61 -12   4   0 0.08  0.0    0  7.9 14 350   M    M  10 3      21 360
22  72  61  67  -7   0   2 0.03  0.0    0  6.7 12 100   M    M   2 1       M  M
23  85  70  78   4   0  13 0.74  0.0    0 10.7 23 140   M    M   7 13     31 140
24  81  68  75   1   0  10 0.26  0.0    0  7.2 14 160   M    M   5        20 240
25  80  61  71  -3   0   6 0.65  0.0    0  7.5 24 280   M    M   7 3      30 280
26  88  60  74  -1   0   9 1.18  0.0    0  6.7 13 100   M    M   8 13     22 330
27  87  63  75   0   0  10 0.51  0.0    0  7.1 18 120   M    M   5 3      28 120
28  89  66  78   3   0  13 0.68  0.0    0  9.9 21 310   M    M   7 3      31 310
29  84  66  75   0   0  10 0.44  0.0    0  5.2 10 280   M    M   6 3       M  M
================================================================================
SM 2376 1859         6 246 13.81     0.0 227.7          M      146
================================================================================
AV 81.9 64.1                               7.9 FASTST   M    M   5    MAX(MPH)
                                 MISC ---->    24   M                 31    M
================================================================================
NOTES:
# LAST OF SEVERAL OCCURRENCES

COLUMN 17 PEAK WIND IN M.P.H.

PRELIMINARY LOCAL CLIMATOLOGICAL DATA (WS FORM: F-6) , PAGE 2

                                          STATION:  GRANBURY
                                          MONTH:    MAY
                                          YEAR:     2015
                                          LATITUDE:   32 26 N
                                          LONGITUDE:  97 48 W

[TEMPERATURE DATA]      [PRECIPITATION DATA]       SYMBOLS USED IN COLUMN 16

AVERAGE MONTHLY: 73.0   TOTAL FOR MONTH:  13.81    1 = FOG OR MIST
DPTR FM NORMAL:   1.1   DPTR FM NORMAL:       M    2 = FOG REDUCING VISIBILITY
HIGHEST:    89 ON 28,18 GRTST 24HR  3.92 ON  9- 9      TO 1/4 MILE OR LESS
LOWEST:     52 ON  1                               3 = THUNDER
                        SNOW, ICE PELLETS, HAIL    4 = ICE PELLETS
                        TOTAL MONTH:   0.0 INCH    5 = HAIL
                        GRTST 24HR     0.0         6 = FREEZING RAIN OR DRIZZLE
                        GRTST DEPTH:   0           7 = DUSTSTORM OR SANDSTORM:
                                                       VSBY 1/2 MILE OR LESS
                                                   8 = SMOKE OR HAZE
[NO. OF DAYS WITH]      [WEATHER - DAYS WITH]      9 = BLOWING SNOW
                                                   X = TORNADO
MAX 32 OR BELOW:   0    0.01 INCH OR MORE:  19
MAX 90 OR ABOVE:   0    0.10 INCH OR MORE:  14
MIN 32 OR BELOW:   0    0.50 INCH OR MORE:  11
MIN  0 OR BELOW:   0    1.00 INCH OR MORE:   5

[HDD (BASE 65) ]
TOTAL THIS MO.     6    CLEAR  (SCALE 0-3)   8
DPTR FM NORMAL    -2    PTCLDY (SCALE 4-7)  18
TOTAL FM JUL 1  2249    CLOUDY (SCALE 8-10)  3
DPTR FM NORMAL  -415

[CDD (BASE 65) ]
TOTAL THIS MO.   246
DPTR FM NORMAL    35    [PRESSURE DATA]
TOTAL FM JAN 1   428    HIGHEST SLP M ON M
DPTR FM NORMAL   115    LOWEST  SLP M ON M

[REMARKS]
