000
CXUS54 KMAF 271100
CF6GDP
PRELIMINARY LOCAL CLIMATOLOGICAL DATA (WS FORM: F-6)

                                          STATION:   Guadalupe Pass
                                          MONTH:     NOVEMBER
                                          YEAR:      2014
                                          LATITUDE:   31 49 N
                                          LONGITUDE: 104 48 W

  TEMPERATURE IN F:       :PCPN:    SNOW:  WIND      :SUNSHINE: SKY     :PK WND
================================================================================
1   2   3   4   5  6A  6B    7    8   9   10  11  12  13   14  15   16   17  18
                                     12Z  AVG MX 2MIN
DY MAX MIN AVG DEP HDD CDD  WTR  SNW DPTH SPD SPD DIR MIN PSBL S-S WX    SPD DR
================================================================================

 1  71  45  58   2   7   0    T  0.0    0 15.6 40 200   M    M   3        53 190
 2  74  54  64   9   1   0 0.25  0.0    0 15.6 29 250   M    M   2 1      35 250
 3  68  52  60   5   5   0 0.29  0.0    0 10.3 45 230   M    M   5 1      53 230
 4  54  40  47  -8  18   0 0.41    M    0 26.1 43  50   M    M   8 12     48  50
 5  50  40  45  -9  20   0    T    M    0 18.1 29  60   M    M  10 12     31  60
 6  52  42  47  -7  18   0 0.05    M    0 22.3 37  50   M    M   7 1      43  40
 7  60  38  49  -4  16   0 0.00  0.0    0 20.8 36 240   M    M   0        41 250
 8  57  46  52  -1  13   0 0.00  0.0    0 25.9 61  40   M    M   0 8      68  40
 9  64  39  52   0  13   0 0.00  0.0    0 26.9 41 250   M    M   0        47 250
10  70  46  58   6   7   0 0.00  0.0    0 30.8 56 250   M    M   0        65 230
11  57  30  44  -8  21   0 0.00  0.0    0 26.4 41  70   M    M   0 8      44  70
12  31  20  26 -25  39   0 0.00  0.0    0 41.0 51  50   M    M   2 8      54  60
13  29  15  22 -29  43   0 0.00  0.0    0 25.3 43  50   M    M   8 8      46  50
14  57  20  39 -11  26   0 0.00  0.0    0 14.5 25 230   M    M   1        28 240
15  65  42  54   4  11   0 0.00  0.0    0 30.8 49 250   M    M   0        57 250
16  51  17  34 -15  31   0 0.01    M    0 28.8 45  70   M    M   5 12     47  70
17  44  17  31 -18  34   0 0.00  0.0    0 14.2 32  60   M    M   1 12     33  60
18  51  27  39  -9  26   0 0.00  0.0    0 16.8 31 250   M    M   0        43 220
19  58  32  45  -3  20   0 0.00  0.0    0 19.5 29 230   M    M   0        34 250
20  63  39  51   3  14   0 0.00  0.0    0 19.3 33 250   M    M   0        38 240
21  68  46  57  10   8   0 0.00  0.0    0 13.5 28  40   M    M   0        29  40
22  64  44  54   7  11   0    T    M    0 19.1 44 250   M    M   4 128    52 260
23  60  33  47   1  18   0 0.00  0.0    0 32.8 54 250   M    M   0 8      63 250
24  53  31  42  -4  23   0 0.00  0.0    0 17.4 44 260   M    M   1 8      49 260
25  50  29  40  -6  25   0 0.00  0.0    0 23.9 39 230   M    M   1        45 240
26  61  34  48   3  17   0 0.00  0.0    0 21.1 39 250   M    M   0        43 260
================================================================================
SM 1482  918       485   0  1.01     0.0 576.8          M       58
================================================================================
AV 57.0 35.3                              22.2 FASTST   M    M   2    MAX(MPH)
                                 MISC ---->  # 61  40               # 68   40
================================================================================
NOTES:
# LAST OF SEVERAL OCCURRENCES

COLUMN 17 PEAK WIND IN M.P.H.

PRELIMINARY LOCAL CLIMATOLOGICAL DATA (WS FORM: F-6) , PAGE 2

                                          STATION:  Guadalupe Pass
                                          MONTH:    NOVEMBER
                                          YEAR:     2014
                                          LATITUDE:   31 49 N
                                          LONGITUDE: 104 48 W

[TEMPERATURE DATA]      [PRECIPITATION DATA]       SYMBOLS USED IN COLUMN 16

AVERAGE MONTHLY: 46.2   TOTAL FOR MONTH:   1.01    1 = FOG OR MIST
DPTR FM NORMAL:  -4.3   DPTR FM NORMAL:    0.58    2 = FOG REDUCING VISIBILITY
HIGHEST:    74 ON  2    GRTST 24HR  0.64 ON  3- 4      TO 1/4 MILE OR LESS
LOWEST:     15 ON 13                               3 = THUNDER
                        SNOW, ICE PELLETS, HAIL    4 = ICE PELLETS
                        TOTAL MONTH:   0.0 INCH    5 = HAIL
                        GRTST 24HR     0.0         6 = FREEZING RAIN OR DRIZZLE
                        GRTST DEPTH:   0           7 = DUSTSTORM OR SANDSTORM:
                                                       VSBY 1/2 MILE OR LESS
                                                   8 = SMOKE OR HAZE
[NO. OF DAYS WITH]      [WEATHER - DAYS WITH]      9 = BLOWING SNOW
                                                   X = TORNADO
MAX 32 OR BELOW:   2    0.01 INCH OR MORE:   5
MAX 90 OR ABOVE:   0    0.10 INCH OR MORE:   3
MIN 32 OR BELOW:  10    0.50 INCH OR MORE:   0
MIN  0 OR BELOW:   0    1.00 INCH OR MORE:   0

[HDD (BASE 65) ]
TOTAL THIS MO.   485    CLEAR  (SCALE 0-3)  18
DPTR FM NORMAL   106    PTCLDY (SCALE 4-7)   7
TOTAL FM JUL 1   626    CLOUDY (SCALE 8-10)  1
DPTR FM NORMAL    54

[CDD (BASE 65) ]
TOTAL THIS MO.     0
DPTR FM NORMAL     0    [PRESSURE DATA]
TOTAL FM JAN 1  1620    HIGHEST SLP M ON M
DPTR FM NORMAL   181    LOWEST  SLP 29.59 ON 23

[REMARKS]
