000
CXUS51 KPHI 280800
CF6GED
PRELIMINARY LOCAL CLIMATOLOGICAL DATA (WS FORM: F-6)

                                          STATION:   GEORGETOWN DE
                                          MONTH:     JULY
                                          YEAR:      2015
                                          LATITUDE:   38 41 N
                                          LONGITUDE:  75 22 W

  TEMPERATURE IN F:       :PCPN:    SNOW:  WIND      :SUNSHINE: SKY     :PK WND
================================================================================
1   2   3   4   5  6A  6B    7    8   9   10  11  12  13   14  15   16   17  18
                                     12Z  AVG MX 2MIN
DY MAX MIN AVG DEP HDD CDD  WTR  SNW DPTH SPD SPD DIR MIN PSBL S-S WX    SPD DR
================================================================================

 1  86  69  78   2   0  13 0.00    M    M  7.0 16 240   M    M   4        22 240
 2  75  66  71  -5   0   6 0.79    M    M  5.1 22  50   M    M   5 138    29  50
 3  81  62  72  -4   0   7 0.00    M    M  4.3 14 120   M    M   2 128    17 120
 4  80  68  74  -2   0   9 0.02    M    M  6.5 14 130   M    M   6        16 100
 5  84  66  75  -1   0  10 0.00    M    M  3.3 14 110   M    M   4 1      17 110
 6  88  71  80   4   0  15 1.05    M    M  6.2 25 200   M    M   3 123    33 210
 7  89  74  82   5   0  17 0.00    M    M  8.2 18 210   M    M   2        23 210
 8  90  75  83   6   0  18 0.05    M    M  6.9 17 230   M    M   1 18     23 240
 9  89  73  81   4   0  16 0.00    M    M  6.9 15 190   M    M   4 3      21 190
10  84  71  78   1   0  13 0.00    M    M  6.4 14 290   M    M   1        22 310
11  82  66  74  -3   0   9 0.01    M    M  2.5  8 190   M    M   5 1      11 200
12  84  63  74  -3   0   9 0.00    M    M  2.3 12 110   M    M   0 1      14 120
13  84  66  75  -2   0  10    T    M    M  3.8 15 120   M    M   5 13     19 120
14  84  73  79   2   0  14 0.02    M    M  7.9 18 210   M    M   4 1      23 210
15  78  69  74  -3   0   9 0.12    M    M  5.3 13 280   M    M   5 1      20 280
16  79  62  71  -6   0   6 0.00    M    M  6.0 15  30   M    M   5        20  40
17  83  59  71  -6   0   6 0.00    M    M  5.1 14 160   M    M   2        19 140
18  89  70  80   3   0  15 0.00    M    M  8.4 15 210   M    M   3 3      19 200
19  94  72  83   6   0  18 0.00    M    M  5.8 15 230   M    M   1        23 220
20  93  76  85   8   0  20 0.00    M    M  5.5 13 110   M    M   2 13     15 110
21  91  74  83   6   0  18 0.66    M    M  3.5 13 140   M    M   2 138    19 230
22  84  65  75  -2   0  10 0.00    M    M  5.2 13 270   M    M   0        17 260
23  83  63  73  -4   0   8 0.00    M    M  3.4 14 280   M    M   1        20 280
24  87  60  74  -3   0   9 0.00    M    M  2.8 12  30   M    M   0        16 340
25  88  60  74  -3   0   9 0.00    M    M  4.0 15 160   M    M   1        18 180
26  89  65  77   0   0  12 0.00    M    M  8.1 16 160   M    M   2        22 150
27  85  70  78   1   0  13 0.58    M    M  6.5 14 180   M    M   5 13     19 180
================================================================================
SM 2303 1828         0 319  3.30    M    146.9          M       75
================================================================================
AV 85.3 67.7                               5.4 FASTST   M    M   3    MAX(MPH)
                                 MISC ---->  # 25 200               # 33  210
================================================================================
NOTES:
# LAST OF SEVERAL OCCURRENCES

COLUMN 17 PEAK WIND IN M.P.H.

PRELIMINARY LOCAL CLIMATOLOGICAL DATA (WS FORM: F-6) , PAGE 2

                                          STATION:  GEORGETOWN DE
                                          MONTH:    JULY
                                          YEAR:     2015
                                          LATITUDE:   38 41 N
                                          LONGITUDE:  75 22 W

[TEMPERATURE DATA]      [PRECIPITATION DATA]       SYMBOLS USED IN COLUMN 16

AVERAGE MONTHLY: 76.5   TOTAL FOR MONTH:   3.30    1 = FOG OR MIST
DPTR FM NORMAL:  -0.3   DPTR FM NORMAL:   -0.34    2 = FOG REDUCING VISIBILITY
HIGHEST:    94 ON 19    GRTST 24HR  1.05 ON  6- 6      TO 1/4 MILE OR LESS
LOWEST:     59 ON 17                               3 = THUNDER
                        SNOW, ICE PELLETS, HAIL    4 = ICE PELLETS
                        TOTAL MONTH:    M          5 = HAIL
                        GRTST 24HR    M  ON   M    6 = FREEZING RAIN OR DRIZZLE
                        GRTST DEPTH:  M  ON   M    7 = DUSTSTORM OR SANDSTORM:
                                                       VSBY 1/2 MILE OR LESS
                                                   8 = SMOKE OR HAZE
[NO. OF DAYS WITH]      [WEATHER - DAYS WITH]      9 = BLOWING SNOW
                                                   X = TORNADO
MAX 32 OR BELOW:   0    0.01 INCH OR MORE:   9
MAX 90 OR ABOVE:   4    0.10 INCH OR MORE:   5
MIN 32 OR BELOW:   0    0.50 INCH OR MORE:   4
MIN  0 OR BELOW:   0    1.00 INCH OR MORE:   1

[HDD (BASE 65) ]
TOTAL THIS MO.     0    CLEAR  (SCALE 0-3)  16
DPTR FM NORMAL     0    PTCLDY (SCALE 4-7)  11
TOTAL FM JUL 1     0    CLOUDY (SCALE 8-10)  0
DPTR FM NORMAL     0

[CDD (BASE 65) ]
TOTAL THIS MO.   319
DPTR FM NORMAL     0    [PRESSURE DATA]
TOTAL FM JAN 1   787    HIGHEST SLP M ON M
DPTR FM NORMAL   135    LOWEST  SLP 29.53 ON 15

[REMARKS]
