000
CXUS51 KPHI 180800
CF6GED
PRELIMINARY LOCAL CLIMATOLOGICAL DATA (WS FORM: F-6)

                                          STATION:   GEORGETOWN DE
                                          MONTH:     APRIL
                                          YEAR:      2014
                                          LATITUDE:   38 41 N
                                          LONGITUDE:  75 22 W

  TEMPERATURE IN F:       :PCPN:    SNOW:  WIND      :SUNSHINE: SKY     :PK WND
================================================================================
1   2   3   4   5  6A  6B    7    8   9   10  11  12  13   14  15   16   17  18
                                     12Z  AVG MX 2MIN
DY MAX MIN AVG DEP HDD CDD  WTR  SNW DPTH SPD SPD DIR MIN PSBL S-S WX    SPD DR
================================================================================

 1  60  36  48  -2  17   0 0.00    M    M  6.4 13 140   M    M   0        15 140
 2  67  41  54   4  11   0 0.00    M    M  4.3 15  40   M    M   2 1      20  10
 3  66  48  57   7   8   0 0.01    M    M  5.6 16  60   M    M   5 18     27  90
 4  55  47  51   0  14   0 0.01    M    M  9.4 20  70   M    M  10 18     27  70
 5  61  44  53   2  12   0    T    M    M  7.3 18 290   M    M   3 18     28 300
 6  59  33  46  -5  19   0 0.00    M    M  4.2 15 150   M    M   0        18 160
 7  60  34  47  -5  18   0 0.33    M    M  7.9 25 120   M    M   7 1      34 110
 8  67  53  60   8   5   0 0.08    M    M  9.8 20 240   M    M   5 1      25 230
 9  66  41  54   2  11   0 0.00    M    M  5.1 17 290   M    M   1        26 340
10  69  37  53   1  12   0 0.00    M    M  9.2 22 220   M    M   0        26 230
11  81  56  69  16   0   4 0.00    M    M 10.3 21 200   M    M   0        27 210
12  73  51  62   9   3   0 0.00    M    M  5.8 16 140   M    M   1        22 110
13  83  51  67  14   0   2 0.00    M    M 13.6 25 220   M    M   0 1      32 190
14  80  61  71  17   0   6 0.00    M    M 15.4 29 210   M    M   1        36 220
15  69  35  52  -2  13   0 1.54    M    M 15.4 26 190   M    M  10 1      36 200
16  49  34  42 -12  23   0 0.02    M    M  8.5 20  10   M    M   0 1      26 360
17  50  31  41 -13  24   0 0.00    M    M  9.9 20  80   M    M   6        25  40
================================================================================
SM 1115  733       190  12  1.99    M    148.1          M       51
================================================================================
AV 65.6 43.1                               8.7 FASTST   M    M   3    MAX(MPH)
                                 MISC ---->  # 29 210               # 36  220
================================================================================
NOTES:
# LAST OF SEVERAL OCCURRENCES

COLUMN 17 PEAK WIND IN M.P.H.

PRELIMINARY LOCAL CLIMATOLOGICAL DATA (WS FORM: F-6) , PAGE 2

                                          STATION:  GEORGETOWN DE
                                          MONTH:    APRIL
                                          YEAR:     2014
                                          LATITUDE:   38 41 N
                                          LONGITUDE:  75 22 W

[TEMPERATURE DATA]      [PRECIPITATION DATA]       SYMBOLS USED IN COLUMN 16

AVERAGE MONTHLY: 54.4   TOTAL FOR MONTH:   1.99    1 = FOG OR MIST
DPTR FM NORMAL:   2.2   DPTR FM NORMAL:   -0.25    2 = FOG REDUCING VISIBILITY
HIGHEST:    83 ON 13    GRTST 24HR  1.56 ON 15-16      TO 1/4 MILE OR LESS
LOWEST:     31 ON 17                               3 = THUNDER
                        SNOW, ICE PELLETS, HAIL    4 = ICE PELLETS
                        TOTAL MONTH:    M          5 = HAIL
                        GRTST 24HR    M  ON   M    6 = FREEZING RAIN OR DRIZZLE
                        GRTST DEPTH:  M  ON   M    7 = DUSTSTORM OR SANDSTORM:
                                                       VSBY 1/2 MILE OR LESS
                                                   8 = SMOKE OR HAZE
[NO. OF DAYS WITH]      [WEATHER - DAYS WITH]      9 = BLOWING SNOW
                                                   X = TORNADO
MAX 32 OR BELOW:   0    0.01 INCH OR MORE:   6
MAX 90 OR ABOVE:   0    0.10 INCH OR MORE:   2
MIN 32 OR BELOW:   1    0.50 INCH OR MORE:   1
MIN  0 OR BELOW:   0    1.00 INCH OR MORE:   1

[HDD (BASE 65) ]
TOTAL THIS MO.   190    CLEAR  (SCALE 0-3)  10
DPTR FM NORMAL   -37    PTCLDY (SCALE 4-7)   5
TOTAL FM JUL 1  4285    CLOUDY (SCALE 8-10)  2
DPTR FM NORMAL   146

[CDD (BASE 65) ]
TOTAL THIS MO.    12
DPTR FM NORMAL     5    [PRESSURE DATA]
TOTAL FM JAN 1    12    HIGHEST SLP M ON M
DPTR FM NORMAL     3    LOWEST  SLP 29.46 ON  8

[REMARKS]
