000
CXUS56 KOTX 300900
CF6GEG
PRELIMINARY LOCAL CLIMATOLOGICAL DATA (WS FORM: F-6)

                                          STATION:   SPOKANE WA AIRPORT
                                          MONTH:     SEPTEMBER
                                          YEAR:      2016
                                          LATITUDE:   47 37 N
                                          LONGITUDE: 117 32 W

  TEMPERATURE IN F:       :PCPN:    SNOW:  WIND      :SUNSHINE: SKY     :PK WND
================================================================================
1   2   3   4   5  6A  6B    7    8   9   10  11  12  13   14  15   16   17  18
                                     12Z  AVG MX 2MIN
DY MAX MIN AVG DEP HDD CDD  WTR  SNW DPTH SPD SPD DIR MIN PSBL S-S WX    SPD DR
================================================================================

 1  73  54  64  -1   1   0    T  0.0    0 12.2 25 280   M    M   8        30 280
 2  68  50  59  -6   6   0 0.08  0.0    0 10.9 28 270   M    M   8 13     33 270
 3  68  45  57  -8   8   0 0.00  0.0    0  4.1 12 280   M    M   4        17 270
 4  73  44  59  -5   6   0    T    M    0  5.1 13 280   M    M   3        17  20
 5  70  42  56  -8   9   0 0.00  0.0    0  9.5 23 260   M    M   5        31 270
 6  59  50  55  -9  10   0    T  0.0    0  7.6 14 180   M    M   9        17 150
 7  71  51  61  -2   4   0    T  0.0    0  9.5 24 220   M    M   9        27 230
 8  72  45  59  -4   6   0    T  0.0    0 10.2 32 360   M    M   4        42 340
 9  71  41  56  -7   9   0 0.00  0.0    0  5.3 14 240   M    M   4 1      18 230
10  81  49  65   3   0   0 0.00  0.0    0 12.5 24 230   M    M   3        29 230
11  72  49  61  -1   4   0 0.00  0.0    0 11.9 22  70   M    M   4        30 340
12  66  45  56  -6   9   0 0.00  0.0    0 14.2 24  20   M    M   1        32  30
13  71  41  56  -5   9   0 0.00  0.0    0  6.1 13  20   M    M   1        19 360
14  77  41  59  -2   6   0 0.00  0.0    0  5.4 14 330   M    M   1        17 310
15  78  49  64   4   1   0 0.00  0.0    0  6.2 13 290   M    M   1        17 220
16  81  52  67   7   0   2 0.00  0.0    0  9.5 22 240   M    M   5        27 230
17  68  54  61   1   4   0 0.11  0.0    0 16.2 28 210   M    M   8 1      37 220
18  68  48  58  -1   7   0 0.00  0.0    0 12.0 24 240   M    M   5        32 250
19  64  46  55  -4  10   0 0.00  0.0    0 10.5 21 220   M    M   7        25 230
20  66  43  55  -4  10   0 0.00  0.0    0  3.7  9 350   M    M   6        12 340
21  67  40  54  -4  11   0 0.00  0.0    0  6.8 15  40   M    M   6        19  60
22  67  52  60   2   5   0 0.00  0.0    0  7.6 17  10   M    M   8        20  10
23  64  46  55  -2  10   0 0.01    M    0 10.2 24 240   M    M   8        28 240
24  66  41  54  -3  11   0 0.00  0.0    0  7.5 16 260   M    M   6 12     22 260
25  74  52  63   6   2   0    T  0.0    0  6.7 14 210   M    M   5        23 230
26  83  50  67  11   0   2 0.00  0.0    0  6.6 14  70   M    M   4        18  60
27  80  51  66  10   0   1 0.00  0.0    0  7.9 17 250   M    M   2        23 210
28  81  51  66  11   0   1 0.00  0.0    0  4.2 10  60   M    M   2        12  40
29  80  52  66  11   0   1    T  0.0    0  4.5 17 220   M    M   7        20 220
================================================================================
SM 2079 1374       158   7  0.20     0.0 244.6          M      144
================================================================================
AV 71.7 47.4                               8.4 FASTST   M    M   5    MAX(MPH)
                                 MISC ---->  # 32 360               # 42  340
================================================================================
NOTES:
# LAST OF SEVERAL OCCURRENCES

COLUMN 17 PEAK WIND IN M.P.H.

PRELIMINARY LOCAL CLIMATOLOGICAL DATA (WS FORM: F-6) , PAGE 2

                                          STATION:  SPOKANE WA AIRPORT
                                          MONTH:    SEPTEMBER
                                          YEAR:     2016
                                          LATITUDE:   47 37 N
                                          LONGITUDE: 117 32 W

[TEMPERATURE DATA]      [PRECIPITATION DATA]       SYMBOLS USED IN COLUMN 16

AVERAGE MONTHLY: 59.5   TOTAL FOR MONTH:   0.20    1 = FOG OR MIST
DPTR FM NORMAL:  -0.8   DPTR FM NORMAL:   -0.45    2 = FOG REDUCING VISIBILITY
HIGHEST:    83 ON 26    GRTST 24HR  0.11 ON 17-17      TO 1/4 MILE OR LESS
LOWEST:     40 ON 21                               3 = THUNDER
                        SNOW, ICE PELLETS, HAIL    4 = ICE PELLETS
                        TOTAL MONTH:   0.0 INCH    5 = HAIL
                        GRTST 24HR     0.0         6 = FREEZING RAIN OR DRIZZLE
                        GRTST DEPTH:   0           7 = DUSTSTORM OR SANDSTORM:
                                                       VSBY 1/2 MILE OR LESS
                                                   8 = SMOKE OR HAZE
[NO. OF DAYS WITH]      [WEATHER - DAYS WITH]      9 = BLOWING SNOW
                                                   X = TORNADO
MAX 32 OR BELOW:   0    0.01 INCH OR MORE:   3
MAX 90 OR ABOVE:   0    0.10 INCH OR MORE:   1
MIN 32 OR BELOW:   0    0.50 INCH OR MORE:   0
MIN  0 OR BELOW:   0    1.00 INCH OR MORE:   0

[HDD (BASE 65) ]
TOTAL THIS MO.   158    CLEAR  (SCALE 0-3)   8
DPTR FM NORMAL   -16    PTCLDY (SCALE 4-7)  17
TOTAL FM JUL 1   188    CLOUDY (SCALE 8-10)  4
DPTR FM NORMAL   -51

[CDD (BASE 65) ]
TOTAL THIS MO.     7
DPTR FM NORMAL   -30    [PRESSURE DATA]
TOTAL FM JAN 1   494    HIGHEST SLP M ON M
DPTR FM NORMAL    46    LOWEST  SLP  0.00 ON M

[REMARKS]
