000
CXUS55 KRIW 010945
CF6GEY
PRELIMINARY LOCAL CLIMATOLOGICAL DATA (WS FORM: F-6)

                                          STATION:   GREYBULL WY
                                          MONTH:     JUNE
                                          YEAR:      2015
                                          LATITUDE:   44 30 N
                                          LONGITUDE: 108  4 W

  TEMPERATURE IN F:       :PCPN:    SNOW:  WIND      :SUNSHINE: SKY     :PK WND
================================================================================
1   2   3   4   5  6A  6B    7    8   9   10  11  12  13   14  15   16   17  18
                                     12Z  AVG MX 2MIN
DY MAX MIN AVG DEP HDD CDD  WTR  SNW DPTH SPD SPD DIR MIN PSBL S-S WX    SPD DR
================================================================================

 1  87  57  72  10   0   7 0.10  0.0    0  9.6 43 290   M    M   2 3      54 300
 2  83  49  66   4   0   1 0.02  0.0    0  5.6 29 320   M    M   2 3      36 230
 3  81  50  66   4   0   1    T  0.0    0  6.6 31 290   M    M   0 3      37 290
 4  78  52  65   3   0   0 0.00  0.0    0  7.9 25 330   M    M   1        30 330
 5  81  55  68   5   0   3 0.01  0.0    0  8.6 29 100   M    M   2 3      35  90
 6  80  54  67   4   0   2    T  0.0    0  6.0 17 210   M    M   5 3      20 320
 7  85  54  70   6   0   5 0.00  0.0    0  6.9 17 190   M    M   1        23 350
 8  90  56  73   9   0   8 0.00  0.0    0  4.1 10 110   M    M   1        17 170
 9  95  61  78  14   0  13    T  0.0    0  5.1 16 100   M    M   1 3      19 100
10  89  62  76  12   0  11    T  0.0    0  9.5 45 330   M    M   4 3      55 320
11  86  57  72   7   0   7 0.00  0.0    0  8.6 25 350   M    M   1        31 330
12  92  57  75  10   0  10 0.00  0.0    0  9.6 29 330   M    M   0 3      34 350
13  86  62  74   9   0   9 0.00  0.0    0 10.3 24 330   M    M   0 3      27 320
14  77  55  66   0   0   1    T  0.0    0 15.0 25 330   M    M   2        30 320
15  78  57  68   2   0   3 0.12  0.0    0  7.6 25 310   M    M   5 13     30 310
16  74  55  65  -1   0   0    T  0.0    0  7.0 14 310   M    M   3        23 290
17  89  57  73   6   0   8 0.00  0.0    0  8.6 22 340   M    M   1        26 330
18  92  57  75   8   0  10 0.00  0.0    0  8.1 24 320   M    M   0        29 310
19  96  58  77  10   0  12 0.00  0.0    0 10.6 30 330   M    M   0        36 340
20  86  62  74   6   0   9 0.00  0.0    0  9.6 22 340   M    M   1        26 300
21  92  56  74   6   0   9 0.00  0.0    0  9.2 37 320   M    M   0        44 320
22  86  56  71   3   0   6 0.00  0.0    0  9.2 24 320   M    M   1        30 320
23  90  56  73   4   0   8 0.00  0.0    0  5.7 17 360   M    M   0        22 360
24  89  61  75   6   0  10 0.00  0.0    0 10.6 23 320   M    M   0        30 310
25  90  63  77   8   0  12 0.00  0.0    0  9.9 28 330   M    M   0        33 330
26  93  57  75   5   0  10 0.00  0.0    0  4.8 15  10   M    M   0        19  10
27 101  63  82  12   0  17 0.00  0.0    0  5.8 16 250   M    M   0        19 320
28 101  64  83  13   0  18 0.00  0.0    0  5.9 21 350   M    M   0        26  10
29  99  63  81  11   0  16 0.00  0.0    0  6.9 35 330   M    M   0        41 330
30  97  70  84  13   0  19    T  0.0    0  8.7 25 300   M    M   1        34 350
================================================================================
SM 2643 1736         0 245  0.25     0.0 241.6          M       34
================================================================================
AV 88.1 57.9                               8.1 FASTST   M    M   1    MAX(MPH)
                                 MISC ---->  # 45 330               # 55  320
================================================================================
NOTES:
# LAST OF SEVERAL OCCURRENCES

COLUMN 17 PEAK WIND IN M.P.H.

PRELIMINARY LOCAL CLIMATOLOGICAL DATA (WS FORM: F-6) , PAGE 2

                                          STATION:  GREYBULL WY
                                          MONTH:    JUNE
                                          YEAR:     2015
                                          LATITUDE:   44 30 N
                                          LONGITUDE: 108  4 W

[TEMPERATURE DATA]      [PRECIPITATION DATA]       SYMBOLS USED IN COLUMN 16

AVERAGE MONTHLY: 73.0   TOTAL FOR MONTH:   0.25    1 = FOG OR MIST
DPTR FM NORMAL:   6.8   DPTR FM NORMAL:   -0.95    2 = FOG REDUCING VISIBILITY
HIGHEST:   101 ON 28,27 GRTST 24HR  0.16 ON 31- 1      TO 1/4 MILE OR LESS
LOWEST:     49 ON  2                               3 = THUNDER
                        SNOW, ICE PELLETS, HAIL    4 = ICE PELLETS
                        TOTAL MONTH:   0.0 INCH    5 = HAIL
                        GRTST 24HR     0.0         6 = FREEZING RAIN OR DRIZZLE
                        GRTST DEPTH:   0           7 = DUSTSTORM OR SANDSTORM:
                                                       VSBY 1/2 MILE OR LESS
                                                   8 = SMOKE OR HAZE
[NO. OF DAYS WITH]      [WEATHER - DAYS WITH]      9 = BLOWING SNOW
                                                   X = TORNADO
MAX 32 OR BELOW:   0    0.01 INCH OR MORE:   4
MAX 90 OR ABOVE:  13    0.10 INCH OR MORE:   2
MIN 32 OR BELOW:   0    0.50 INCH OR MORE:   0
MIN  0 OR BELOW:   0    1.00 INCH OR MORE:   0

[HDD (BASE 65) ]
TOTAL THIS MO.     0    CLEAR  (SCALE 0-3)  26
DPTR FM NORMAL   -70    PTCLDY (SCALE 4-7)   4
TOTAL FM JUL 1  7119    CLOUDY (SCALE 8-10)  0
DPTR FM NORMAL  -631

[CDD (BASE 65) ]
TOTAL THIS MO.   245
DPTR FM NORMAL   139    [PRESSURE DATA]
TOTAL FM JAN 1   250    HIGHEST SLP 30.15 ON 26
DPTR FM NORMAL   124    LOWEST  SLP 29.55 ON 12

[REMARKS]
#FINAL-06-15#
