000
CXUS55 KRIW 290945
CF6GEY
PRELIMINARY LOCAL CLIMATOLOGICAL DATA (WS FORM: F-6)

                                          STATION:   GREYBULL WY
                                          MONTH:     APRIL
                                          YEAR:      2017
                                          LATITUDE:   44 30 N
                                          LONGITUDE: 108  4 W

  TEMPERATURE IN F:       :PCPN:    SNOW:  WIND      :SUNSHINE: SKY     :PK WND
================================================================================
1   2   3   4   5  6A  6B    7    8   9   10  11  12  13   14  15   16   17  18
                                     12Z  AVG MX 2MIN
DY MAX MIN AVG DEP HDD CDD  WTR  SNW DPTH SPD SPD DIR MIN PSBL S-S WX    SPD DR
================================================================================

 1  59  30  45   3  20   0 0.00    M    M  6.5 18 140   M    M   1 12     24 140
 2  48  38  43   1  22   0 0.08    M    M  8.9 21 290   M    M   8        24 310
 3  48  33  41  -2  24   0    T    M    M 17.3 31 330   M    M   5 1      37 320
 4  48  32  40  -3  25   0 0.00  0.0    M 12.5 25 320   M    M   2        31 330
 5  56  27  42  -1  23   0 0.00  0.0    M  5.4 14 150   M    M   5        17 170
 6  68  33  51   7  14   0 0.00  0.0    M  8.8 20 140   M    M   0        26 150
 7  73  38  56  12   9   0 0.00  0.0    M  6.5 21 270   M    M   1        27 270
 8  61  43  52   8  13   0    T    M    M  9.6 25 150   M    M   6        31 160
 9  44  34  39  -5  26   0 0.15    M    M 23.1 48 320   M    M   8 1      57 320
10  53  30  42  -3  23   0 0.00  0.0    M  7.4 18 130   M    M   3        22 130
11  60  32  46   1  19   0    T    M    M  5.2 15 130   M    M   4        19 150
12  67  39  53   8  12   0    T    M    M  7.1 20 140   M    M   1        25 130
13  80  42  61  15   4   0 0.00  0.0    M 12.0 29 150   M    M   0        36 150
14  63  47  55   9  10   0 0.00    M    M 12.9 25 330   M    M   4        28 320
15  57  36  47   1  18   0 0.00    M    M  9.8 22 300   M    M   2        31 290
16  61  29  45  -1  20   0 0.00    M    M  4.3 14 330   M    M   0        17 320
17  72  38  55   8  10   0    T    M    M  9.5 51 330   M    M   2        61 330
18  66  37  52   5  13   0 0.00    M    M  4.3 17 300   M    M   3        22 300
19  63  39  51   4  14   0    T    M    M 12.2 29 330   M    M   4        35 330
20  66  30  48   0  17   0 0.00  0.0    M  8.1 22 140   M    M   1        30 150
21  53  41  47  -1  18   0 0.19    M    M 18.2 32 320   M    M  10 3      38 320
22  57  37  47  -1  18   0 0.00  0.0    M  9.1 23 150   M    M   5        28 130
23  71  36  54   5  11   0    T    M    M  8.5 30 330   M    M   2        37 330
24  62  40  51   2  14   0 0.05    M    M 10.6 32 250   M    M   4 1      41 250
25  51  37  44  -5  21   0    T    M    M 20.5 37 330   M    M   6        44 330
26  57  32  45  -5  20   0 0.02    M    M  5.4 29 270   M    M   7        38 280
27  55  39  47  -3  18   0 0.02    M    M 22.8 37 320   M    M   7        43 320
28  47  38  43  -7  22   0 0.00  0.0    M 14.7 28 330   M    M  10        35 330
================================================================================
SM 1666 1007       478   0  0.51     0.0 301.2          M      111
================================================================================
AV 59.5 36.0                              10.8 FASTST   M    M   4    MAX(MPH)
                                 MISC ---->  # 51 330               # 61  330
================================================================================
NOTES:
# LAST OF SEVERAL OCCURRENCES

COLUMN 17 PEAK WIND IN M.P.H.

PRELIMINARY LOCAL CLIMATOLOGICAL DATA (WS FORM: F-6) , PAGE 2

                                          STATION:  GREYBULL WY
                                          MONTH:    APRIL
                                          YEAR:     2017
                                          LATITUDE:   44 30 N
                                          LONGITUDE: 108  4 W

[TEMPERATURE DATA]      [PRECIPITATION DATA]       SYMBOLS USED IN COLUMN 16

AVERAGE MONTHLY: 47.7   TOTAL FOR MONTH:   0.51    1 = FOG OR MIST
DPTR FM NORMAL:   1.7   DPTR FM NORMAL:   -0.14    2 = FOG REDUCING VISIBILITY
HIGHEST:    80 ON 13    GRTST 24HR  0.19 ON 21-21      TO 1/4 MILE OR LESS
LOWEST:     27 ON  5                               3 = THUNDER
                        SNOW, ICE PELLETS, HAIL    4 = ICE PELLETS
                        TOTAL MONTH:   0.0 INCH    5 = HAIL
                        GRTST 24HR     0.0         6 = FREEZING RAIN OR DRIZZLE
                        GRTST DEPTH:  M  ON   M    7 = DUSTSTORM OR SANDSTORM:
                                                       VSBY 1/2 MILE OR LESS
                                                   8 = SMOKE OR HAZE
[NO. OF DAYS WITH]      [WEATHER - DAYS WITH]      9 = BLOWING SNOW
                                                   X = TORNADO
MAX 32 OR BELOW:   0    0.01 INCH OR MORE:   6
MAX 90 OR ABOVE:   0    0.10 INCH OR MORE:   2
MIN 32 OR BELOW:   8    0.50 INCH OR MORE:   0
MIN  0 OR BELOW:   0    1.00 INCH OR MORE:   0

[HDD (BASE 65) ]
TOTAL THIS MO.   478    CLEAR  (SCALE 0-3)  13
DPTR FM NORMAL   -51    PTCLDY (SCALE 4-7)  12
TOTAL FM JUL 1  7163    CLOUDY (SCALE 8-10)  3
DPTR FM NORMAL  -208

[CDD (BASE 65) ]
TOTAL THIS MO.     0
DPTR FM NORMAL     0    [PRESSURE DATA]
TOTAL FM JAN 1     0    HIGHEST SLP M ON M
DPTR FM NORMAL     0    LOWEST  SLP 29.35 ON 13

[REMARKS]
