000
CXUS53 KIND 240730
CF6GEZ
PRELIMINARY LOCAL CLIMATOLOGICAL DATA (WS FORM: F-6)

                                          STATION:   SHELBYVILLE IN
                                          MONTH:     SEPTEMBER
                                          YEAR:      2017
                                          LATITUDE:   39 35 N
                                          LONGITUDE:  85 48 W

  TEMPERATURE IN F:       :PCPN:    SNOW:  WIND      :SUNSHINE: SKY     :PK WND
================================================================================
1   2   3   4   5  6A  6B    7    8   9   10  11  12  13   14  15   16   17  18
                                     12Z  AVG MX 2MIN
DY MAX MIN AVG DEP HDD CDD  WTR  SNW DPTH SPD SPD DIR MIN PSBL S-S WX    SPD DR
================================================================================

 1  63  56  60 -10   5   0 0.22    M    M 13.3 23  50   M    M   5        30  30
 2  73  56  65  -5   0   0 0.08    M    M  5.2 14  20   M    M   8        19  20
 3  82  57  70   0   0   5 0.00    M    M  4.2 12 290   M    M   4 1      15 250
 4  88  56  72   2   0   7 0.48    M    M 10.8 23 230   M    M   3 123    29 250
 5  73  51  62  -7   3   0    T    M    M  7.8 21 300   M    M   2 13     24 300
 6  68  46  57 -12   8   0 0.02    M    M  5.8 16  10   M    M   5        20 300
 7  69  47  58 -11   7   0 0.00    M    M  5.2 16 250   M    M   3        23 270
 8  78  45  62  -6   3   0 0.00    M    M  3.2  9  50   M    M   1        13 290
 9  74  50  62  -6   3   0 0.00    M    M  7.9 15  80   M    M   4        19  60
10  74  47  61  -7   4   0 0.00    M    M  7.7 15 100   M    M   0        20 100
11  74  45  60  -8   5   0 0.00    M    M  6.5 14  60   M    M   0        18  80
12  71  56  64  -3   1   0 0.04    M    M  9.7 18  70   M    M   4        24  40
13  67  61  64  -3   1   0 0.07    M    M  6.9 15 160   M    M  10        19 160
14  73  54  64  -2   1   0    T    M    M  2.3  7 220   M    M   8 1      11 200
15  84  52  68   2   0   3 0.00    M    M  3.7  8 110   M    M   2 12     11 160
16  86  59  73   7   0   8 0.00    M    M  4.1  9 100   M    M   4 1      12  80
17  87  60  74   9   0   9 0.00    M    M  4.5 10 150   M    M   3        16 240
18  84  67  76  11   0  11 0.45    M    M  4.3 10 180   M    M   6 13     18 110
19  81  64  73   9   0   8 0.40    M    M  4.1 12 200   M    M   6 13     16 190
20  88  63  76  12   0  11 0.00    M    M  5.8 12 160   M    M   4 12     15 170
21  92  66  79  15   0  14 0.00    M    M  3.6 12 210   M    M   1 1      16 210
22  93  67  80  17   0  15 0.00    M    M  3.0 13  30   M    M   2 3      17  30
23  93  63  78  15   0  13 0.00    M    M  3.2 12  90   M    M   0 1      17 130
================================================================================
SM 1815 1288        41 104  1.76    M    132.8          M       85
================================================================================
AV 78.9 56.0                               5.8 FASTST   M    M   4    MAX(MPH)
                                 MISC ---->  # 23  50               # 30   30
================================================================================
NOTES:
# LAST OF SEVERAL OCCURRENCES

COLUMN 17 PEAK WIND IN M.P.H.

PRELIMINARY LOCAL CLIMATOLOGICAL DATA (WS FORM: F-6) , PAGE 2

                                          STATION:  SHELBYVILLE IN
                                          MONTH:    SEPTEMBER
                                          YEAR:     2017
                                          LATITUDE:   39 35 N
                                          LONGITUDE:  85 48 W

[TEMPERATURE DATA]      [PRECIPITATION DATA]       SYMBOLS USED IN COLUMN 16

AVERAGE MONTHLY: 67.5   TOTAL FOR MONTH:   1.76    1 = FOG OR MIST
DPTR FM NORMAL:   0.5   DPTR FM NORMAL:   -0.67    2 = FOG REDUCING VISIBILITY
HIGHEST:    93 ON 23,22 GRTST 24HR  0.48 ON  4- 4      TO 1/4 MILE OR LESS
LOWEST:     45 ON 11, 8                            3 = THUNDER
                        SNOW, ICE PELLETS, HAIL    4 = ICE PELLETS
                        TOTAL MONTH:    M          5 = HAIL
                        GRTST 24HR    M  ON   M    6 = FREEZING RAIN OR DRIZZLE
                        GRTST DEPTH:  M  ON   M    7 = DUSTSTORM OR SANDSTORM:
                                                       VSBY 1/2 MILE OR LESS
                                                   8 = SMOKE OR HAZE
[NO. OF DAYS WITH]      [WEATHER - DAYS WITH]      9 = BLOWING SNOW
                                                   X = TORNADO
MAX 32 OR BELOW:   0    0.01 INCH OR MORE:   8
MAX 90 OR ABOVE:   3    0.10 INCH OR MORE:   4
MIN 32 OR BELOW:   0    0.50 INCH OR MORE:   0
MIN  0 OR BELOW:   0    1.00 INCH OR MORE:   0

[HDD (BASE 65) ]
TOTAL THIS MO.    41    CLEAR  (SCALE 0-3)  11
DPTR FM NORMAL     1    PTCLDY (SCALE 4-7)  11
TOTAL FM JUL 1    41    CLOUDY (SCALE 8-10)  1
DPTR FM NORMAL    -5

[CDD (BASE 65) ]
TOTAL THIS MO.   104
DPTR FM NORMAL    21    [PRESSURE DATA]
TOTAL FM JAN 1  1040    HIGHEST SLP M ON M
DPTR FM NORMAL   151    LOWEST  SLP 29.71 ON  4

[REMARKS]
