000
CXUS53 KFGF 180915
CF6GFK
PRELIMINARY LOCAL CLIMATOLOGICAL DATA (WS FORM: F-6)

                                          STATION:   GRAND FORKS INTL AP ND
                                          MONTH:     FEBRUARY
                                          YEAR:      2018
                                          LATITUDE:   47 57 N
                                          LONGITUDE:  97 11 W

  TEMPERATURE IN F:       :PCPN:    SNOW:  WIND      :SUNSHINE: SKY     :PK WND
================================================================================
1   2   3   4   5  6A  6B    7    8   9   10  11  12  13   14  15   16   17  18
                                     12Z  AVG MX 2MIN
DY MAX MIN AVG DEP HDD CDD  WTR  SNW DPTH SPD SPD DIR MIN PSBL S-S WX    SPD DR
================================================================================

 1   3  -9  -3 -11  68   0 0.00  0.0    5 11.0 23 330   M    M   4        29 330
 2  12  -9   2  -6  63   0 0.01  0.4    4  6.9 18 190   M    M   7        22 180
 3   4 -14  -5 -13  70   0 0.04  0.4    5 16.6 26 350   M    M   9 189    30 350
 4   5 -16  -5 -14  70   0 0.00  0.0    6 13.1 23 260   M    M   2        29 250
 5   9  -9   0  -9  65   0 0.00  0.0    5 11.0 18 300   M    M   3        23 300
 6   8 -14  -3 -12  68   0 0.01  0.3    5  8.2 15 160   M    M   6 1      20 150
 7   6 -14  -4 -13  69   0 0.00  0.0    6  8.6 15 220   M    M   1        18 290
 8   4 -14  -5 -15  70   0 0.00  0.0    6  6.0 10 260   M    M   4        12 310
 9   7 -16  -4 -14  69   0 0.00  0.0    6 11.0 20 240   M    M   0        23 270
10   8 -10  -1 -11  66   0 0.00  0.0    6 11.3 17 210   M    M   5        20 220
11  14 -10   2  -9  63   0    T    T    6 12.7 22 320   M    M   6 189    28 330
12   2 -20  -9 -20  74   0 0.00  0.0    6  8.7 16 170   M    M   3 8      20 170
13  25   2  14   3  51   0    T    T    6 19.6 29 200   M    M   6 18     35 190
14  39  15  27  15  38   0    T  0.2    6 12.4 26 340   M    M   4 1      33 350
15  27  -1  13   1  52   0    T  0.3    5 21.8 39 350   M    M   8 19     49 340
16  27  -2  13   1  52   0 0.00  0.0    5 15.3 26 190   M    M   5        32 180
17  25   5  15   2  50   0    T    T    5 10.1 22 330   M    M   3        28 300
================================================================================
SM  225 -136      1058   0  0.06     1.6 204.3          M       76
================================================================================
AV 13.2 -8.0                              12.0 FASTST   M    M   4    MAX(MPH)
                                 MISC ---->  # 39 350               # 49  340
================================================================================
NOTES:
# LAST OF SEVERAL OCCURRENCES

COLUMN 17 PEAK WIND IN M.P.H.

PRELIMINARY LOCAL CLIMATOLOGICAL DATA (WS FORM: F-6) , PAGE 2

                                          STATION:  GRAND FORKS INTL AP ND
                                          MONTH:    FEBRUARY
                                          YEAR:     2018
                                          LATITUDE:   47 57 N
                                          LONGITUDE:  97 11 W

[TEMPERATURE DATA]      [PRECIPITATION DATA]       SYMBOLS USED IN COLUMN 16

AVERAGE MONTHLY:  2.6   TOTAL FOR MONTH:   0.06    1 = FOG OR MIST
DPTR FM NORMAL:  -7.5   DPTR FM NORMAL:   -0.20    2 = FOG REDUCING VISIBILITY
HIGHEST:    39 ON 14    GRTST 24HR  0.07 ON  5- 6      TO 1/4 MILE OR LESS
LOWEST:    -20 ON 12                               3 = THUNDER
                        SNOW, ICE PELLETS, HAIL    4 = ICE PELLETS
                        TOTAL MONTH:   1.6 INCHES  5 = HAIL
                        GRTST 24HR   0.4 ON   M    6 = FREEZING RAIN OR DRIZZLE
                        GRTST DEPTH:   6 ON 14,13  7 = DUSTSTORM OR SANDSTORM:
                                                       VSBY 1/2 MILE OR LESS
                                                   8 = SMOKE OR HAZE
[NO. OF DAYS WITH]      [WEATHER - DAYS WITH]      9 = BLOWING SNOW
                                                   X = TORNADO
MAX 32 OR BELOW:  16    0.01 INCH OR MORE:   3
MAX 90 OR ABOVE:   0    0.10 INCH OR MORE:   0
MIN 32 OR BELOW:  17    0.50 INCH OR MORE:   0
MIN  0 OR BELOW:  14    1.00 INCH OR MORE:   0

[HDD (BASE 65) ]
TOTAL THIS MO.  1058    CLEAR  (SCALE 0-3)   4
DPTR FM NORMAL   125    PTCLDY (SCALE 4-7)  12
TOTAL FM JUL 1  6395    CLOUDY (SCALE 8-10)  1
DPTR FM NORMAL  -204

[CDD (BASE 65) ]
TOTAL THIS MO.     0
DPTR FM NORMAL     0    [PRESSURE DATA]
TOTAL FM JAN 1     0    HIGHEST SLP M ON M
DPTR FM NORMAL     0    LOWEST  SLP 29.53 ON 14

[REMARKS]
