000
CXUS55 KALY 250710
CF6GFL
PRELIMINARY LOCAL CLIMATOLOGICAL DATA (WS FORM: F-6)

                                          STATION:   GLENS FALLS NY
                                          MONTH:     SEPTEMBER
                                          YEAR:      2017
                                          LATITUDE:   43 20 N
                                          LONGITUDE:  73 37 W

  TEMPERATURE IN F:       :PCPN:    SNOW:  WIND      :SUNSHINE: SKY     :PK WND
================================================================================
1   2   3   4   5  6A  6B    7    8   9   10  11  12  13   14  15   16   17  18
                                     12Z  AVG MX 2MIN
DY MAX MIN AVG DEP HDD CDD  WTR  SNW DPTH SPD SPD DIR MIN PSBL S-S WX    SPD DR
================================================================================

 1  65  39  52 -12  13   0 0.00    M    M  8.0 22 320   M    M   0 1      28 320
 2  70  34  52 -12  13   0 0.00    M    M  1.3  8 110   M    M   1 12     14  80
 3  55  51  53 -10  12   0 1.37    M    M  3.2 10 200   M    M  10 1      14 180
 4  77  47  62  -1   3   0    T    M    M  7.6 18 180   M    M   2 12     25 190
 5  75  58  67   4   0   2 0.04    M    M  5.2 16 360   M    M   5 123    21 360
 6  62  57  60  -2   5   0 0.36    M    M  2.4  9  20   M    M   9 12     11  10
 7  70  51  61  -1   4   0 0.20    M    M  5.5 16 150   M    M   7 13     21 180
 8  66  48  57  -5   8   0 0.16    M    M  4.3 16 300   M    M   5 138    22 290
 9  65  47  56  -5   9   0    T    M    M  4.9 13 320   M    M   8 1      16 330
10  68  45  57  -4   8   0 0.00    M    M  4.3 10  80   M    M   2 1      14  60
11  73  39  56  -4   9   0 0.00    M    M  1.5  7  90   M    M   3 12     10 160
12  76  47  62   2   3   0 0.00    M    M  2.7 12 190   M    M   4 12     15 190
13  77  47  62   2   3   0 0.00    M    M  2.5 10 170   M    M   3 12     14 190
14  78  64  71  12   0   6    T    M    M  2.3 13 160   M    M   9 1      16 160
15  82  61  72  13   0   7    T    M    M  1.7  8 330   M    M   5 12     10  20
16  83  56  70  12   0   5 0.00    M    M  1.2  6 360   M    M   4 12      9 360
17  82  54  68  10   0   3 0.00    M    M  0.9  7 150   M    M   3 12      9 160
18  83  54  69  11   0   4 0.00    M    M  2.7 17 140   M    M   5 128    19 140
19  79  54  67  10   0   2 0.00    M    M  3.5 12  70   M    M   4 12     16  80
20  78  62  70  13   0   5 0.00    M    M  7.0 15  10   M    M   0 1      17  10
21  80  54  67  11   0   2 0.00    M    M  4.8 17  10   M    M   1 12     21  10
22  78  48  63   7   2   0 0.00    M    M  3.6 10  50   M    M   0 1      14  80
23  83  46  65   9   0   0 0.00    M    M  1.1 10  10   M    M   0 1      13  10
24  87  53  70  15   0   5 0.00    M    M  2.0  8 160   M    M   1 12     12 190
================================================================================
SM 1792 1216        92  41  2.13    M     84.2          M       91
================================================================================
AV 74.7 50.7                               3.5 FASTST   M    M   4    MAX(MPH)
                                 MISC ---->  # 22 320               # 28  320
================================================================================
NOTES:
# LAST OF SEVERAL OCCURRENCES

COLUMN 17 PEAK WIND IN M.P.H.

PRELIMINARY LOCAL CLIMATOLOGICAL DATA (WS FORM: F-6) , PAGE 2

                                          STATION:  GLENS FALLS NY
                                          MONTH:    SEPTEMBER
                                          YEAR:     2017
                                          LATITUDE:   43 20 N
                                          LONGITUDE:  73 37 W

[TEMPERATURE DATA]      [PRECIPITATION DATA]       SYMBOLS USED IN COLUMN 16

AVERAGE MONTHLY: 62.7   TOTAL FOR MONTH:   2.13    1 = FOG OR MIST
DPTR FM NORMAL:   2.9   DPTR FM NORMAL:   -0.52    2 = FOG REDUCING VISIBILITY
HIGHEST:    87 ON 24    GRTST 24HR  1.37 ON  3- 3      TO 1/4 MILE OR LESS
LOWEST:     34 ON  2                               3 = THUNDER
                        SNOW, ICE PELLETS, HAIL    4 = ICE PELLETS
                        TOTAL MONTH:    M          5 = HAIL
                        GRTST 24HR    M  ON   M    6 = FREEZING RAIN OR DRIZZLE
                        GRTST DEPTH:  M  ON   M    7 = DUSTSTORM OR SANDSTORM:
                                                       VSBY 1/2 MILE OR LESS
                                                   8 = SMOKE OR HAZE
[NO. OF DAYS WITH]      [WEATHER - DAYS WITH]      9 = BLOWING SNOW
                                                   X = TORNADO
MAX 32 OR BELOW:   0    0.01 INCH OR MORE:   5
MAX 90 OR ABOVE:   0    0.10 INCH OR MORE:   4
MIN 32 OR BELOW:   0    0.50 INCH OR MORE:   1
MIN  0 OR BELOW:   0    1.00 INCH OR MORE:   1

[HDD (BASE 65) ]
TOTAL THIS MO.    92    CLEAR  (SCALE 0-3)  12
DPTR FM NORMAL   -58    PTCLDY (SCALE 4-7)   9
TOTAL FM JUL 1   159    CLOUDY (SCALE 8-10)  3
DPTR FM NORMAL   -57

[CDD (BASE 65) ]
TOTAL THIS MO.    41
DPTR FM NORMAL    18    [PRESSURE DATA]
TOTAL FM JAN 1   355    HIGHEST SLP M ON M
DPTR FM NORMAL     5    LOWEST  SLP 29.66 ON  5

[REMARKS]
