000
CXUS55 KGGW 210800
CF6GGW
PRELIMINARY LOCAL CLIMATOLOGICAL DATA (WS FORM: F-6)

                                          STATION:   GLASGOW MT
                                          MONTH:     SEPTEMBER
                                          YEAR:      2017
                                          LATITUDE:   48 13 N
                                          LONGITUDE: 106 37 W

  TEMPERATURE IN F:       :PCPN:    SNOW:  WIND      :SUNSHINE: SKY     :PK WND
================================================================================
1   2   3   4   5  6A  6B    7    8   9   10  11  12  13   14  15   16   17  18
                                     12Z  AVG MX 2MIN
DY MAX MIN AVG DEP HDD CDD  WTR  SNW DPTH SPD SPD DIR MIN PSBL S-S WX    SPD DR
================================================================================

 1  81  58  70   5   0   5 0.00  0.0    0  8.9 18 340   M    M   1        23 350
 2  92  51  72   8   0   7 0.00  0.0    0  7.8 17 260   M    M   0        30 190
 3  84  59  72   8   0   7 0.00  0.0    0 12.4 23  10   M    M   1 8      30  10
 4  73  47  60  -4   5   0 0.00  0.0    0 13.7 26 330   M    M   2        36 320
 5  74  38  56  -7   9   0 0.00  0.0    0  4.6 12 280   M    M   0        17 320
 6  84  49  67   4   0   2 0.00  0.0    0  6.4 13 100   M    M   0        15 110
 7  88  48  68   6   0   3 0.00  0.0    0  5.8 15 100   M    M   0        18  90
 8  93  55  74  12   0   9 0.00  0.0    0 15.6 22 140   M    M   0        29 140
 9  91  58  75  14   0  10 0.00  0.0    0  9.7 20 110   M    M   0        23 120
10  84  55  70   9   0   5    T  0.0    0 10.9 23 310   M    M   0 38     31 300
11  90  50  70  10   0   5 0.00  0.0    0  8.7 16 240   M    M   0        26 230
12  80  51  66   6   0   1 0.00  0.0    0  6.7 16 310   M    M   5 8       M  M
13  70  50  60   1   5   0    T  0.0    0  9.1 22 320   M    M   5 8      26 320
14  54  49  52  -7  13   0 0.16  0.0    0 12.1 18 350   M    M   9 1      21  40
15  49  45  47 -11  18   0 0.44  0.0    0 12.8 23  50   M    M  10 1      29  50
16  49  43  46 -12  19   0 0.41  0.0    0  5.1 10 130   M    M   9 1      12 120
17  65  39  52  -5  13   0 0.00  0.0    0  8.3 15 190   M    M   1        22 190
18  73  42  58   1   7   0    T  0.0    0 10.2 17 160   M    M   3        21 160
19  60  43  52  -4  13   0 0.05  0.0    0 10.0 25 270   M    M   6        31 270
20  66  41  54  -2  11   0 0.00  0.0    0 10.0 28 240   M    M   1        33 240
================================================================================
SM 1500  971       113  54  1.06     0.0 188.8          M       53
================================================================================
AV 75.0 48.6                               9.4 FASTST   M    M   3    MAX(MPH)
                                 MISC ---->  # 28 240               # 36  320
================================================================================
NOTES:
# LAST OF SEVERAL OCCURRENCES

COLUMN 17 PEAK WIND IN M.P.H.

PRELIMINARY LOCAL CLIMATOLOGICAL DATA (WS FORM: F-6) , PAGE 2

                                          STATION:  GLASGOW MT
                                          MONTH:    SEPTEMBER
                                          YEAR:     2017
                                          LATITUDE:   48 13 N
                                          LONGITUDE: 106 37 W

[TEMPERATURE DATA]      [PRECIPITATION DATA]       SYMBOLS USED IN COLUMN 16

AVERAGE MONTHLY: 61.8   TOTAL FOR MONTH:   1.06    1 = FOG OR MIST
DPTR FM NORMAL:   1.3   DPTR FM NORMAL:    0.44    2 = FOG REDUCING VISIBILITY
HIGHEST:    93 ON  8    GRTST 24HR  0.44 ON 15-15      TO 1/4 MILE OR LESS
LOWEST:     38 ON  5                               3 = THUNDER
                        SNOW, ICE PELLETS, HAIL    4 = ICE PELLETS
                        TOTAL MONTH:   0.0 INCH    5 = HAIL
                        GRTST 24HR     0.0         6 = FREEZING RAIN OR DRIZZLE
                        GRTST DEPTH:   0           7 = DUSTSTORM OR SANDSTORM:
                                                       VSBY 1/2 MILE OR LESS
                                                   8 = SMOKE OR HAZE
[NO. OF DAYS WITH]      [WEATHER - DAYS WITH]      9 = BLOWING SNOW
                                                   X = TORNADO
MAX 32 OR BELOW:   0    0.01 INCH OR MORE:   4
MAX 90 OR ABOVE:   4    0.10 INCH OR MORE:   3
MIN 32 OR BELOW:   0    0.50 INCH OR MORE:   0
MIN  0 OR BELOW:   0    1.00 INCH OR MORE:   0

[HDD (BASE 65) ]
TOTAL THIS MO.   113    CLEAR  (SCALE 0-3)  14
DPTR FM NORMAL   -12    PTCLDY (SCALE 4-7)   3
TOTAL FM JUL 1   120    CLOUDY (SCALE 8-10)  3
DPTR FM NORMAL   -58

[CDD (BASE 65) ]
TOTAL THIS MO.    54
DPTR FM NORMAL    19    [PRESSURE DATA]
TOTAL FM JAN 1   684    HIGHEST SLP M ON M
DPTR FM NORMAL   154    LOWEST  SLP 29.48 ON 19

[REMARKS]
