000
CXUS54 KJAN 271414
CF6GLH
PRELIMINARY LOCAL CLIMATOLOGICAL DATA (WS FORM: F-6)

                                          STATION:   GREENVILLE
                                          MONTH:     MAY
                                          YEAR:      2016
                                          LATITUDE:   33 29 N
                                          LONGITUDE:  90 59 W

  TEMPERATURE IN F:       :PCPN:    SNOW:  WIND      :SUNSHINE: SKY     :PK WND
================================================================================
1   2   3   4   5  6A  6B    7    8   9   10  11  12  13   14  15   16   17  18
                                     12Z  AVG MX 2MIN
DY MAX MIN AVG DEP HDD CDD  WTR  SNW DPTH SPD SPD DIR MIN PSBL S-S WX    SPD DR
================================================================================

 1  84  66  75   7   0  10    T  0.0    0  4.4 15 130   M    M   5 1      17 120
 2  73  59  66  -3   0   1 0.17  0.0    0  9.2 33 310   M    M   7 13     40 320
 3  71  54  63  -6   2   0 0.00  0.0    0  7.7 18 330   M    M   3        22 320
 4  78  52  65  -4   0   0 0.00  0.0    0  9.1 23 280   M    M   1        30 270
 5  74  51  63  -6   2   0 0.00  0.0    0  7.7 22 350   M    M   0        28 360
 6  75  48  62  -8   3   0 0.00  0.0    0  5.2 15 310   M    M   0        19 320
 7  82  52  67  -3   0   2 0.00  0.0    0  5.6 14 220   M    M   0 1      18 200
 8  81  55  68  -2   0   3    T  0.0    0  9.3 22 190   M    M   0        27 190
 9  78  67  73   2   0   8    T  0.0    0 14.2 29 180   M    M   3        35 180
10  86  71  79   8   0  14 0.00  0.0    0 13.2 22 190   M    M   5 8      27 180
11  85  65  75   4   0  10 0.00  0.0    0  9.9 20 210   M    M   1 8      24 200
12  87  66  77   6   0  12    T  0.0    0  8.8 23 330   M    M   1 138    29 320
13  80  57  69  -3   0   4 0.00  0.0    0  6.6 16  30   M    M   0 8      22  70
14  75  54  65  -7   0   0 0.00  0.0    0  9.2 21  10   M    M   1        27 330
15  74  60  67  -5   0   2    T  0.0    0  7.7 15  80   M    M   7        21  70
16  72  60  66  -6   0   1 0.09  0.0    0  6.7 12 120   M    M   7        14 100
17  82  63  73   0   0   8 0.00  0.0    0  6.0 18 360   M    M   6        24 360
18  71  60  66  -7   0   1    T  0.0    0 12.9 21 360   M    M   9 8      25  20
19  82  58  70  -3   0   5    T  0.0    0  7.0 17  40   M    M   1        22  40
20  81  64  73   0   0   8 0.00  0.0    0  8.5 16 330   M    M   5        22 320
21  83  59  71  -3   0   6 0.00  0.0    0  6.2 14 350   M    M   3 18     20 320
22  85  61  73  -1   0   8 0.00  0.0    0  6.5 15 100   M    M   0        21 100
23  87  55  71  -3   0   6 0.00  0.0    0  5.1 15 120   M    M   0        20 120
24  90  63  77   3   0  12    T  0.0    0  9.1 25  30   M    M   1 3      31  30
25  89  67  78   3   0  13 0.00  0.0    0  9.9 23 210   M    M   3 13     29 230
26  90  73  82   7   0  17 0.00  0.0    0 12.0 20 180   M    M   3 3      27 180
================================================================================
SM 2095 1560         7 151  0.26     0.0 217.7          M       72
================================================================================
AV 80.6 60.0                               8.4 FASTST   M    M   3    MAX(MPH)
                                 MISC ---->  # 33 310               # 40  320
================================================================================
NOTES:
# LAST OF SEVERAL OCCURRENCES

COLUMN 17 PEAK WIND IN M.P.H.

PRELIMINARY LOCAL CLIMATOLOGICAL DATA (WS FORM: F-6) , PAGE 2

                                          STATION:  GREENVILLE
                                          MONTH:    MAY
                                          YEAR:     2016
                                          LATITUDE:   33 29 N
                                          LONGITUDE:  90 59 W

[TEMPERATURE DATA]      [PRECIPITATION DATA]       SYMBOLS USED IN COLUMN 16

AVERAGE MONTHLY: 70.3   TOTAL FOR MONTH:   0.26    1 = FOG OR MIST
DPTR FM NORMAL:  -1.4   DPTR FM NORMAL:   -4.06    2 = FOG REDUCING VISIBILITY
HIGHEST:    90 ON 26,24 GRTST 24HR  0.58 ON 30- 1      TO 1/4 MILE OR LESS
LOWEST:     48 ON  6                               3 = THUNDER
                        SNOW, ICE PELLETS, HAIL    4 = ICE PELLETS
                        TOTAL MONTH:   0.0 INCH    5 = HAIL
                        GRTST 24HR     0.0         6 = FREEZING RAIN OR DRIZZLE
                        GRTST DEPTH:   0           7 = DUSTSTORM OR SANDSTORM:
                                                       VSBY 1/2 MILE OR LESS
                                                   8 = SMOKE OR HAZE
[NO. OF DAYS WITH]      [WEATHER - DAYS WITH]      9 = BLOWING SNOW
                                                   X = TORNADO
MAX 32 OR BELOW:   0    0.01 INCH OR MORE:   2
MAX 90 OR ABOVE:   2    0.10 INCH OR MORE:   1
MIN 32 OR BELOW:   0    0.50 INCH OR MORE:   0
MIN  0 OR BELOW:   0    1.00 INCH OR MORE:   0

[HDD (BASE 65) ]
TOTAL THIS MO.     7    CLEAR  (SCALE 0-3)  16
DPTR FM NORMAL    -3    PTCLDY (SCALE 4-7)   9
TOTAL FM JUL 1  1925    CLOUDY (SCALE 8-10)  1
DPTR FM NORMAL  -846

[CDD (BASE 65) ]
TOTAL THIS MO.   151
DPTR FM NORMAL   -34    [PRESSURE DATA]
TOTAL FM JAN 1   277    HIGHEST SLP M ON M
DPTR FM NORMAL     6    LOWEST  SLP 29.79 ON 20

[REMARKS]
