000
CXUS53 KAPX 190631
CF6GLR
PRELIMINARY LOCAL CLIMATOLOGICAL DATA (WS FORM: F-6)

                                          STATION:   GAYLORD
                                          MONTH:     SEPTEMBER
                                          YEAR:      2014
                                          LATITUDE:   45  0 N
                                          LONGITUDE:  84 42 W

  TEMPERATURE IN F:       :PCPN:    SNOW:  WIND      :SUNSHINE: SKY     :PK WND
================================================================================
1   2   3   4   5  6A  6B    7    8   9   10  11  12  13   14  15   16   17  18
                                     12Z  AVG MX 2MIN
DY MAX MIN AVG DEP HDD CDD  WTR  SNW DPTH SPD SPD DIR MIN PSBL S-S WX    SPD DR
================================================================================

 1  75  60  68   7   0   3 0.67    M    M  9.6 24 250   M    M   6 123    29 250
 2  72  55  64   3   1   0 0.00    M    M  5.8 17 250   M    M   4 12     22 280
 3  78  56  67   6   0   2 0.00    M    M  6.3 17 240   M    M   0        20 260
 4  76  60  68   8   0   3 0.31    M    M 10.8 37 230   M    M   5 13     46 240
 5  76  58  67   7   0   2 0.67    M    M  8.4 21 200   M    M   6 13     28 200
 6  68  48  58  -2   7   0 0.00    M    M  6.9 21 250   M    M   2        26 260
 7  74  44  59  -1   6   0 0.00    M    M  5.1 17 240   M    M   0        22 250
 8  73  48  61   2   4   0 0.00    M    M  6.1 17 190   M    M   1        22 170
 9  76  56  66   7   0   1 0.00    M    M  6.5 13 190   M    M   2        20 180
10  68  48  58  -1   7   0 0.42    M    M 12.2 26 250   M    M   6 1      33 290
11  50  43  47 -11  18   0 0.06    M    M  6.5 16 300   M    M  10 1      29 300
12  49  42  46 -12  19   0 0.21    M    M  4.8 10  50   M    M   8        15  50
13  51  36  44 -14  21   0 0.32    M    M  4.3 15 280   M    M   8 1      22 270
14  57  33  45 -12  20   0 0.00    M    M  7.7 17 220   M    M   6        23 240
15  57  42  50  -7  15   0 0.00    M    M  4.7 12 220   M    M   5        16 210
16  60  38  49  -8  16   0 0.00    M    M  5.9 17 250   M    M   4        23 250
17  65  43  54  -2  11   0 0.00    M    M  8.2 17 250   M    M   4        25 260
18  56  41  49  -7  16   0 0.00    M    M  5.9 12 150   M    M   6 1      16 130
================================================================================
SM 1181  851       161  11  2.66    M    125.7          M       83
================================================================================
AV 65.6 47.3                               7.0 FASTST   M    M   5    MAX(MPH)
                                 MISC ---->  # 37 230               # 46  240
================================================================================
NOTES:
# LAST OF SEVERAL OCCURRENCES

COLUMN 17 PEAK WIND IN M.P.H.

PRELIMINARY LOCAL CLIMATOLOGICAL DATA (WS FORM: F-6) , PAGE 2

                                          STATION:  GAYLORD
                                          MONTH:    SEPTEMBER
                                          YEAR:     2014
                                          LATITUDE:   45  0 N
                                          LONGITUDE:  84 42 W

[TEMPERATURE DATA]      [PRECIPITATION DATA]       SYMBOLS USED IN COLUMN 16

AVERAGE MONTHLY: 56.4   TOTAL FOR MONTH:   2.66    1 = FOG OR MIST
DPTR FM NORMAL:  -2.3   DPTR FM NORMAL:    0.59    2 = FOG REDUCING VISIBILITY
HIGHEST:    78 ON  3    GRTST 24HR  0.84 ON  4- 5      TO 1/4 MILE OR LESS
LOWEST:     33 ON 14                               3 = THUNDER
                        SNOW, ICE PELLETS, HAIL    4 = ICE PELLETS
                        TOTAL MONTH:    M          5 = HAIL
                        GRTST 24HR    M  ON   M    6 = FREEZING RAIN OR DRIZZLE
                        GRTST DEPTH:  M  ON   M    7 = DUSTSTORM OR SANDSTORM:
                                                       VSBY 1/2 MILE OR LESS
                                                   8 = SMOKE OR HAZE
[NO. OF DAYS WITH]      [WEATHER - DAYS WITH]      9 = BLOWING SNOW
                                                   X = TORNADO
MAX 32 OR BELOW:   0    0.01 INCH OR MORE:   7
MAX 90 OR ABOVE:   0    0.10 INCH OR MORE:   6
MIN 32 OR BELOW:   0    0.50 INCH OR MORE:   2
MIN  0 OR BELOW:   0    1.00 INCH OR MORE:   0

[HDD (BASE 65) ]
TOTAL THIS MO.   161    CLEAR  (SCALE 0-3)   5
DPTR FM NORMAL    36    PTCLDY (SCALE 4-7)  10
TOTAL FM JUL 1   346    CLOUDY (SCALE 8-10)  3
DPTR FM NORMAL    73

[CDD (BASE 65) ]
TOTAL THIS MO.    11
DPTR FM NORMAL    -3    [PRESSURE DATA]
TOTAL FM JAN 1   175    HIGHEST SLP M ON M
DPTR FM NORMAL   -59    LOWEST  SLP 29.39 ON 10

[REMARKS]
