000
CXUS54 KHGX 301314
CF6GLS
PRELIMINARY LOCAL CLIMATOLOGICAL DATA (WS FORM: F-6)

                                          STATION:   GALVESTON
                                          MONTH:     AUGUST
                                          YEAR:      2015
                                          LATITUDE:   29 16 N
                                          LONGITUDE:  94 52 W

  TEMPERATURE IN F:       :PCPN:    SNOW:  WIND      :SUNSHINE: SKY     :PK WND
================================================================================
1   2   3   4   5  6A  6B    7    8   9   10  11  12  13   14  15   16   17  18
                                     12Z  AVG MX 2MIN
DY MAX MIN AVG DEP HDD CDD  WTR  SNW DPTH SPD SPD DIR MIN PSBL S-S WX    SPD DR
================================================================================

 1  95  81  88   3   0  23 0.00  0.0    0  7.9 15  60   M    M   0        19  60
 2  95  81  88   3   0  23 0.00  0.0    0  6.9 14 130   M    M   0        18 130
 3  93  82  88   3   0  23 0.00  0.0    0  8.1 17 160   M    M   1        22 170
 4  93  82  88   3   0  23 0.00  0.0    0  8.1 17 180   M    M   2        21 180
 5  94  84  89   4   0  24 0.00  0.0    0 14.6 20 180   M    M   2        25 180
 6  94  85  90   5   0  25 0.00  0.0    0 15.2 22 190   M    M   2        27 200
 7  93  84  89   4   0  24 0.00  0.0    0 13.5 20 180   M    M   2        24 180
 8  93  84  89   4   0  24 0.00  0.0    0 13.9 21 200   M    M   2        24 200
 9  92  82  87   2   0  22 0.00  0.0    0 10.2 16 180   M    M   1        20 200
10  95  81  88   3   0  23 0.00  0.0    0  8.0 14 180   M    M   0        18 170
11  95  82  89   4   0  24    T  0.0    0  8.1 22  50   M    M   1        28  40
12  97  82  90   5   0  25 0.00  0.0    0  7.1 13 200   M    M   1        16 170
13  96  84  90   5   0  25 0.01  0.0    0  8.0 15 170   M    M   3        20 160
14  95  83  89   4   0  24 0.00  0.0    0  7.0 15 120   M    M   2        18 140
15  94  81  88   3   0  23 0.00  0.0    0 10.3 20 120   M    M   2 3      24 110
16  92  77  85   0   0  20 0.03  0.0    0  8.8 20  40   M    M   2 38     28  40
17  91  79  85   0   0  20 0.01  0.0    0  8.5 20 170   M    M   2 138    23 170
18  93  79  86   1   0  21 0.04  0.0    0 14.7 25 200   M    M   3        33 200
19  90  76  83  -2   0  18 1.07  0.0    0 13.3 23 160   M    M   5 13     33 160
20  85  73  79  -6   0  14 3.75  0.0    0 12.7 26 130   M    M   6 13     32 130
21  87  75  81  -4   0  16 1.25  0.0    0  6.0 14 200   M    M   2 138    14 200
22  90  83  87   2   0  22 0.00  0.0    0 10.1 14 220   M    M   3 3      14 220
23  91  83  87   2   0  22 0.00  0.0    0 10.8 13 180   M    M   1        13 180
24  95  82  89   4   0  24 0.00  0.0    0  5.1 10 190   M    M   0        14 170
25  94  76  85   0   0  20 0.21  0.0    0  8.3 43 340   M    M   1 13     53 330
26  87  77  82  -3   0  17 0.00  0.0    0  9.1 16  50   M    M   0        24  70
27  89  76  83  -2   0  18 0.00  0.0    0  6.4 18 360   M    M   0        22 360
28  89  78  84  -1   0  19 0.00  0.0    0  7.4 13 140   M    M   0        16 150
29  88  78  83  -1   0  18 0.00  0.0    0  6.0 13 140   M    M   1        16 140
================================================================================
SM 2675 2330         0 624  6.37     0.0 274.1          M       47
================================================================================
AV 92.2 80.3                               9.5 FASTST   M    M   2    MAX(MPH)
                                 MISC ---->  # 43 340               # 53  330
================================================================================
NOTES:
# LAST OF SEVERAL OCCURRENCES

COLUMN 17 PEAK WIND IN M.P.H.

PRELIMINARY LOCAL CLIMATOLOGICAL DATA (WS FORM: F-6) , PAGE 2

                                          STATION:  GALVESTON
                                          MONTH:    AUGUST
                                          YEAR:     2015
                                          LATITUDE:   29 16 N
                                          LONGITUDE:  94 52 W

[TEMPERATURE DATA]      [PRECIPITATION DATA]       SYMBOLS USED IN COLUMN 16

AVERAGE MONTHLY: 86.3   TOTAL FOR MONTH:   6.37    1 = FOG OR MIST
DPTR FM NORMAL:   1.3   DPTR FM NORMAL:    2.37    2 = FOG REDUCING VISIBILITY
HIGHEST:    97 ON 12    GRTST 24HR  3.75 ON 20-20      TO 1/4 MILE OR LESS
LOWEST:     73 ON 20                               3 = THUNDER
                        SNOW, ICE PELLETS, HAIL    4 = ICE PELLETS
                        TOTAL MONTH:   0.0 INCH    5 = HAIL
                        GRTST 24HR     0.0         6 = FREEZING RAIN OR DRIZZLE
                        GRTST DEPTH:   0           7 = DUSTSTORM OR SANDSTORM:
                                                       VSBY 1/2 MILE OR LESS
                                                   8 = SMOKE OR HAZE
[NO. OF DAYS WITH]      [WEATHER - DAYS WITH]      9 = BLOWING SNOW
                                                   X = TORNADO
MAX 32 OR BELOW:   0    0.01 INCH OR MORE:   8
MAX 90 OR ABOVE:  23    0.10 INCH OR MORE:   4
MIN 32 OR BELOW:   0    0.50 INCH OR MORE:   3
MIN  0 OR BELOW:   0    1.00 INCH OR MORE:   3

[HDD (BASE 65) ]
TOTAL THIS MO.     0    CLEAR  (SCALE 0-3)  26
DPTR FM NORMAL     0    PTCLDY (SCALE 4-7)   3
TOTAL FM JUL 1     0    CLOUDY (SCALE 8-10)  0
DPTR FM NORMAL     0

[CDD (BASE 65) ]
TOTAL THIS MO.   624
DPTR FM NORMAL    44    [PRESSURE DATA]
TOTAL FM JAN 1  2554    HIGHEST SLP M ON M
DPTR FM NORMAL   200    LOWEST  SLP 29.77 ON 19

[REMARKS]
