000
CXUS54 KHGX 241515
CF6GLS
PRELIMINARY LOCAL CLIMATOLOGICAL DATA (WS FORM: F-6)

                                          STATION:   GALVESTON
                                          MONTH:     JANUARY
                                          YEAR:      2017
                                          LATITUDE:   29 16 N
                                          LONGITUDE:  94 52 W

  TEMPERATURE IN F:       :PCPN:    SNOW:  WIND      :SUNSHINE: SKY     :PK WND
================================================================================
1   2   3   4   5  6A  6B    7    8   9   10  11  12  13   14  15   16   17  18
                                     12Z  AVG MX 2MIN
DY MAX MIN AVG DEP HDD CDD  WTR  SNW DPTH SPD SPD DIR MIN PSBL S-S WX    SPD DR
================================================================================

 1  74  64  69  14   0   4 0.03  0.0    0  5.8 22 160   M    M   6 12     27 150
 2  74  61  68  13   0   3 0.24  0.0    0  8.8 21 340   M    M   5 13     28 210
 3  79  56  68  13   0   3 0.02  0.0    0  9.0 25 350   M    M   1 12     30 340
 4  58  50  54  -1  11   0 0.00  0.0    0 11.9 28 340   M    M   8        34 340
 5  64  50  57   2   8   0    T  0.0    0 12.8 28  10   M    M  10 18     34 360
 6  50  35  43 -12  22   0 0.17  0.0    0 24.6 33 350   M    M  10 138    41 360
 7  43  30  37 -18  28   0 0.00  0.0    0 17.1 28 340   M    M   5        37 340
 8  56  35  46  -9  19   0 0.00  0.0    0 10.6 17  30   M    M   2        21  30
 9  68  54  61   6   4   0 0.00  0.0    0 10.7 17 100   M    M   8        22 100
10  74  62  68  13   0   3 0.00  0.0    0 13.8 24 170   M    M   5 18     30 180
11  75  62  69  14   0   4 0.00  0.0    0 12.7 18 170   M    M   1 1      23 170
12  75  64  70  15   0   5 0.00  0.0    0 11.4 16 140   M    M   1 1      19 120
13  72  66  69  14   0   4 0.00  0.0    0 11.9 16 100   M    M  10 128    20 120
14  70  63  67  12   0   2 0.00  0.0    0 10.8 16  80   M    M  10 128    21 100
15  75  65  70  15   0   5 0.00  0.0    0 13.0 18 120   M    M   7 1      24 120
16  76  67  72  17   0   7 0.00  0.0    0 12.7 18 160   M    M   2 1      24 140
17  74  68  71  16   0   6 0.00  0.0    0  9.3 15 160   M    M   8 1      18 160
18  75  64  70  15   0   5 0.27  0.0    0 10.9 18 170   M    M   8 138    23 170
19  68  61  65  10   0   0 0.13  0.0    0  6.9 17 280   M    M   8 18     22 280
20  76  60  68  13   0   3    T  0.0    0  7.3 17 190   M    M   6 128    22 180
21  75  66  71  16   0   6 0.03  0.0    0  8.2 24 280   M    M   5 128    30 260
22  72  61  67  12   0   2    T  0.0    0 20.0 36 310   M    M   1        47 260
23  74  52  63   8   2   0 0.00  0.0    0  9.1 16 310   M    M   0        28 320
================================================================================
SM 1597 1316        94  62  0.89     0.0 269.3          M      127
================================================================================
AV 69.4 57.2                              11.7 FASTST   M    M   6    MAX(MPH)
                                 MISC ---->  # 36 310               # 47  260
================================================================================
NOTES:
# LAST OF SEVERAL OCCURRENCES

COLUMN 17 PEAK WIND IN M.P.H.

PRELIMINARY LOCAL CLIMATOLOGICAL DATA (WS FORM: F-6) , PAGE 2

                                          STATION:  GALVESTON
                                          MONTH:    JANUARY
                                          YEAR:     2017
                                          LATITUDE:   29 16 N
                                          LONGITUDE:  94 52 W

[TEMPERATURE DATA]      [PRECIPITATION DATA]       SYMBOLS USED IN COLUMN 16

AVERAGE MONTHLY: 63.3   TOTAL FOR MONTH:   0.89    1 = FOG OR MIST
DPTR FM NORMAL:   8.3   DPTR FM NORMAL:   -2.27    2 = FOG REDUCING VISIBILITY
HIGHEST:    79 ON  3    GRTST 24HR  1.03 ON 31- 1      TO 1/4 MILE OR LESS
LOWEST:     30 ON  7                               3 = THUNDER
                        SNOW, ICE PELLETS, HAIL    4 = ICE PELLETS
                        TOTAL MONTH:   0.0 INCH    5 = HAIL
                        GRTST 24HR     0.0         6 = FREEZING RAIN OR DRIZZLE
                        GRTST DEPTH:   0           7 = DUSTSTORM OR SANDSTORM:
                                                       VSBY 1/2 MILE OR LESS
                                                   8 = SMOKE OR HAZE
[NO. OF DAYS WITH]      [WEATHER - DAYS WITH]      9 = BLOWING SNOW
                                                   X = TORNADO
MAX 32 OR BELOW:   0    0.01 INCH OR MORE:   7
MAX 90 OR ABOVE:   0    0.10 INCH OR MORE:   4
MIN 32 OR BELOW:   1    0.50 INCH OR MORE:   0
MIN  0 OR BELOW:   0    1.00 INCH OR MORE:   0

[HDD (BASE 65) ]
TOTAL THIS MO.    94    CLEAR  (SCALE 0-3)   7
DPTR FM NORMAL  -136    PTCLDY (SCALE 4-7)  10
TOTAL FM JUL 1   241    CLOUDY (SCALE 8-10)  6
DPTR FM NORMAL  -349

[CDD (BASE 65) ]
TOTAL THIS MO.    62
DPTR FM NORMAL    62    [PRESSURE DATA]
TOTAL FM JAN 1    62    HIGHEST SLP M ON M
DPTR FM NORMAL    62    LOWEST  SLP 29.43 ON 21

[REMARKS]
