000
CXUS54 KHGX 291415
CF6GLS
PRELIMINARY LOCAL CLIMATOLOGICAL DATA (WS FORM: F-6)

                                          STATION:   GALVESTON
                                          MONTH:     JUNE
                                          YEAR:      2015
                                          LATITUDE:   29 16 N
                                          LONGITUDE:  94 52 W

  TEMPERATURE IN F:       :PCPN:    SNOW:  WIND      :SUNSHINE: SKY     :PK WND
================================================================================
1   2   3   4   5  6A  6B    7    8   9   10  11  12  13   14  15   16   17  18
                                     12Z  AVG MX 2MIN
DY MAX MIN AVG DEP HDD CDD  WTR  SNW DPTH SPD SPD DIR MIN PSBL S-S WX    SPD DR
================================================================================

 1  87  75  81   0   0  16 0.00  0.0    0  6.6 12  50   M    M   1        17  10
 2  86  75  81   0   0  16 0.00  0.0    0  5.7 13 180   M    M   2        16 180
 3  85  77  81   0   0  16 0.00  0.0    0  5.9 13 160   M    M   2        16 150
 4  86  75  81  -1   0  16 0.00  0.0    0  5.8 12 180   M    M   2        14 160
 5  87  77  82   0   0  17 0.02  0.0    0  5.5 13 360   M    M   2        16 150
 6  88  77  83   1   0  18 0.00  0.0    0  5.5 12 150   M    M   1 8      20  40
 7  88  78  83   1   0  18 0.00  0.0    0  6.2 12 180   M    M   0        15 190
 8  88  77  83   1   0  18 0.00  0.0    0  6.9 13 190   M    M   1        16 190
 9  89  79  84   2   0  19 0.00  0.0    0  8.6 17 200   M    M   1        22 200
10  89  79  84   2   0  19 0.00  0.0    0  9.2 15 170   M    M   1        18 190
11  89  80  85   3   0  20 0.00  0.0    0 12.8 18 150   M    M   2        23 150
12  89  82  86   3   0  21 0.00  0.0    0 15.2 24 140   M    M   2        30 150
13  83  76  80  -3   0  15 0.81  0.0    0 15.1 30 160   M    M   7 13     38 160
14  88  77  83   0   0  18 0.06  0.0    0 15.0 24 150   M    M   3 1      29 150
15  88  77  83   0   0  18 0.51  0.0    0 16.1 30 110   M    M   6 18     37 130
16  82  75  79  -4   0  14 0.87  0.0    0 23.7 37 150   M    M   8 13     46 150
17  85  79  82  -1   0  17 0.28  0.0    0 21.2 32 150   M    M   8 138    37 160
18  86  80  83   0   0  18 0.00  0.0    0 14.3 23 170   M    M   5 18     28 170
19  88  81  85   2   0  20 0.00  0.0    0 10.2 17 170   M    M   2        21 170
20  88  80  84   1   0  19 0.00  0.0    0 12.5 18 160   M    M   2        22 160
21  88  82  85   1   0  20 0.00  0.0    0 12.7 17 170   M    M   5        21 160
22  87  81  84   0   0  19 0.00  0.0    0 10.2 15 160   M    M   3        18 170
23  89  80  85   1   0  20 0.00  0.0    0  9.0 14 150   M    M   1        19 160
24  89  80  85   1   0  20 0.00  0.0    0  6.9 13 140   M    M   1        17 140
25  90  81  86   2   0  21 0.00  0.0    0  8.3 15 180   M    M   2        18 140
26  90  78  84   0   0  19 0.10  0.0    0 13.1 24 230   M    M   3 3      32 230
27  92  82  87   3   0  22    T  0.0    0 11.6 24 200   M    M   1 3      29 200
28  88  79  84   0   0  19 0.00  0.0    0  7.6 21 350   M    M   3 3      23 340
================================================================================
SM 2452 2199         0 513  2.65     0.0 301.4          M       77
================================================================================
AV 87.6 78.5                              10.8 FASTST   M    M   3    MAX(MPH)
                                 MISC ---->  # 37 150               # 46  150
================================================================================
NOTES:
# LAST OF SEVERAL OCCURRENCES

COLUMN 17 PEAK WIND IN M.P.H.

PRELIMINARY LOCAL CLIMATOLOGICAL DATA (WS FORM: F-6) , PAGE 2

                                          STATION:  GALVESTON
                                          MONTH:    JUNE
                                          YEAR:     2015
                                          LATITUDE:   29 16 N
                                          LONGITUDE:  94 52 W

[TEMPERATURE DATA]      [PRECIPITATION DATA]       SYMBOLS USED IN COLUMN 16

AVERAGE MONTHLY: 83.1   TOTAL FOR MONTH:   2.65    1 = FOG OR MIST
DPTR FM NORMAL:   0.3   DPTR FM NORMAL:   -2.68    2 = FOG REDUCING VISIBILITY
HIGHEST:    92 ON 27    GRTST 24HR  1.13 ON 15-16      TO 1/4 MILE OR LESS
LOWEST:     75 ON 16, 4                            3 = THUNDER
                        SNOW, ICE PELLETS, HAIL    4 = ICE PELLETS
                        TOTAL MONTH:   0.0 INCH    5 = HAIL
                        GRTST 24HR     0.0         6 = FREEZING RAIN OR DRIZZLE
                        GRTST DEPTH:   0           7 = DUSTSTORM OR SANDSTORM:
                                                       VSBY 1/2 MILE OR LESS
                                                   8 = SMOKE OR HAZE
[NO. OF DAYS WITH]      [WEATHER - DAYS WITH]      9 = BLOWING SNOW
                                                   X = TORNADO
MAX 32 OR BELOW:   0    0.01 INCH OR MORE:   7
MAX 90 OR ABOVE:   3    0.10 INCH OR MORE:   5
MIN 32 OR BELOW:   0    0.50 INCH OR MORE:   3
MIN  0 OR BELOW:   0    1.00 INCH OR MORE:   0

[HDD (BASE 65) ]
TOTAL THIS MO.     0    CLEAR  (SCALE 0-3)  20
DPTR FM NORMAL     0    PTCLDY (SCALE 4-7)   7
TOTAL FM JUL 1  1182    CLOUDY (SCALE 8-10)  1
DPTR FM NORMAL   173

[CDD (BASE 65) ]
TOTAL THIS MO.   513
DPTR FM NORMAL    15    [PRESSURE DATA]
TOTAL FM JAN 1  1215    HIGHEST SLP M ON M
DPTR FM NORMAL    82    LOWEST  SLP 29.77 ON 10

[REMARKS]
