000
CXUS54 KMAF 301100
CF6GNC
PRELIMINARY LOCAL CLIMATOLOGICAL DATA (WS FORM: F-6)

                                          STATION:   Gaines County Airport
                                          MONTH:     SEPTEMBER
                                          YEAR:      2016
                                          LATITUDE:   32 40 N
                                          LONGITUDE: 102 39 W

  TEMPERATURE IN F:       :PCPN:    SNOW:  WIND      :SUNSHINE: SKY     :PK WND
================================================================================
1   2   3   4   5  6A  6B    7    8   9   10  11  12  13   14  15   16   17  18
                                     12Z  AVG MX 2MIN
DY MAX MIN AVG DEP HDD CDD  WTR  SNW DPTH SPD SPD DIR MIN PSBL S-S WX    SPD DR
================================================================================

 1  77  67  72   M   0   7 0.05  0.0    0  0.9 10  70   M    M   7         M  M
 2  82  64  73   M   0   8 0.00  0.0    0  1.1  8 130   M    M   6 12      M  M
 3  84  64  74   M   0   9 0.00  0.0    0  4.3 14 180   M    M   2 1      17 180
 4  86  65  76   M   0  11 0.00  0.0    0  8.3 18 170   M    M   3 1      24 150
 5  85  66  76   M   0  11 0.00  0.0    0 10.6 20 170   M    M   3        27 160
 6  86  67  77   M   0  12 0.00  0.0    0 10.5 17 170   M    M   5        24 170
 7  87  69  78   M   0  13 0.04  0.0    0  7.0 14 200   M    M   4        23 180
 8  88  68  78   M   0  13 0.00  0.0    0  7.1 15 240   M    M   2 1      22 230
 9  90  67  79   M   0  14 0.00  0.0    0  5.5 15 210   M    M   0         M  M
10  76  61  69   M   0   4 0.05  0.0    0  9.4 23  20   M    M   6        31  20
11  83  58  71   M   0   6 0.00  0.0    0  6.2 13 180   M    M   1        18 210
12  89  64  77   M   0  12 0.00  0.0    0  7.4 14 190   M    M   0        17 190
13  85  62  74   M   0   9 0.00  0.0    0  3.1 14  70   M    M   1        25  70
14  84  65  75   M   0  10 0.00  0.0    0  3.3  9 110   M    M   4         M  M
15  82  65  74   M   0   9 0.05  0.0    0  3.7 15  10   M    M   5 1      24  10
16  82  61  72   M   0   7 0.32  0.0    0  9.6 18 170   M    M   4        27 150
17  81  65  73   M   0   8 0.00  0.0    0  4.2 17 150   M    M   6         M  M
18  90  64  77   M   0  12 0.00  0.0    0  3.2  9 250   M    M   0         M  M
19  91  66  79   M   0  14 0.00  0.0    0  1.7  6 190   M    M   0         M  M
20  88  64  76   M   0  11 0.00  0.0    0  4.1 13 150   M    M   0        18 190
21  86  62  74   M   0   9 0.00  0.0    0  5.1 14 160   M    M   0        18 200
22  85  62  74   M   0   9 0.00  0.0    0  5.9 15 150   M    M   0        22 150
23  87  59  73   M   0   8 0.00  0.0    0  7.8 15 150   M    M   1        23 170
24  81  67  74   M   0   9 0.00  0.0    0  2.3 10 180   M    M   4         M  M
25  73  57  65   M   0   0 0.26  0.0    0  6.9 18  60   M    M   7        27  60
26  67  56  62   M   3   0 0.00  0.0    0  7.7 15  50   M    M   6        24  50
27  76  54  65   M   0   0 0.00  0.0    0  0.8  5  70   M    M   2         M  M
28  82  51  67   M   0   2 0.00  0.0    0  0.6  6 310   M    M   0         M  M
29  76  52  64   M   1   0 0.00  0.0    0  3.5 13  90   M    M   0         M  M
================================================================================
SM 2409 1812         4 237  0.77     0.0 151.8          M       79
================================================================================
AV 83.1 62.5                               5.2 FASTST   M    M   3    MAX(MPH)
                                 MISC ---->  # 23  20                 31    M
================================================================================
NOTES:
# LAST OF SEVERAL OCCURRENCES

COLUMN 17 PEAK WIND IN M.P.H.

PRELIMINARY LOCAL CLIMATOLOGICAL DATA (WS FORM: F-6) , PAGE 2

                                          STATION:  Gaines County Airport
                                          MONTH:    SEPTEMBER
                                          YEAR:     2016
                                          LATITUDE:   32 40 N
                                          LONGITUDE: 102 39 W

[TEMPERATURE DATA]      [PRECIPITATION DATA]       SYMBOLS USED IN COLUMN 16

AVERAGE MONTHLY: 72.8   TOTAL FOR MONTH:   0.77    1 = FOG OR MIST
DPTR FM NORMAL:     M   DPTR FM NORMAL:       M    2 = FOG REDUCING VISIBILITY
HIGHEST:    91 ON 19    GRTST 24HR  0.32 ON 16-16      TO 1/4 MILE OR LESS
LOWEST:     51 ON 28                               3 = THUNDER
                        SNOW, ICE PELLETS, HAIL    4 = ICE PELLETS
                        TOTAL MONTH:   0.0 INCH    5 = HAIL
                        GRTST 24HR     0.0         6 = FREEZING RAIN OR DRIZZLE
                        GRTST DEPTH:   0           7 = DUSTSTORM OR SANDSTORM:
                                                       VSBY 1/2 MILE OR LESS
                                                   8 = SMOKE OR HAZE
[NO. OF DAYS WITH]      [WEATHER - DAYS WITH]      9 = BLOWING SNOW
                                                   X = TORNADO
MAX 32 OR BELOW:   0    0.01 INCH OR MORE:   6
MAX 90 OR ABOVE:   3    0.10 INCH OR MORE:   2
MIN 32 OR BELOW:   0    0.50 INCH OR MORE:   0
MIN  0 OR BELOW:   0    1.00 INCH OR MORE:   0

[HDD (BASE 65) ]
TOTAL THIS MO.     4    CLEAR  (SCALE 0-3)  17
DPTR FM NORMAL     M    PTCLDY (SCALE 4-7)  12
TOTAL FM JUL 1     4    CLOUDY (SCALE 8-10)  0
DPTR FM NORMAL     M

[CDD (BASE 65) ]
TOTAL THIS MO.   237
DPTR FM NORMAL     M    [PRESSURE DATA]
TOTAL FM JAN 1  1913    HIGHEST SLP M ON M
DPTR FM NORMAL     M    LOWEST  SLP M ON M

[REMARKS]
