000
CXUS54 KOUN 300800
CF6GOK
PRELIMINARY LOCAL CLIMATOLOGICAL DATA (WS FORM: F-6)

                                          STATION:   GUTHRIE MUNICIPAL
                                          MONTH:     JUNE
                                          YEAR:      2015
                                          LATITUDE:   35 50 N
                                          LONGITUDE:  97 25 W

  TEMPERATURE IN F:       :PCPN:    SNOW:  WIND      :SUNSHINE: SKY     :PK WND
================================================================================
1   2   3   4   5  6A  6B    7    8   9   10  11  12  13   14  15   16   17  18
                                     12Z  AVG MX 2MIN
DY MAX MIN AVG DEP HDD CDD  WTR  SNW DPTH SPD SPD DIR MIN PSBL S-S WX    SPD DR
================================================================================

 1  82  56  69  -5   0   4 0.00  0.0    0  5.8 13 140   M    M   2 1      16 120
 2  89  67  78   4   0  13 0.00  0.0    0 10.2 17 170   M    M   2        24 170
 3  90  70  80   6   0  15 0.00  0.0    0 12.2 21 170   M    M   0        28 160
 4  91  69  80   5   0  15 0.00  0.0    0 11.3 20 170   M    M   0 8      27 170
 5  91  69  80   5   0  15 0.00  0.0    0  8.0 15 160   M    M   0 18     25 130
 6  93  70  82   7   0  17 0.00  0.0    0  8.0 15 170   M    M   1 18     28 180
 7  95  69  82   7   0  17 0.00  0.0    0 10.3 20 210   M    M   1 18     28 110
 8  93  68  81   5   0  16 0.00  0.0    0  3.7 10  80   M    M   1        17  50
 9  94  68  81   5   0  16 0.00  0.0    0  7.3 14 160   M    M   0        32 100
10  99  72  86  10   0  21 0.00  0.0    0  9.9 20 160   M    M   0        33 190
11  95  78  87  11   0  22 0.00  0.0    0 11.7 23 190   M    M   0        32 200
12  89  67  78   1   0  13 1.46  0.0    0  7.2 22 320   M    M   6 13     31 320
13  83  67  75  -2   0  10 0.75  0.0    0  7.2 15 180   M    M   5 13     23 130
14  88  71  80   3   0  15    T  0.0    0 10.1 20 150   M    M   4 3      26 150
15  86  67  77  -1   0  12 0.00  0.0    0  4.9 13 180   M    M   3        18 120
16   M   M   M   M   M   M    T    M    0  3.9  8 160   M    M   9 3       M  M
17  79  71  75  -3   0  10    T  0.0    0  6.9 15  60   M    M   6 18     24  90
18  81  69  75  -3   0  10 0.48  0.0    0  6.1 21  80   M    M   5 1      28  80
19  91  67  79   1   0  14 0.00  0.0    0  3.5 10 170   M    M   1 12     16 130
20  93  78  86   7   0  21 0.00  0.0    0 12.8 23 210   M    M   0        33 200
21  90  74  82   3   0  17 0.00  0.0    0 12.7 20 140   M    M   1        26 160
22  92  75  84   5   0  19 0.00  0.0    0 14.7 26 200   M    M   0 8      36 220
23  94  75  85   6   0  20 0.00  0.0    0  9.6 17 200   M    M   0 8      26 180
24  95  73  84   4   0  19 0.00  0.0    0 10.2 18 180   M    M   0        27 190
25  96  76  86   6   0  21 0.00  0.0    0 10.7 17 200   M    M   0        28 210
26  91  71  81   1   0  16 0.00  0.0    0  8.2 15 310   M    M   2        21 180
27  87  66  77  -3   0  12 0.00  0.0    0  5.3 14  50   M    M   1        24 360
28  95  63  79  -1   0  14 0.00  0.0    0  8.7 16 200   M    M   0        27 140
29  96  69  83   2   0  18 0.00  0.0    0  6.5 20 230   M    M   1 3      26 240
================================================================================
SM 2538 1955         0 432  2.69     0.0 247.6          M       51
================================================================================
AV 90.6 69.8                               8.5 FASTST   M    M   2    MAX(MPH)
                                 MISC ---->  # 26 200               # 36  220
================================================================================
NOTES:
# LAST OF SEVERAL OCCURRENCES

COLUMN 17 PEAK WIND IN M.P.H.

PRELIMINARY LOCAL CLIMATOLOGICAL DATA (WS FORM: F-6) , PAGE 2

                                          STATION:  GUTHRIE MUNICIPAL
                                          MONTH:    JUNE
                                          YEAR:     2015
                                          LATITUDE:   35 50 N
                                          LONGITUDE:  97 25 W

[TEMPERATURE DATA]      [PRECIPITATION DATA]       SYMBOLS USED IN COLUMN 16

AVERAGE MONTHLY: 80.2   TOTAL FOR MONTH:   2.69    1 = FOG OR MIST
DPTR FM NORMAL:   2.9   DPTR FM NORMAL:   -2.22    2 = FOG REDUCING VISIBILITY
HIGHEST:    99 ON 10    GRTST 24HR  1.97 ON 12-13      TO 1/4 MILE OR LESS
LOWEST:     56 ON  1                               3 = THUNDER
                        SNOW, ICE PELLETS, HAIL    4 = ICE PELLETS
                        TOTAL MONTH:   0.0 INCH    5 = HAIL
                        GRTST 24HR     0.0         6 = FREEZING RAIN OR DRIZZLE
                        GRTST DEPTH:   0           7 = DUSTSTORM OR SANDSTORM:
                                                       VSBY 1/2 MILE OR LESS
                                                   8 = SMOKE OR HAZE
[NO. OF DAYS WITH]      [WEATHER - DAYS WITH]      9 = BLOWING SNOW
                                                   X = TORNADO
MAX 32 OR BELOW:   0    0.01 INCH OR MORE:   3
MAX 90 OR ABOVE:  19    0.10 INCH OR MORE:   3
MIN 32 OR BELOW:   0    0.50 INCH OR MORE:   2
MIN  0 OR BELOW:   0    1.00 INCH OR MORE:   1

[HDD (BASE 65) ]
TOTAL THIS MO.     0    CLEAR  (SCALE 0-3)  22
DPTR FM NORMAL     0    PTCLDY (SCALE 4-7)   6
TOTAL FM JUL 1  3586    CLOUDY (SCALE 8-10)  1
DPTR FM NORMAL    23

[CDD (BASE 65) ]
TOTAL THIS MO.   432
DPTR FM NORMAL    74    [PRESSURE DATA]
TOTAL FM JAN 1   622    HIGHEST SLP M ON M
DPTR FM NORMAL    15    LOWEST  SLP 29.65 ON 11

[REMARKS]
