000
CXUS55 KMSO 280900
CF6GPI
PRELIMINARY LOCAL CLIMATOLOGICAL DATA (WS FORM: F-6)

                                          STATION:   KALISPELL MT
                                          MONTH:     APRIL
                                          YEAR:      2016
                                          LATITUDE:   48 17 N
                                          LONGITUDE: 114 16 W

  TEMPERATURE IN F:       :PCPN:    SNOW:  WIND      :SUNSHINE: SKY     :PK WND
================================================================================
1   2   3   4   5  6A  6B    7    8   9   10  11  12  13   14  15   16   17  18
                                     12Z  AVG MX 2MIN
DY MAX MIN AVG DEP HDD CDD  WTR  SNW DPTH SPD SPD DIR MIN PSBL S-S WX    SPD DR
================================================================================

 1  65  24  45   5  20   0 0.00  0.0    0  3.9 14 180   M    M   0        17 160
 2  71  28  50   9  15   0 0.00  0.0    0  5.6 23 240   M    M   3        32 230
 3  70  33  52  11  13   0 0.00  0.0    0  5.6 17 150   M    M   3        23 180
 4  51  29  40  -1  25   0 0.02  0.0    0  7.3 25 260   M    M   6        32 220
 5  54  40  47   6  18   0 0.00  0.0    0 10.8 24 230   M    M   9        29 230
 6  66  39  53  11  12   0 0.00  0.0    0 10.7 22 270   M    M   8        28 280
 7  69  27  48   6  17   0 0.00  0.0    0  2.5 12 190   M    M   0        14 190
 8  73  32  53  11  12   0 0.00  0.0    0  6.6 17 160   M    M   0        21 160
 9  76  32  54  12  11   0 0.00  0.0    0  8.5 25  40   M    M   0        35  40
10  63  39  51   9  14   0 0.00  0.0    0  7.8 23  30   M    M   0        30  40
11  71  30  51   8  14   0 0.00  0.0    0  7.1 20 170   M    M   1        27 160
12  53  33  43   0  22   0 0.02  0.0    0  5.9 20 150   M    M   7        24 150
13  53  33  43   0  22   0 0.06  0.0    0  5.4 17 160   M    M   6        21 150
14  48  28  38  -5  27   0 0.51  0.0    0  7.0 20 130   M    M   8 1      24 130
15  55  33  44   0  21   0    T  0.0    0  3.6 14  40   M    M   6 1      17  40
16  61  28  45   1  20   0 0.00  0.0    0  3.3 13 160   M    M   2 1      27 170
17  69  28  49   5  16   0    T  0.0    0  2.1 13  50   M    M   0        17  40
18  73  32  53   9  12   0 0.00  0.0    0  2.6 12  40   M    M   0        14 230
19  73  30  52   8  13   0 0.00  0.0    0  4.6 15  50   M    M   0        19  50
20  79  35  57  12   8   0 0.00  0.0    0  9.3 21  30   M    M   0        26  40
21  79  43  61  16   4   0 0.00  0.0    0  6.0 16  40   M    M   0        20  30
22  78  47  63  18   2   0 0.11  0.0    0 10.4 32 220   M    M   2 13     42 200
23  64  43  54   9  11   0 0.47  0.0    0  5.4 16 160   M    M   8        20 180
24  55  42  49   3  16   0 0.39  0.0    0  6.7 17 360   M    M   8 1      25 360
25  58  36  47   1  18   0    T  0.0    0  1.4 12 350   M    M   9 12     13 360
26  63  43  53   7  12   0    T  0.0    0  3.4 10 290   M    M  10        14 290
27  63  38  51   5  14   0 0.00  0.0    0 10.4 22  40   M    M   3        26  50
================================================================================
SM 1753  925       409   0  1.58     0.0 163.9          M       99
================================================================================
AV 64.9 34.3                               6.1 FASTST   M    M   4    MAX(MPH)
                                 MISC ---->  # 32 220               # 42  200
================================================================================
NOTES:
# LAST OF SEVERAL OCCURRENCES

COLUMN 17 PEAK WIND IN M.P.H.

PRELIMINARY LOCAL CLIMATOLOGICAL DATA (WS FORM: F-6) , PAGE 2

                                          STATION:  KALISPELL MT
                                          MONTH:    APRIL
                                          YEAR:     2016
                                          LATITUDE:   48 17 N
                                          LONGITUDE: 114 16 W

[TEMPERATURE DATA]      [PRECIPITATION DATA]       SYMBOLS USED IN COLUMN 16

AVERAGE MONTHLY: 49.6   TOTAL FOR MONTH:   1.58    1 = FOG OR MIST
DPTR FM NORMAL:   6.3   DPTR FM NORMAL:    0.47    2 = FOG REDUCING VISIBILITY
HIGHEST:    79 ON 21,20 GRTST 24HR  0.80 ON 23-24      TO 1/4 MILE OR LESS
LOWEST:     24 ON  1                               3 = THUNDER
                        SNOW, ICE PELLETS, HAIL    4 = ICE PELLETS
                        TOTAL MONTH:   0.0 INCH    5 = HAIL
                        GRTST 24HR     0.0         6 = FREEZING RAIN OR DRIZZLE
                        GRTST DEPTH:   0           7 = DUSTSTORM OR SANDSTORM:
                                                       VSBY 1/2 MILE OR LESS
                                                   8 = SMOKE OR HAZE
[NO. OF DAYS WITH]      [WEATHER - DAYS WITH]      9 = BLOWING SNOW
                                                   X = TORNADO
MAX 32 OR BELOW:   0    0.01 INCH OR MORE:   7
MAX 90 OR ABOVE:   0    0.10 INCH OR MORE:   4
MIN 32 OR BELOW:  12    0.50 INCH OR MORE:   1
MIN  0 OR BELOW:   0    1.00 INCH OR MORE:   0

[HDD (BASE 65) ]
TOTAL THIS MO.   409    CLEAR  (SCALE 0-3)  16
DPTR FM NORMAL  -177    PTCLDY (SCALE 4-7)   8
TOTAL FM JUL 1  6541    CLOUDY (SCALE 8-10)  3
DPTR FM NORMAL  -816

[CDD (BASE 65) ]
TOTAL THIS MO.     0
DPTR FM NORMAL     0    [PRESSURE DATA]
TOTAL FM JAN 1     0    HIGHEST SLP M ON M
DPTR FM NORMAL     0    LOWEST  SLP 29.56 ON 22

[REMARKS]
