000
CXUS53 KGRR 261017
CF6GRR
PRELIMINARY LOCAL CLIMATOLOGICAL DATA (WS FORM: F-6)

                                          STATION:   GRAND RAPIDS MI (ASOS)
                                          MONTH:     MAY
                                          YEAR:      2016
                                          LATITUDE:   42 52 N
                                          LONGITUDE:  85 31 W

  TEMPERATURE IN F:       :PCPN:    SNOW:  WIND      :SUNSHINE: SKY     :PK WND
================================================================================
1   2   3   4   5  6A  6B    7    8   9   10  11  12  13   14  15   16   17  18
                                     12Z  AVG MX 2MIN
DY MAX MIN AVG DEP HDD CDD  WTR  SNW DPTH SPD SPD DIR MIN PSBL S-S WX    SPD DR
================================================================================

 1  52  45  49  -5  16   0 0.08  0.0    0 12.6 24  60   0    0  10 1      31  60
 2  59  42  51  -3  14   0 0.14  0.0    0  7.3 17  70 529   62   7 1      21  70
 3  66  38  52  -2  13   0    T  0.0    0  8.3 21 250 755   89   3        25 270
 4  57  43  50  -5  15   0 0.89  0.0    0 13.7 23  10   0    0  10 1      35 360
 5  69  44  57   2   8   0 0.00  0.0    0  9.5 18 300 672   78   5        24 280
 6  75  41  58   3   7   0 0.00  0.0    0  6.3 12 250 796   93   3        14 240
 7  73  50  62   6   3   0 0.00  0.0    0 10.4 22  10 710   82   6        30 350
 8  68  41  55  -1  10   0 0.00  0.0    0  9.2 23 260 792   92   6        29 250
 9  69  41  55  -1  10   0 0.07  0.0    0  9.6 17 160   M    M   7        22 120
10  54  47  51  -6  14   0 0.67  0.0    0 16.3 25 100   1    0  10 1      34 100
11  71  51  61   4   4   0    T  0.0    0  9.2 16 100 393   45   9 1      19 100
12  67  57  62   5   3   0 0.22  0.0    0  8.6 21 250  42    5   8 138    24 250
13  63  48  56  -2   9   0 0.22  0.0    0 11.8 24 250 543   62   7 1      30 250
14  49  41  45 -13  20   0 0.34    T    0 14.4 29 300 341   39   9 1      37 290
15  50  36  43 -15  22   0    T    T    0 12.3 23 300 616   70   6 48     31 300
16  68  42  55  -4  10   0    T  0.0    0 12.5 26 240 654   74   5        31 240
17  67  48  58  -1   7   0 0.00  0.0    0  5.9 15  60 576   65   7        19  60
18  70  43  57  -2   8   0 0.00  0.0    0  6.1 14 300 848   96   4        17 120
19  73  41  57  -3   8   0 0.00  0.0    0  3.3 14 270 867   98   2        17 280
20  74  46  60   0   5   0 0.00  0.0    0  5.3 16 120 594   71   6        19 120
21  79  52  66   6   0   1 0.00  0.0    0  5.9 17  60 748   88   4        24  50
22  79  52  66   5   0   1 0.00  0.0    0  5.7 16  50 810   96   2        21  40
23  83  47  65   4   0   0 0.00  0.0    0  4.3 13 200 881   98   1        15 200
24  87  52  70   9   0   5    T  0.0    0  8.6 20 250 853   95   5        26 240
25  88  64  76  14   0  11 0.17  0.0    0  8.0 22 250 739   82   5 13     29 210
================================================================================
SM 1710 1152       206  18  2.80    T    225.1        13760    147
================================================================================
AV 68.4 46.1                               9.0 FASTST  573  66   6    MAX(MPH)
                                 MISC ---->  # 29 300               # 37  290
================================================================================
NOTES:
# LAST OF SEVERAL OCCURRENCES

COLUMN 17 PEAK WIND IN M.P.H.

PRELIMINARY LOCAL CLIMATOLOGICAL DATA (WS FORM: F-6) , PAGE 2

                                          STATION:  GRAND RAPIDS MI (ASOS)
                                          MONTH:    MAY
                                          YEAR:     2016
                                          LATITUDE:   42 52 N
                                          LONGITUDE:  85 31 W

[TEMPERATURE DATA]      [PRECIPITATION DATA]       SYMBOLS USED IN COLUMN 16

AVERAGE MONTHLY: 57.2   TOTAL FOR MONTH:   2.80    1 = FOG OR MIST
DPTR FM NORMAL:  -0.4   DPTR FM NORMAL:   -0.43    2 = FOG REDUCING VISIBILITY
HIGHEST:    88 ON 25    GRTST 24HR  0.89 ON  4- 4      TO 1/4 MILE OR LESS
LOWEST:     36 ON 15                               3 = THUNDER
                        SNOW, ICE PELLETS, HAIL    4 = ICE PELLETS
                        TOTAL MONTH:    T          5 = HAIL
                        GRTST 24HR    T  ON 15-15  6 = FREEZING RAIN OR DRIZZLE
                        GRTST DEPTH:   0           7 = DUSTSTORM OR SANDSTORM:
                                                       VSBY 1/2 MILE OR LESS
                                                   8 = SMOKE OR HAZE
[NO. OF DAYS WITH]      [WEATHER - DAYS WITH]      9 = BLOWING SNOW
                                                   X = TORNADO
MAX 32 OR BELOW:   0    0.01 INCH OR MORE:   9
MAX 90 OR ABOVE:   0    0.10 INCH OR MORE:   7
MIN 32 OR BELOW:   0    0.50 INCH OR MORE:   2
MIN  0 OR BELOW:   0    1.00 INCH OR MORE:   0

[HDD (BASE 65) ]
TOTAL THIS MO.   206    CLEAR  (SCALE 0-3)   4
DPTR FM NORMAL    -2    PTCLDY (SCALE 4-7)  15
TOTAL FM JUL 1  5596    CLOUDY (SCALE 8-10)  6
DPTR FM NORMAL  -817

[CDD (BASE 65) ]
TOTAL THIS MO.    18
DPTR FM NORMAL    -7    [PRESSURE DATA]
TOTAL FM JAN 1    18    HIGHEST SLP M ON M
DPTR FM NORMAL   -15    LOWEST  SLP 29.56 ON  4

[REMARKS]
