000
CXUS54 KFWD 270730
CF6GVT
PRELIMINARY LOCAL CLIMATOLOGICAL DATA (WS FORM: F-6)

                                          STATION:   GREENVILLE
                                          MONTH:     JULY
                                          YEAR:      2014
                                          LATITUDE:   33  4 N
                                          LONGITUDE:  96  4 W

  TEMPERATURE IN F:       :PCPN:    SNOW:  WIND      :SUNSHINE: SKY     :PK WND
================================================================================
1   2   3   4   5  6A  6B    7    8   9   10  11  12  13   14  15   16   17  18
                                     12Z  AVG MX 2MIN
DY MAX MIN AVG DEP HDD CDD  WTR  SNW DPTH SPD SPD DIR MIN PSBL S-S WX    SPD DR
================================================================================

 1  95  73  84   1   0  19 0.00  0.0    0  9.1 17 200   M    M   0        22 200
 2  91  75  83  -1   0  18 0.00  0.0    0  4.0 10 360   M    M   1        18 360
 3  82  68  75  -9   0  10 0.61  0.0    0  2.7 16 340   M    M   2 3      22 340
 4  90  68  79  -5   0  14 0.00  0.0    0  4.0  9 110   M    M   2         M  M
 5  90  70  80  -4   0  15 0.00  0.0    0  5.0 10 140   M    M   2         M  M
 6  91  72  82  -2   0  17 0.00  0.0    0  5.7 10 180   M    M   1        17 190
 7  95  72  84   0   0  19 0.00  0.0    0  8.0 14 160   M    M   1        18 160
 8  97  75  86   2   0  21 0.00  0.0    0  8.6 13 190   M    M   1        16 170
 9  93  73  83  -1   0  18 0.00  0.0    0  6.3  8 170   M    M   1         M  M
10  95  73  84   0   0  19 0.00  0.0    0  7.4 14 170   M    M   0        28 170
11  95  72  84   0   0  19 0.00  0.0    0  6.9 12 190   M    M   0        16 160
12  97  72  85   0   0  20 0.00  0.0    0  5.7 14 190   M    M   0        17 190
13  99  72  86   1   0  21 0.00  0.0    0  4.4  9 200   M    M   1         M  M
14  99  73  86   1   0  21 0.50  0.0    0  6.3 29 310   M    M   2 3      37 310
15  90  70  80  -5   0  15 0.00  0.0    0  5.9 12  50   M    M   2        18  10
16  88  63  76  -9   0  11 0.00  0.0    0  4.8  8 110   M    M   1         M  M
17  77  64  71 -14   0   6 1.05  0.0    0  7.4 12  60   M    M  10 3      21  60
18  70  63  67 -18   0   2 0.01  0.0    0  4.6  9  10   M    M  10 1       M  M
19  75  66  71 -14   0   6 0.00  0.0    0  0.6  4 100   M    M  10         M  M
20  88  63  76  -9   0  11 0.00  0.0    0  2.3  7 110   M    M   2 1       M  M
21  91  68  80  -5   0  15 0.00  0.0    0  2.9  7 110   M    M   2         M  M
22  91  72  82  -3   0  17 0.00  0.0    0  3.0  6  40   M    M   0 1       M  M
23  93  70  82  -4   0  17    M  0.0    0  1.5 14  30   M    M   0 13     22  30
24  90  70  80  -6   0  15 0.00  0.0    0  2.7  8 120   M    M   2         M  M
25  95  70  83  -3   0  18 0.00  0.0    0  5.8 12 140   M    M   0 1       M  M
26  97  73  85  -1   0  20 0.00  0.0    0  8.0 12 180   M    M   0        17 170
================================================================================
SM 2354 1820         0 404  2.17     0.0 133.6          M       53
================================================================================
AV 90.5 70.0                               5.1 FASTST   M    M   2    MAX(MPH)
                                 MISC ---->    29   M                 37    M
================================================================================
NOTES:
# LAST OF SEVERAL OCCURRENCES

COLUMN 17 PEAK WIND IN M.P.H.

PRELIMINARY LOCAL CLIMATOLOGICAL DATA (WS FORM: F-6) , PAGE 2

                                          STATION:  GREENVILLE
                                          MONTH:    JULY
                                          YEAR:     2014
                                          LATITUDE:   33  4 N
                                          LONGITUDE:  96  4 W

[TEMPERATURE DATA]      [PRECIPITATION DATA]       SYMBOLS USED IN COLUMN 16

AVERAGE MONTHLY: 80.3   TOTAL FOR MONTH:   2.17    1 = FOG OR MIST
DPTR FM NORMAL:  -4.4   DPTR FM NORMAL:   -0.60    2 = FOG REDUCING VISIBILITY
HIGHEST:    99 ON 14,13 GRTST 24HR  1.05 ON 17-17      TO 1/4 MILE OR LESS
LOWEST:     63 ON 20,18                            3 = THUNDER
                        SNOW, ICE PELLETS, HAIL    4 = ICE PELLETS
                        TOTAL MONTH:   0.0 INCH    5 = HAIL
                        GRTST 24HR     0.0         6 = FREEZING RAIN OR DRIZZLE
                        GRTST DEPTH:   0           7 = DUSTSTORM OR SANDSTORM:
                                                       VSBY 1/2 MILE OR LESS
                                                   8 = SMOKE OR HAZE
[NO. OF DAYS WITH]      [WEATHER - DAYS WITH]      9 = BLOWING SNOW
                                                   X = TORNADO
MAX 32 OR BELOW:   0    0.01 INCH OR MORE:   4
MAX 90 OR ABOVE:  20    0.10 INCH OR MORE:   3
MIN 32 OR BELOW:   0    0.50 INCH OR MORE:   3
MIN  0 OR BELOW:   0    1.00 INCH OR MORE:   1

[HDD (BASE 65) ]
TOTAL THIS MO.     0    CLEAR  (SCALE 0-3)  23
DPTR FM NORMAL     0    PTCLDY (SCALE 4-7)   0
TOTAL FM JUL 1     0    CLOUDY (SCALE 8-10)  3
DPTR FM NORMAL     0

[CDD (BASE 65) ]
TOTAL THIS MO.   404
DPTR FM NORMAL  -107    [PRESSURE DATA]
TOTAL FM JAN 1  1157    HIGHEST SLP M ON M
DPTR FM NORMAL  -207    LOWEST  SLP M ON M

[REMARKS]
