000
CXUS54 KJAN 231000
CF6GWO
PRELIMINARY LOCAL CLIMATOLOGICAL DATA (WS FORM: F-6)

                                          STATION:   GREENWOOD
                                          MONTH:     JULY
                                          YEAR:      2014
                                          LATITUDE:   33 30 N
                                          LONGITUDE:  90  5 W

  TEMPERATURE IN F:       :PCPN:    SNOW:  WIND      :SUNSHINE: SKY     :PK WND
================================================================================
1   2   3   4   5  6A  6B    7    8   9   10  11  12  13   14  15   16   17  18
                                     12Z  AVG MX 2MIN
DY MAX MIN AVG DEP HDD CDD  WTR  SNW DPTH SPD SPD DIR MIN PSBL S-S WX    SPD DR
================================================================================

 1  91  72  82   1   0  17 0.00  0.0    0  5.8 15 190   M    M   0 1      20 180
 2  91  69  80  -1   0  15 0.04  0.0    0  2.6 16 340   M    M   1 1      21 350
 3  86  66  76  -5   0  11 0.00  0.0    0  4.9 13 350   M    M   2 12     17 350
 4  83  61  72  -9   0   7 0.00  0.0    0  5.2 13  30   M    M   2 18     17  30
 5  86  59  73  -8   0   8 0.00  0.0    0  1.9  9  30   M    M   0 12     13  30
 6  88  61  75  -6   0  10 0.00  0.0    0  1.6  8  20   M    M   1 1      11 120
 7  92  67  80  -1   0  15 0.00  0.0    0  5.1 14 210   M    M   1 1      19 190
 8  88  71  80  -1   0  15 0.04  0.0    0  7.4 17 210   M    M   1        24 250
 9  87  73  80  -1   0  15    T  0.0    0  4.2 10 150   M    M   3        14 170
10  90  71  81   0   0  16 0.56  0.0    0  2.5 17  90   M    M   4 1      22  80
11  89  72  81   0   0  16 0.00  0.0    0  2.9 10 360   M    M   2 1      14 340
12  94  71  83   2   0  18 0.00  0.0    0  1.4  8  50   M    M   1 1      11  20
13  93  71  82   1   0  17 0.00  0.0    0  3.1  9 210   M    M   0 18     11 160
14  93  73  83   2   0  18 0.28  0.0    0  7.3 21 360   M    M   1 1      29 360
15  84  64  74  -7   0   9 0.79  0.0    0  5.1 14 360   M    M   6 1      20 360
16  82  58  70 -11   0   5 0.00  0.0    0  3.7 14  30   M    M   1 1      18 340
17  79  65  72  -9   0   7    T  0.0    0  4.9 10  60   M    M   2        14  80
18  72  65  69 -12   0   4 3.38  0.0    0  7.0 17  70   M    M  10 1      23  80
19  78  65  72  -9   0   7 0.01  0.0    0  2.4  7 230   M    M  10 1      10 320
20  81  64  73  -8   0   8 0.00  0.0    0  0.9  7  30   M    M   8 12      9  70
21  89  63  76  -5   0  11 0.00  0.0    0  2.8  9  30   M    M   2 1      11  70
22  92  67  80  -1   0  15 0.26  0.0    0  2.9 14  70   M    M   3 128    17  60
================================================================================
SM 1908 1468         0 264  5.36     0.0  85.6          M       61
================================================================================
AV 86.7 66.7                               3.9 FASTST   M    M   3    MAX(MPH)
                                 MISC ---->  # 21 360               # 29  360
================================================================================
NOTES:
# LAST OF SEVERAL OCCURRENCES

COLUMN 17 PEAK WIND IN M.P.H.

PRELIMINARY LOCAL CLIMATOLOGICAL DATA (WS FORM: F-6) , PAGE 2

                                          STATION:  GREENWOOD
                                          MONTH:    JULY
                                          YEAR:     2014
                                          LATITUDE:   33 30 N
                                          LONGITUDE:  90  5 W

[TEMPERATURE DATA]      [PRECIPITATION DATA]       SYMBOLS USED IN COLUMN 16

AVERAGE MONTHLY: 76.7   TOTAL FOR MONTH:   5.36    1 = FOG OR MIST
DPTR FM NORMAL:  -4.3   DPTR FM NORMAL:    2.68    2 = FOG REDUCING VISIBILITY
HIGHEST:    94 ON 12    GRTST 24HR  3.38 ON 18-18      TO 1/4 MILE OR LESS
LOWEST:     58 ON 16                               3 = THUNDER
                        SNOW, ICE PELLETS, HAIL    4 = ICE PELLETS
                        TOTAL MONTH:   0.0 INCH    5 = HAIL
                        GRTST 24HR     0.0         6 = FREEZING RAIN OR DRIZZLE
                        GRTST DEPTH:   0           7 = DUSTSTORM OR SANDSTORM:
                                                       VSBY 1/2 MILE OR LESS
                                                   8 = SMOKE OR HAZE
[NO. OF DAYS WITH]      [WEATHER - DAYS WITH]      9 = BLOWING SNOW
                                                   X = TORNADO
MAX 32 OR BELOW:   0    0.01 INCH OR MORE:   8
MAX 90 OR ABOVE:   8    0.10 INCH OR MORE:   5
MIN 32 OR BELOW:   0    0.50 INCH OR MORE:   3
MIN  0 OR BELOW:   0    1.00 INCH OR MORE:   1

[HDD (BASE 65) ]
TOTAL THIS MO.     0    CLEAR  (SCALE 0-3)  16
DPTR FM NORMAL     0    PTCLDY (SCALE 4-7)   4
TOTAL FM JUL 1     0    CLOUDY (SCALE 8-10)  2
DPTR FM NORMAL     0

[CDD (BASE 65) ]
TOTAL THIS MO.   264
DPTR FM NORMAL   -88    [PRESSURE DATA]
TOTAL FM JAN 1   982    HIGHEST SLP M ON M
DPTR FM NORMAL  -113    LOWEST  SLP 29.88 ON M

[REMARKS]
