000
CXUS54 KJAN 291414
CF6GWO
PRELIMINARY LOCAL CLIMATOLOGICAL DATA (WS FORM: F-6)

                                          STATION:   GREENWOOD
                                          MONTH:     MARCH
                                          YEAR:      2015
                                          LATITUDE:   33 30 N
                                          LONGITUDE:  90  5 W

  TEMPERATURE IN F:       :PCPN:    SNOW:  WIND      :SUNSHINE: SKY     :PK WND
================================================================================
1   2   3   4   5  6A  6B    7    8   9   10  11  12  13   14  15   16   17  18
                                     12Z  AVG MX 2MIN
DY MAX MIN AVG DEP HDD CDD  WTR  SNW DPTH SPD SPD DIR MIN PSBL S-S WX    SPD DR
================================================================================

 1  58  47  53   1  12   0 0.40  0.0    0   M   M   M   M    M   0 1       M  M
 2  48  44  46  -6  19   0 0.12  0.0    0  7.5  M   M   M    M   3 1       M  M
 3  75  45  60   8   5   0    T  0.0    0  6.8 20 210   M    M   9 1      24 210
 4  79  35  57   5   8   0 0.01  0.0    0 16.6 28 210   M    M   9 1      36 200
 5  35  25  30 -23  35   0 0.30    M    M 13.4 24 360   M    M   5 146    34 360
 6  43  20  32 -21  33   0 0.00  0.0    M  5.2 10 310   M    M   0        15 330
 7  59  23  41 -12  24   0 0.00  0.0    0  1.8 10 210   M    M   0        13 210
 8  61  32  47  -6  18   0 0.22  0.0    0  3.8 13  70   M    M   7 1      15 120
 9  61  47  54   0  11   0 0.09  0.0    0  6.5 14 110   M    M  10 1      20  80
10  70  56  63   9   2   0 0.64  0.0    0  7.9 20 170   M    M  10 1      25 170
11  59  53  56   2   9   0 0.02  0.0    0  6.3 12  30   M    M  10 1      15  30
12  74  53  64   9   1   0    T  0.0    0  9.4 17 150   M    M   9 1      23 110
13  69  63  66  11   0   1 1.23  0.0    0  8.0 21 110   M    M  10 1      28 100
14  67  53  60   5   5   0    T  0.0    0  4.8 13 240   M    M   9 1      15 230
15  74  53  64   9   1   0 0.00  0.0    0  2.5  9 310   M    M   6 1      13 300
16  78  50  64   8   1   0 0.00  0.0    0  2.3 12 230   M    M   4 12     16 270
17  78  53  66  10   0   1 0.00  0.0    0  4.4 13 360   M    M   0 1      17 350
18  74  52  63   7   2   0 0.40  0.0    0  6.7 14  90   M    M   3 1      18  80
19  64  53  59   3   6   0    T  0.0    0  1.9  9  10   M    M   8 1      14 260
20  62  55  59   2   6   0 0.37  0.0    0  4.8 12 360   M    M   9 1      16 350
21  57  53  55  -2  10   0 0.44  0.0    0  4.4 10 100   M    M   8 1      13 100
22  59  54  57   0   8   0 0.89  0.0    0  8.8 18  50   M    M  10 1      25 110
23  74  53  64   7   1   0    T  0.0    0  7.1 14  60   M    M   5        19  40
24  77  47  62   4   3   0 0.00  0.0    0  6.6 17 160   M    M   0        21 190
25  80  56  68  10   0   3 0.00  0.0    0  9.3 20 150   M    M   3 1      23 160
26  74  45  60   2   5   0 0.01  0.0    0  9.9 23 350   M    M   6        33 350
27  57  36  47 -11  18   0    T  0.0    0  6.3 20 350   M    M   2        29 350
28  49  35  42 -17  23   0    T  0.0    0  7.4 20  70   M    M   3        23  70
================================================================================
SM 1815 1291       266   5  5.14     0.0 180.4          M      158
================================================================================
AV 64.8 46.1                               6.7 FASTST   M    M   6    MAX(MPH)
                                 MISC ---->  # 28 210               # 36  200
================================================================================
NOTES:
# LAST OF SEVERAL OCCURRENCES

COLUMN 17 PEAK WIND IN M.P.H.

PRELIMINARY LOCAL CLIMATOLOGICAL DATA (WS FORM: F-6) , PAGE 2

                                          STATION:  GREENWOOD
                                          MONTH:    MARCH
                                          YEAR:     2015
                                          LATITUDE:   33 30 N
                                          LONGITUDE:  90  5 W

[TEMPERATURE DATA]      [PRECIPITATION DATA]       SYMBOLS USED IN COLUMN 16

AVERAGE MONTHLY: 55.5   TOTAL FOR MONTH:   5.14    1 = FOG OR MIST
DPTR FM NORMAL:   0.3   DPTR FM NORMAL:    1.29    2 = FOG REDUCING VISIBILITY
HIGHEST:    80 ON 25    GRTST 24HR  1.23 ON 13-13      TO 1/4 MILE OR LESS
LOWEST:     20 ON  6                               3 = THUNDER
                        SNOW, ICE PELLETS, HAIL    4 = ICE PELLETS
                        TOTAL MONTH:   0.0 INCH    5 = HAIL
                        GRTST 24HR     0.0         6 = FREEZING RAIN OR DRIZZLE
                        GRTST DEPTH:   0           7 = DUSTSTORM OR SANDSTORM:
                                                       VSBY 1/2 MILE OR LESS
                                                   8 = SMOKE OR HAZE
[NO. OF DAYS WITH]      [WEATHER - DAYS WITH]      9 = BLOWING SNOW
                                                   X = TORNADO
MAX 32 OR BELOW:   0    0.01 INCH OR MORE:  14
MAX 90 OR ABOVE:   0    0.10 INCH OR MORE:  10
MIN 32 OR BELOW:   4    0.50 INCH OR MORE:   3
MIN  0 OR BELOW:   0    1.00 INCH OR MORE:   1

[HDD (BASE 65) ]
TOTAL THIS MO.   266    CLEAR  (SCALE 0-3)   7
DPTR FM NORMAL   -29    PTCLDY (SCALE 4-7)  10
TOTAL FM JUL 1  2787    CLOUDY (SCALE 8-10) 11
DPTR FM NORMAL   261

[CDD (BASE 65) ]
TOTAL THIS MO.     5
DPTR FM NORMAL   -17    [PRESSURE DATA]
TOTAL FM JAN 1     5    HIGHEST SLP M ON M
DPTR FM NORMAL   -22    LOWEST  SLP 29.79 ON 26

[REMARKS]
