000
CXUS53 KGID 310730
CF6HDE
PRELIMINARY LOCAL CLIMATOLOGICAL DATA (WS FORM: F-6)

                                          STATION:   HOLDREGE
                                          MONTH:     AUGUST
                                          YEAR:      2016
                                          LATITUDE:   40 27 N
                                          LONGITUDE:  99 20 W

  TEMPERATURE IN F:       :PCPN:    SNOW:  WIND      :SUNSHINE: SKY     :PK WND
================================================================================
1   2   3   4   5  6A  6B    7    8   9   10  11  12  13   14  15   16   17  18
                                     12Z  AVG MX 2MIN
DY MAX MIN AVG DEP HDD CDD  WTR  SNW DPTH SPD SPD DIR MIN PSBL S-S WX    SPD DR
================================================================================

 1  94  68  81   6   0  16    T    M    M  7.0 15 150   M    M   0        17 150
 2  88  69  79   4   0  14 0.00    M    M  9.2 18  60   M    M   1        24  70
 3  92  67  80   5   0  15 0.00    M    M  8.4 15 150   M    M   3 12     18 150
 4  85  64  75   0   0  10 0.02    M    M  9.3 18  20   M    M   2        25  20
 5  80  62  71  -3   0   6 0.00    M    M  6.1 13  30   M    M   6         M  M
 6  76  63  70  -4   0   5    T    M    M  6.9 12 100   M    M   9        16  90
 7  72  64  68  -6   0   3 0.04    M    M  8.2 13 100   M    M  10         M  M
 8  82  64  73  -1   0   8 0.00    M    M  6.2 10 170   M    M   8         M  M
 9  91  68  80   6   0  15 0.00    M    M  7.7 15 140   M    M   2 18     20 170
10  92  69  81   7   0  16 0.00    M    M 10.1 17 160   M    M   0        24 160
11  83  69  76   2   0  11 0.03    M    M  5.2 14 170   M    M   1         M  M
12  83  64  74   0   0   9 0.16    M    M  7.0 20 340   M    M   3        31 340
13  85  59  72  -2   0   7 0.00    M    M  4.6 10 330   M    M   0         M  M
14  86  59  73  -1   0   8 0.00    M    M  5.8 13 150   M    M   1 3       M  M
15  89  58  74   0   0   9 0.00    M    M 10.2 18 180   M    M   0        23 180
16  85  62  74   0   0   9 0.00    M    M  4.7 10 160   M    M   0         M  M
17  92  61  77   4   0  12 0.00    M    M  7.5 14 110   M    M   0 1      18 110
18  93  67  80   7   0  15 0.00    M    M  9.1 16 170   M    M   0        22 170
19  73  61  67  -6   0   2 0.22    M    M  7.0 17 360   M    M   5 3      23 360
20  74  52  63 -10   2   0 0.00    M    M  7.9 14 360   M    M   3        22 340
21  83  47  65  -8   0   0 0.00    M    M  7.4 16 170   M    M   0        21 170
22  88  61  75   3   0  10 0.00    M    M 14.0 21 180   M    M   0        30 180
23  92  64  78   6   0  13 0.73    M    M  9.3 15 190   M    M   2 3      23 180
24  72  60  66  -6   0   1 0.00    M    M  6.0 12  40   M    M   2        17  40
25  76  57  67  -5   0   2 0.00    M    M  4.2  8  80   M    M   1         M  M
26  73  55  64  -8   1   0 0.16    M    M  5.5 12 100   M    M   6 18      M  M
27  82  53  68  -3   0   3 0.00    M    M  5.2 12 160   M    M   0        20 160
28  84  65  75   4   0  10 0.00    M    M  6.2 13 170   M    M   1 1      17 170
29  78  64  71   0   0   6 0.03    M    M  5.1 15 120   M    M   4 3      23 140
30  76  65  71   0   0   6 0.01    M    M  1.8  7 100   M    M   7 1       M  M
================================================================================
SM 2499 1861         3 241  1.40    M    212.8          M       77
================================================================================
AV 83.3 62.0                               7.1 FASTST   M    M   3    MAX(MPH)
                                 MISC ---->    21   M                 31    M
================================================================================
NOTES:
# LAST OF SEVERAL OCCURRENCES

COLUMN 17 PEAK WIND IN M.P.H.

PRELIMINARY LOCAL CLIMATOLOGICAL DATA (WS FORM: F-6) , PAGE 2

                                          STATION:  HOLDREGE
                                          MONTH:    AUGUST
                                          YEAR:     2016
                                          LATITUDE:   40 27 N
                                          LONGITUDE:  99 20 W

[TEMPERATURE DATA]      [PRECIPITATION DATA]       SYMBOLS USED IN COLUMN 16

AVERAGE MONTHLY: 72.7   TOTAL FOR MONTH:   1.40    1 = FOG OR MIST
DPTR FM NORMAL:  -0.6   DPTR FM NORMAL:   -1.96    2 = FOG REDUCING VISIBILITY
HIGHEST:    94 ON  1    GRTST 24HR  0.73 ON 23-23      TO 1/4 MILE OR LESS
LOWEST:     47 ON 21                               3 = THUNDER
                        SNOW, ICE PELLETS, HAIL    4 = ICE PELLETS
                        TOTAL MONTH:    M          5 = HAIL
                        GRTST 24HR    M  ON   M    6 = FREEZING RAIN OR DRIZZLE
                        GRTST DEPTH:  M  ON   M    7 = DUSTSTORM OR SANDSTORM:
                                                       VSBY 1/2 MILE OR LESS
                                                   8 = SMOKE OR HAZE
[NO. OF DAYS WITH]      [WEATHER - DAYS WITH]      9 = BLOWING SNOW
                                                   X = TORNADO
MAX 32 OR BELOW:   0    0.01 INCH OR MORE:   9
MAX 90 OR ABOVE:   7    0.10 INCH OR MORE:   4
MIN 32 OR BELOW:   0    0.50 INCH OR MORE:   1
MIN  0 OR BELOW:   0    1.00 INCH OR MORE:   0

[HDD (BASE 65) ]
TOTAL THIS MO.     3    CLEAR  (SCALE 0-3)  21
DPTR FM NORMAL    -2    PTCLDY (SCALE 4-7)   7
TOTAL FM JUL 1     4    CLOUDY (SCALE 8-10)  2
DPTR FM NORMAL    -4

[CDD (BASE 65) ]
TOTAL THIS MO.   241
DPTR FM NORMAL   -15    [PRESSURE DATA]
TOTAL FM JAN 1   883    HIGHEST SLP M ON M
DPTR FM NORMAL    77    LOWEST  SLP M ON M

[REMARKS]
