000
CXUS53 KBIS 240729
CF6HEI
PRELIMINARY LOCAL CLIMATOLOGICAL DATA (WS FORM: F-6)

                                          STATION:   HETTINGER ND
                                          MONTH:     JUNE
                                          YEAR:      2017
                                          LATITUDE:   46  0 N
                                          LONGITUDE: 102 39 W

  TEMPERATURE IN F:       :PCPN:    SNOW:  WIND      :SUNSHINE: SKY     :PK WND
================================================================================
1   2   3   4   5  6A  6B    7    8   9   10  11  12  13   14  15   16   17  18
                                     12Z  AVG MX 2MIN
DY MAX MIN AVG DEP HDD CDD  WTR  SNW DPTH SPD SPD DIR MIN PSBL S-S WX    SPD DR
================================================================================

 1  91  52  72  14   0   7 0.00    M    M 12.7 22 160   M    M   0        28 170
 2  89  49  69  11   0   4 0.00    M    M 10.0 31 310   M    M   2        38 310
 3  85  46  66   8   0   1 0.00    M    M  6.5 18 310   M    M   0        28 300
 4  92  41  67   9   0   2 0.00    M    M  5.5 14 100   M    M   1        19 100
 5  93  56  75  16   0  10 0.04    M    M 13.0 33 290   M    M   2 3      44 280
 6  78  47  63   4   2   0    T    M    M 11.2 22 320   M    M   3        26 330
 7  82  39  61   2   4   0 0.00    M    M  6.1 13  90   M    M   0        16 320
 8  87  53  70  10   0   5 0.00    M    M 13.6 21 110   M    M   0        29 120
 9  94  59  77  17   0  12 0.00    M    M 12.8 21 360   M    M   0        28 290
10  82  56  69   9   0   4 0.01    M    M 15.8 28 280   M    M   6 3      40 320
11  79  44  62   1   3   0 0.00    M    M  7.6 22 290   M    M   1        28 270
12  82  49  66   5   0   1 0.02    M    M 13.2 26  90   M    M   5 1      36 110
13  84  56  70   9   0   5 0.01    M    M 12.2 25  50   M    M   5 13     31 200
14  75  46  61  -1   4   0    T    M    M 18.4 37 280   M    M   3        44 270
15  82  43  63   1   2   0 0.00    M    M 12.0 32 270   M    M   2        39 270
16  78  49  64   2   1   0 0.03    M    M  5.2 31 290   M    M   5 8      39 300
17  71  42  57  -5   8   0    T    M    M 16.1 39 310   M    M   6 3      49 310
18  74  39  57  -6   8   0 0.02    M    M  8.8 22 330   M    M   3        34 280
19  81  43  62  -1   3   0 0.00    M    M  9.8 23 290   M    M   2        32 310
20  81  42  62  -1   3   0    T    M    M  9.4 20 100   M    M   3        25 100
21  89  50  70   6   0   5    T    M    M 11.9 26 310   M    M   2        35 320
22  77  47  62  -2   3   0 0.00    M    M 17.6 33 320   M    M   4        43 320
23  68  40  54 -10  11   0 0.00    M    M 18.9 35 310   M    M   3        43 300
================================================================================
SM 1894 1088        52  56  0.13    M    268.3          M       58
================================================================================
AV 82.4 47.3                              11.7 FASTST   M    M   3    MAX(MPH)
                                 MISC ---->  # 39 310               # 49  310
================================================================================
NOTES:
# LAST OF SEVERAL OCCURRENCES

COLUMN 17 PEAK WIND IN M.P.H.

PRELIMINARY LOCAL CLIMATOLOGICAL DATA (WS FORM: F-6) , PAGE 2

                                          STATION:  HETTINGER ND
                                          MONTH:    JUNE
                                          YEAR:     2017
                                          LATITUDE:   46  0 N
                                          LONGITUDE: 102 39 W

[TEMPERATURE DATA]      [PRECIPITATION DATA]       SYMBOLS USED IN COLUMN 16

AVERAGE MONTHLY: 64.8   TOTAL FOR MONTH:   0.13    1 = FOG OR MIST
DPTR FM NORMAL:   3.9   DPTR FM NORMAL:   -2.02    2 = FOG REDUCING VISIBILITY
HIGHEST:    94 ON  9    GRTST 24HR  0.04 ON  5- 5      TO 1/4 MILE OR LESS
LOWEST:     39 ON 18, 7                            3 = THUNDER
                        SNOW, ICE PELLETS, HAIL    4 = ICE PELLETS
                        TOTAL MONTH:    M          5 = HAIL
                        GRTST 24HR    M  ON   M    6 = FREEZING RAIN OR DRIZZLE
                        GRTST DEPTH:  M  ON   M    7 = DUSTSTORM OR SANDSTORM:
                                                       VSBY 1/2 MILE OR LESS
                                                   8 = SMOKE OR HAZE
[NO. OF DAYS WITH]      [WEATHER - DAYS WITH]      9 = BLOWING SNOW
                                                   X = TORNADO
MAX 32 OR BELOW:   0    0.01 INCH OR MORE:   6
MAX 90 OR ABOVE:   4    0.10 INCH OR MORE:   0
MIN 32 OR BELOW:   0    0.50 INCH OR MORE:   0
MIN  0 OR BELOW:   0    1.00 INCH OR MORE:   0

[HDD (BASE 65) ]
TOTAL THIS MO.    52    CLEAR  (SCALE 0-3)  15
DPTR FM NORMAL   -69    PTCLDY (SCALE 4-7)   8
TOTAL FM JUL 1  8166    CLOUDY (SCALE 8-10)  0
DPTR FM NORMAL  -454

[CDD (BASE 65) ]
TOTAL THIS MO.    56
DPTR FM NORMAL    28    [PRESSURE DATA]
TOTAL FM JAN 1    67    HIGHEST SLP  0.00 ON M
DPTR FM NORMAL    34    LOWEST  SLP 29.25 ON 10

[REMARKS]
