000
CXUS54 KJAN 300800
CF6HEZ
PRELIMINARY LOCAL CLIMATOLOGICAL DATA (WS FORM: F-6)

                                          STATION:   NATCHEZ
                                          MONTH:     AUGUST
                                          YEAR:      2014
                                          LATITUDE:   31 37 N
                                          LONGITUDE:  91 15 W

  TEMPERATURE IN F:       :PCPN:    SNOW:  WIND      :SUNSHINE: SKY     :PK WND
================================================================================
1   2   3   4   5  6A  6B    7    8   9   10  11  12  13   14  15   16   17  18
                                     12Z  AVG MX 2MIN
DY MAX MIN AVG DEP HDD CDD  WTR  SNW DPTH SPD SPD DIR MIN PSBL S-S WX    SPD DR
================================================================================

 1  75  70  73   M   0   8 1.69  0.0    0  7.0 14 120   M    M  10        17 130
 2  79  70  75   M   0  10 2.12  0.0    0  5.7  9  50   M    M  10 3       M  M
 3  88  72  80   M   0  15 0.16  0.0    0  3.1  8 360   M    M   7         M  M
 4  90  70  80   M   0  15 0.22  0.0    0  2.0  8  30   M    M   4 3       M  M
 5  91  68  80   M   0  15 0.00  0.0    0  1.6  6  10   M    M   1         M  M
 6  91  73  82   M   0  17 0.00  0.0    0  1.6  6 140   M    M   1         M  M
 7  91  73  82   M   0  17 0.00  0.0    0  5.3 13 240   M    M   1         M  M
 8  91  75  83   M   0  18 0.00  0.0    0  4.7 10 300   M    M   1         M  M
 9  90  73  82   M   0  17 0.90  0.0    0  5.1 10 260   M    M   4 3       M  M
10  91  72  82   M   0  17 0.89  0.0    0  4.4 13 310   M    M   4 3       M  M
11  90  70  80   M   0  15 2.09  0.0    0  4.4 10 170   M    M   4 3      28  40
12  90  70  80   M   0  15 0.00  0.0    0  2.8  7  10   M    M   3         M  M
13  84  64  74   M   0   9 0.00  0.0    0  3.8 10  40   M    M   0         M  M
14  84  63  74   M   0   9 0.00  0.0    0  2.2  7  20   M    M   1         M  M
15  86  63  75   M   0  10 0.00  0.0    0  1.4  6  10   M    M   0         M  M
16  91  68  80   M   0  15 0.00  0.0    0  3.5  7 170   M    M   3         M  M
17  91  73  82   M   0  17 0.12  0.0    0  6.7 14 250   M    M   2 3      20 240
18  91  73  82   M   0  17 0.00  0.0    0  6.6 12 240   M    M   2        17 240
19  91  73  82   M   0  17 0.00  0.0    0  5.1  9 220   M    M   1         M  M
20  91  73  82   M   0  17 0.00  0.0    0  4.2  8 110   M    M   1 3       M  M
21  93  73  83   M   0  18 0.00  0.0    0  2.9  7 170   M    M   0 3       M  M
22  91  73  82   M   0  17 0.00  0.0    0  2.6 10 290   M    M   1         M  M
23  91  73  82   M   0  17 0.00  0.0    0  2.5  7 290   M    M   0         M  M
24  91  73  82   M   0  17 0.00  0.0    0  2.3  8  10   M    M   0         M  M
25  91  73  82   M   0  17 0.04  0.0    0  2.7  8  50   M    M   2 3       M  M
26  88  72  80   M   0  15 0.00  0.0    0  4.4 10  50   M    M   3        20  30
27  91  66  79   M   0  14 0.00  0.0    0  3.8  9 130   M    M   2         M  M
28  91  72  82   M   0  17 0.00  0.0    0  2.9  9 170   M    M   3        16 170
29  90  73  82   M   0  17 0.00  0.0    0  5.8 10 150   M    M   1         M  M
================================================================================
SM 2583 2054         0 439  8.23     0.0 111.1          M       72
================================================================================
AV 89.1 70.8                               3.8 FASTST   M    M   2    MAX(MPH)
                                 MISC ---->    14   M                 28    M
================================================================================
NOTES:
# LAST OF SEVERAL OCCURRENCES

COLUMN 17 PEAK WIND IN M.P.H.

PRELIMINARY LOCAL CLIMATOLOGICAL DATA (WS FORM: F-6) , PAGE 2

                                          STATION:  NATCHEZ
                                          MONTH:    AUGUST
                                          YEAR:     2014
                                          LATITUDE:   31 37 N
                                          LONGITUDE:  91 15 W

[TEMPERATURE DATA]      [PRECIPITATION DATA]       SYMBOLS USED IN COLUMN 16

AVERAGE MONTHLY: 79.9   TOTAL FOR MONTH:   8.23    1 = FOG OR MIST
DPTR FM NORMAL:     M   DPTR FM NORMAL:       M    2 = FOG REDUCING VISIBILITY
HIGHEST:    93 ON 21    GRTST 24HR  2.12 ON  2- 2      TO 1/4 MILE OR LESS
LOWEST:     63 ON 15,14                            3 = THUNDER
                        SNOW, ICE PELLETS, HAIL    4 = ICE PELLETS
                        TOTAL MONTH:   0.0 INCH    5 = HAIL
                        GRTST 24HR     0.0         6 = FREEZING RAIN OR DRIZZLE
                        GRTST DEPTH:   0           7 = DUSTSTORM OR SANDSTORM:
                                                       VSBY 1/2 MILE OR LESS
                                                   8 = SMOKE OR HAZE
[NO. OF DAYS WITH]      [WEATHER - DAYS WITH]      9 = BLOWING SNOW
                                                   X = TORNADO
MAX 32 OR BELOW:   0    0.01 INCH OR MORE:   9
MAX 90 OR ABOVE:  22    0.10 INCH OR MORE:   8
MIN 32 OR BELOW:   0    0.50 INCH OR MORE:   5
MIN  0 OR BELOW:   0    1.00 INCH OR MORE:   3

[HDD (BASE 65) ]
TOTAL THIS MO.     0    CLEAR  (SCALE 0-3)  21
DPTR FM NORMAL     M    PTCLDY (SCALE 4-7)   6
TOTAL FM JUL 1     0    CLOUDY (SCALE 8-10)  2
DPTR FM NORMAL     M

[CDD (BASE 65) ]
TOTAL THIS MO.   439
DPTR FM NORMAL     M    [PRESSURE DATA]
TOTAL FM JAN 1  1624    HIGHEST SLP M ON M
DPTR FM NORMAL     M    LOWEST  SLP M ON M

[REMARKS]
