000
CXUS54 KHGX 211315
CF6HGX
PRELIMINARY LOCAL CLIMATOLOGICAL DATA (WS FORM: F-6)

                                          STATION:   DICKINSON  WFO
                                          MONTH:     SEPTEMBER
                                          YEAR:      2014
                                          LATITUDE:   29 28 N
                                          LONGITUDE:  95  5 W

  TEMPERATURE IN F:       :PCPN:    SNOW:  WIND      :SUNSHINE: SKY     :PK WND
================================================================================
1   2   3   4   5  6A  6B    7    8   9   10  11  12  13   14  15   16   17  18
                                     12Z  AVG MX 2MIN
DY MAX MIN AVG DEP HDD CDD  WTR  SNW DPTH SPD SPD DIR MIN PSBL S-S WX    SPD DR
================================================================================

 1  91  73  82   1   0  17 0.00    M    M   M   M   M   M    M   M         M  M
 2  92  79  86   5   0  21 0.02    M    M   M   M   M   M    M   M 3       M  M
 3  93  77  85   4   0  20 0.00    M    M   M   M   M   M    M   M         M  M
 4  93  78  86   5   0  21 0.00  0.0    M   M   M   M   M    M   M         M  M
 5  89  76  83   3   0  18 0.25  0.0    M   M   M   M   M    M   M 3       M  M
 6  90  76  83   3   0  18 1.02  0.0    M   M   M   M   M    M   M 3       M  M
 7  88  72  80   0   0  15 1.18  0.0    M   M   M   M   M    M   M 3       M  M
 8  90  72  81   1   0  16 0.00    M    M   M   M   M   M    M   M         M  M
 9  93  74  84   4   0  19 0.00    M    M   M   M   M   M    M   M         M  M
10  93  78  86   7   0  21 0.01    M    M   M   M   M   M    M   M         M  M
11  93  76  85   6   0  20 0.11    M    M   M   M   M   M    M   M         M  M
12  86  76  81   2   0  16 1.11    M    M   M   M   M   M    M   M 3       M  M
13  78  67  73  -6   0   8 0.01    M    M   M   M   M   M    M   M         M  M
14  76  67  72  -6   0   7 0.00  0.0    M   M   M   M   M    M   M         M  M
15  88  71  80   2   0  15 0.00  0.0    M   M   M   M   M    M   M         M  M
16  85  76  81   3   0  16 1.97  0.0    M   M   M   M   M    M   M 3       M  M
17  87  75  81   3   0  16 0.31    M    M   M   M   M   M    M   M 3       M  M
18  79  74  77  -1   0  12 2.38    M    M   M   M   M   M    M   M 3       M  M
19  80  74  77   0   0  12 0.51    M    M   M   M   M   M    M   M         M  M
20  86  74  80   3   0  15 0.02    M    M   M   M   M   M    M   M         M  M
================================================================================
SM 1750 1485         0 323  8.90     0.0     M          M        M
================================================================================
AV 87.5 74.2                                 M FASTST   M    M   4    MAX(MPH)
                                 MISC ---->     M   M                  M    M
================================================================================
NOTES:
# LAST OF SEVERAL OCCURRENCES

COLUMN 17 PEAK WIND IN M.P.H.

PRELIMINARY LOCAL CLIMATOLOGICAL DATA (WS FORM: F-6) , PAGE 2

                                          STATION:  DICKINSON  WFO
                                          MONTH:    SEPTEMBER
                                          YEAR:     2014
                                          LATITUDE:   29 28 N
                                          LONGITUDE:  95  5 W

[TEMPERATURE DATA]      [PRECIPITATION DATA]       SYMBOLS USED IN COLUMN 16

AVERAGE MONTHLY: 80.9   TOTAL FOR MONTH:   8.90    1 = FOG OR MIST
DPTR FM NORMAL:   1.7   DPTR FM NORMAL:    3.82    2 = FOG REDUCING VISIBILITY
HIGHEST:    93 ON 11,10 GRTST 24HR  2.38 ON 18-18      TO 1/4 MILE OR LESS
LOWEST:     67 ON 14,13                            3 = THUNDER
                        SNOW, ICE PELLETS, HAIL    4 = ICE PELLETS
                        TOTAL MONTH:   0.0 INCH    5 = HAIL
                        GRTST 24HR     0.0         6 = FREEZING RAIN OR DRIZZLE
                        GRTST DEPTH:  M  ON   M    7 = DUSTSTORM OR SANDSTORM:
                                                       VSBY 1/2 MILE OR LESS
                                                   8 = SMOKE OR HAZE
[NO. OF DAYS WITH]      [WEATHER - DAYS WITH]      9 = BLOWING SNOW
                                                   X = TORNADO
MAX 32 OR BELOW:   0    0.01 INCH OR MORE:  13
MAX 90 OR ABOVE:   9    0.10 INCH OR MORE:   9
MIN 32 OR BELOW:   0    0.50 INCH OR MORE:   6
MIN  0 OR BELOW:   0    1.00 INCH OR MORE:   5

[HDD (BASE 65) ]
TOTAL THIS MO.     0    CLEAR  (SCALE 0-3)   0
DPTR FM NORMAL     0    PTCLDY (SCALE 4-7)   0
TOTAL FM JUL 1     0    CLOUDY (SCALE 8-10)  0
DPTR FM NORMAL     0

[CDD (BASE 65) ]
TOTAL THIS MO.   323
DPTR FM NORMAL    38    [PRESSURE DATA]
TOTAL FM JAN 1  2511    HIGHEST SLP M ON M
DPTR FM NORMAL   194    LOWEST  SLP M ON M

[REMARKS]
