724
CXUS56 KPQR 241200
CF6HIO
PRELIMINARY LOCAL CLIMATOLOGICAL DATA (WS FORM: F-6)

                                          STATION:   HILLSBORO OR
                                          MONTH:     SEPTEMBER
                                          YEAR:      2016
                                          LATITUDE:   45 32 N
                                          LONGITUDE: 122 57 W

  TEMPERATURE IN F:       :PCPN:    SNOW:  WIND      :SUNSHINE: SKY     :PK WND
================================================================================
1   2   3   4   5  6A  6B    7    8   9   10  11  12  13   14  15   16   17  18
                                     12Z  AVG MX 2MIN
DY MAX MIN AVG DEP HDD CDD  WTR  SNW DPTH SPD SPD DIR MIN PSBL S-S WX    SPD DR
================================================================================

 1  67  50  59  -5   6   0 0.04  0.0    0  3.3 10 160   M    M   6 12     14 220
 2  68  48  58  -6   7   0 0.05  0.0    0  4.8 15 200   M    M   6 1      22 220
 3  71  44  58  -6   7   0    T  0.0    0  3.8 16  20   M    M   5 12     19  10
 4  69  42  56  -7   9   0    T  0.0    0  3.5 10 300   M    M   4 1      13 330
 5  72  40  56  -7   9   0    T  0.0    0  2.3  9  50   M    M   5 12     13  40
 6  71  56  64   1   1   0 0.28  0.0    0  3.6  9  40   M    M   8 1      13 160
 7  74  57  66   3   0   1    T  0.0    0  2.5 10  20   M    M   7 1      13  30
 8  75  51  63   1   2   0 0.00  0.0    0  6.8 16 320   M    M   4        20 360
 9  83  44  64   2   1   0 0.00  0.0    0  5.1 15  10   M    M   0        20  20
10  86  47  67   5   0   2 0.00  0.0    0  5.7 18 320   M    M   0        25 340
11  73  47  60  -2   5   0 0.00  0.0    0  6.7 16 340   M    M   1        19 330
12  79  44  62   0   3   0 0.00  0.0    0  3.4 14  30   M    M   0        18  40
13  81  42  62   1   3   0 0.00  0.0    0  4.9 17  70   M    M   0 8      24  70
14  80  42  61   0   4   0 0.00  0.0    0  2.3  8 300   M    M   0        11 170
15  81  44  63   2   2   0 0.00  0.0    0  2.3  9  50   M    M   0 1      11  50
16  84  46  65   4   0   0 0.00  0.0    0  1.5  8 270   M    M   0        10 260
17  63  57  60   0   5   0 0.42  0.0    0  4.5 10 150   M    M  10 1      12 160
18  73  47  60   0   5   0    T    M    0  2.3 15 300   M    M   7 1      18 300
19  66  44  55  -5  10   0 0.00  0.0    0  2.1  7 330   M    M   4 128    10 240
20  71  44  58  -2   7   0 0.09    M    0  3.6 21 280   M    M   3 13     27 290
21  74  41  58  -1   7   0 0.00  0.0    0  3.3 14 350   M    M   1 123    18 310
22  67  42  55  -4  10   0    T    M    0  2.1 12  60   M    M   5        15  70
23  62  46  54  -5  11   0 0.05    M    0  5.7 18 190   M    M   9 12     23 200
================================================================================
SM 1690 1065       114   3  0.93     0.0  86.1          M       85
================================================================================
AV 73.5 46.3                               3.7 FASTST   M    M   4    MAX(MPH)
                                 MISC ---->  # 21 280               # 27  290
================================================================================
NOTES:
# LAST OF SEVERAL OCCURRENCES

COLUMN 17 PEAK WIND IN M.P.H.

PRELIMINARY LOCAL CLIMATOLOGICAL DATA (WS FORM: F-6) , PAGE 2

                                          STATION:  HILLSBORO OR
                                          MONTH:    SEPTEMBER
                                          YEAR:     2016
                                          LATITUDE:   45 32 N
                                          LONGITUDE: 122 57 W

[TEMPERATURE DATA]      [PRECIPITATION DATA]       SYMBOLS USED IN COLUMN 16

AVERAGE MONTHLY: 59.9   TOTAL FOR MONTH:   0.93    1 = FOG OR MIST
DPTR FM NORMAL:  -1.6   DPTR FM NORMAL:    0.04    2 = FOG REDUCING VISIBILITY
HIGHEST:    86 ON 10    GRTST 24HR  0.42 ON 17-17      TO 1/4 MILE OR LESS
LOWEST:     40 ON  5                               3 = THUNDER
                        SNOW, ICE PELLETS, HAIL    4 = ICE PELLETS
                        TOTAL MONTH:   0.0 INCH    5 = HAIL
                        GRTST 24HR     0.0         6 = FREEZING RAIN OR DRIZZLE
                        GRTST DEPTH:   0           7 = DUSTSTORM OR SANDSTORM:
                                                       VSBY 1/2 MILE OR LESS
                                                   8 = SMOKE OR HAZE
[NO. OF DAYS WITH]      [WEATHER - DAYS WITH]      9 = BLOWING SNOW
                                                   X = TORNADO
MAX 32 OR BELOW:   0    0.01 INCH OR MORE:   6
MAX 90 OR ABOVE:   0    0.10 INCH OR MORE:   2
MIN 32 OR BELOW:   0    0.50 INCH OR MORE:   0
MIN  0 OR BELOW:   0    1.00 INCH OR MORE:   0

[HDD (BASE 65) ]
TOTAL THIS MO.   114    CLEAR  (SCALE 0-3)  10
DPTR FM NORMAL    15    PTCLDY (SCALE 4-7)  11
TOTAL FM JUL 1   158    CLOUDY (SCALE 8-10)  2
DPTR FM NORMAL   -48

[CDD (BASE 65) ]
TOTAL THIS MO.     3
DPTR FM NORMAL   -13    [PRESSURE DATA]
TOTAL FM JAN 1   329    HIGHEST SLP M ON M
DPTR FM NORMAL   135    LOWEST  SLP 29.88 ON 13

[REMARKS]
