000
CXUS53 KGLD 230800
CF6HLC
PRELIMINARY LOCAL CLIMATOLOGICAL DATA (WS FORM: F-6)

                                          STATION:   HILL CITY KS
                                          MONTH:     MAY
                                          YEAR:      2017
                                          LATITUDE:   39 22 N
                                          LONGITUDE:  99 50 W

  TEMPERATURE IN F:       :PCPN:    SNOW:  WIND      :SUNSHINE: SKY     :PK WND
================================================================================
1   2   3   4   5  6A  6B    7    8   9   10  11  12  13   14  15   16   17  18
                                     12Z  AVG MX 2MIN
DY MAX MIN AVG DEP HDD CDD  WTR  SNW DPTH SPD SPD DIR MIN PSBL S-S WX    SPD DR
================================================================================

 1  68  34  51  -6  14   0    T    M    M 12.1 21 290   M    M   2        29 300
 2  64  40  52  -6  13   0    T    M    M  6.2 13  30   M    M   7        15  20
 3  64  40  52  -6  13   0    T    M    M 11.1 28 350   M    M   6        36 330
 4  71  37  54  -4  11   0    T    M    M  8.5 22 350   M    M   0        26 360
 5  81  36  59   0   6   0 0.00    M    M  3.5 14 220   M    M   0 8      18 230
 6  87  45  66   7   0   1 0.00    M    M  6.9 16 150   M    M   0        22 150
 7  92  55  74  15   0   9 0.00    M    M 13.0 28 210   M    M   0        36 190
 8  90  59  75  15   0  10 0.00    M    M  9.8 18 160   M    M   0        25 170
 9  83  56  70  10   0   5 0.00    M    M  9.7 20  50   M    M   3 38     25  50
10  80  53  67   7   0   2 0.00    M    M 10.0 26  40   M    M   4 13     36 220
11  67  46  57  -4   8   0 0.89    M    M 13.4 23  50   M    M   6 13     28  40
12  74  40  57  -4   8   0 0.00    M    M  7.1 13 100   M    M   0        21 120
13  80  39  60  -2   5   0 0.00    M    M 12.3 26 170   M    M   0        37 160
14  88  60  74  12   0   9    T    M    M  8.3 18 190   M    M   0        28 180
15  94  60  77  15   0  12 0.00    M    M  8.9 28 320   M    M   1 3      34 320
16  90  57  74  11   0   9 0.55    M    M 10.6 39 170   M    M   0 123    64 180
17  72  54  63   0   2   0 0.14    M    M 13.0 28 310   M    M   5 13     37 300
18  59  50  55  -8  10   0 0.12    M    M 14.5 25  60   M    M   9 13     32  70
19  55  47  51 -13  14   0 1.57    M    M 15.4 31 360   M    M  10 13     35 360
20  50  36  43 -21  22   0 0.03    M    M 14.2 24 310   M    M   8 1      32 310
21  77  36  57  -7   8   0 0.01    M    M  6.1 16 290   M    M   3        20 290
22  76  51  64  -1   1   0 0.05    M    M  8.7 29 330   M    M   5 18     39 330
================================================================================
SM 1662 1031       135  57  3.36    M    223.3          M       69
================================================================================
AV 75.6 46.9                              10.2 FASTST   M    M   3    MAX(MPH)
                                 MISC ---->  # 39 170               # 64  180
================================================================================
NOTES:
# LAST OF SEVERAL OCCURRENCES

COLUMN 17 PEAK WIND IN M.P.H.

PRELIMINARY LOCAL CLIMATOLOGICAL DATA (WS FORM: F-6) , PAGE 2

                                          STATION:  HILL CITY KS
                                          MONTH:    MAY
                                          YEAR:     2017
                                          LATITUDE:   39 22 N
                                          LONGITUDE:  99 50 W

[TEMPERATURE DATA]      [PRECIPITATION DATA]       SYMBOLS USED IN COLUMN 16

AVERAGE MONTHLY: 61.2   TOTAL FOR MONTH:   3.36    1 = FOG OR MIST
DPTR FM NORMAL:   0.2   DPTR FM NORMAL:    0.70    2 = FOG REDUCING VISIBILITY
HIGHEST:    94 ON 15    GRTST 24HR  1.57 ON 19-19      TO 1/4 MILE OR LESS
LOWEST:     34 ON  1                               3 = THUNDER
                        SNOW, ICE PELLETS, HAIL    4 = ICE PELLETS
                        TOTAL MONTH:    M          5 = HAIL
                        GRTST 24HR    M  ON   M    6 = FREEZING RAIN OR DRIZZLE
                        GRTST DEPTH:  M  ON   M    7 = DUSTSTORM OR SANDSTORM:
                                                       VSBY 1/2 MILE OR LESS
                                                   8 = SMOKE OR HAZE
[NO. OF DAYS WITH]      [WEATHER - DAYS WITH]      9 = BLOWING SNOW
                                                   X = TORNADO
MAX 32 OR BELOW:   0    0.01 INCH OR MORE:   8
MAX 90 OR ABOVE:   4    0.10 INCH OR MORE:   5
MIN 32 OR BELOW:   0    0.50 INCH OR MORE:   3
MIN  0 OR BELOW:   0    1.00 INCH OR MORE:   1

[HDD (BASE 65) ]
TOTAL THIS MO.   135    CLEAR  (SCALE 0-3)  11
DPTR FM NORMAL     8    PTCLDY (SCALE 4-7)   9
TOTAL FM JUL 1  4679    CLOUDY (SCALE 8-10)  2
DPTR FM NORMAL  -825

[CDD (BASE 65) ]
TOTAL THIS MO.    57
DPTR FM NORMAL    20    [PRESSURE DATA]
TOTAL FM JAN 1    85    HIGHEST SLP M ON M
DPTR FM NORMAL    41    LOWEST  SLP 29.27 ON 16

[REMARKS]
