000
CXUS53 KGLD 260800
CF6HLC
PRELIMINARY LOCAL CLIMATOLOGICAL DATA (WS FORM: F-6)

                                          STATION:   HILL CITY KS
                                          MONTH:     JULY
                                          YEAR:      2016
                                          LATITUDE:   39 22 N
                                          LONGITUDE:  99 50 W

  TEMPERATURE IN F:       :PCPN:    SNOW:  WIND      :SUNSHINE: SKY     :PK WND
================================================================================
1   2   3   4   5  6A  6B    7    8   9   10  11  12  13   14  15   16   17  18
                                     12Z  AVG MX 2MIN
DY MAX MIN AVG DEP HDD CDD  WTR  SNW DPTH SPD SPD DIR MIN PSBL S-S WX    SPD DR
================================================================================

 1  83  68  76  -2   0  11 0.02    M    M 11.0 20 110   M    M   8        25 110
 2  78  67  73  -5   0   8 0.02    M    M  6.7 17 190   M    M   9 1      25 190
 3  78  64  71  -7   0   6 0.02    M    M  7.8 13  30   M    M   8 1      17  50
 4 100  64  82   4   0  17 0.00    M    M  4.9 12 190   M    M   4 18     15 190
 5 103  64  84   6   0  19 0.06    M    M  9.8 24 250   M    M   1 1      33 160
 6  95  67  81   2   0  16 0.00    M    M  8.1 17  30   M    M   0        22  40
 7  95  72  84   5   0  19    T    M    M 12.6 31 200   M    M   2        41 200
 8  92  71  82   3   0  17 0.00    M    M  8.1 17  60   M    M   2 1      21  60
 9  97  71  84   5   0  19 0.00    M    M  9.2 20 160   M    M   1 18     27 160
10 101  72  87   8   0  22 0.00    M    M 15.4 32 180   M    M   0        41 170
11  98  70  84   5   0  19 0.00    M    M 13.3 28 200   M    M   0        38 200
12  94  65  80   1   0  15 0.00    M    M  8.4 18  40   M    M   1 8      27  40
13  94  67  81   2   0  16 1.15    M    M  8.7 39 300   M    M   2 1      59 300
14  87  68  78  -2   0  13 0.43    M    M  7.8 32 340   M    M   2 1      41 330
15  77  64  71  -9   0   6 0.00    M    M 10.3 29  70   M    M   3        39  80
16  90  61  76  -4   0  11 0.00    M    M 10.2 25 170   M    M   3 1      34 160
17  96  71  84   4   0  19    T    M    M  9.3 17  40   M    M   0        23  30
18  96  72  84   4   0  19 0.00    M    M  8.4 16 140   M    M   0        23 190
19  98  70  84   4   0  19 0.00    M    M 12.7 22 180   M    M   0 8      29 170
20 101  73  87   7   0  22 0.00    M    M 12.9 24 190   M    M   0        33 180
21 101  73  87   7   0  22 0.00    M    M  8.9 17 240   M    M   0        26 200
22 101  75  88   8   0  23 0.00    M    M  6.1 15  80   M    M   0        22 200
23 102  72  87   7   0  22 0.03    M    M  9.5 35 320   M    M   1        44 310
24  91  73  82   2   0  17    T    M    M 11.0 24  20   M    M   3        31  20
25  88  65  77  -3   0  12 0.12    M    M  8.1 22 270   M    M   3 1      29 270
================================================================================
SM 2336 1719         0 409  1.85    M    239.2          M       53
================================================================================
AV 93.4 68.8                               9.6 FASTST   M    M   2    MAX(MPH)
                                 MISC ---->  # 39 300               # 59  300
================================================================================
NOTES:
# LAST OF SEVERAL OCCURRENCES

COLUMN 17 PEAK WIND IN M.P.H.

PRELIMINARY LOCAL CLIMATOLOGICAL DATA (WS FORM: F-6) , PAGE 2

                                          STATION:  HILL CITY KS
                                          MONTH:    JULY
                                          YEAR:     2016
                                          LATITUDE:   39 22 N
                                          LONGITUDE:  99 50 W

[TEMPERATURE DATA]      [PRECIPITATION DATA]       SYMBOLS USED IN COLUMN 16

AVERAGE MONTHLY: 81.1   TOTAL FOR MONTH:   1.85    1 = FOG OR MIST
DPTR FM NORMAL:   1.8   DPTR FM NORMAL:   -1.11    2 = FOG REDUCING VISIBILITY
HIGHEST:   103 ON  5    GRTST 24HR  1.53 ON 13-14      TO 1/4 MILE OR LESS
LOWEST:     61 ON 16                               3 = THUNDER
                        SNOW, ICE PELLETS, HAIL    4 = ICE PELLETS
                        TOTAL MONTH:    M          5 = HAIL
                        GRTST 24HR    M  ON   M    6 = FREEZING RAIN OR DRIZZLE
                        GRTST DEPTH:  M  ON   M    7 = DUSTSTORM OR SANDSTORM:
                                                       VSBY 1/2 MILE OR LESS
                                                   8 = SMOKE OR HAZE
[NO. OF DAYS WITH]      [WEATHER - DAYS WITH]      9 = BLOWING SNOW
                                                   X = TORNADO
MAX 32 OR BELOW:   0    0.01 INCH OR MORE:   8
MAX 90 OR ABOVE:  19    0.10 INCH OR MORE:   3
MIN 32 OR BELOW:   0    0.50 INCH OR MORE:   1
MIN  0 OR BELOW:   0    1.00 INCH OR MORE:   1

[HDD (BASE 65) ]
TOTAL THIS MO.     0    CLEAR  (SCALE 0-3)  19
DPTR FM NORMAL     0    PTCLDY (SCALE 4-7)   5
TOTAL FM JUL 1     0    CLOUDY (SCALE 8-10)  1
DPTR FM NORMAL     0

[CDD (BASE 65) ]
TOTAL THIS MO.   409
DPTR FM NORMAL    52    [PRESSURE DATA]
TOTAL FM JAN 1   867    HIGHEST SLP M ON M
DPTR FM NORMAL   176    LOWEST  SLP 29.46 ON 11

[REMARKS]
