000
CXUS54 KHGX 191415
CF6HOU
PRELIMINARY LOCAL CLIMATOLOGICAL DATA (WS FORM: F-6)

                                          STATION:   HOUSTON/HOBBY AIRPORT
                                          MONTH:     AUGUST
                                          YEAR:      2017
                                          LATITUDE:   29 38 N
                                          LONGITUDE:  95 17 W

  TEMPERATURE IN F:       :PCPN:    SNOW:  WIND      :SUNSHINE: SKY     :PK WND
================================================================================
1   2   3   4   5  6A  6B    7    8   9   10  11  12  13   14  15   16   17  18
                                     12Z  AVG MX 2MIN
DY MAX MIN AVG DEP HDD CDD  WTR  SNW DPTH SPD SPD DIR MIN PSBL S-S WX    SPD DR
================================================================================

 1  95  80  88   4   0  23    T  0.0    0  7.7 16 110   M    M   6        22  80
 2  91  77  84   0   0  19 0.26  0.0    0  4.6 18  50   M    M   8 3      22  50
 3  94  77  86   2   0  21 0.00  0.0    0  5.1 15  30   M    M   8        18  30
 4  95  77  86   2   0  21    T  0.0    0  4.3 22 350   M    M   6 3      24 350
 5  95  77  86   2   0  21 0.29  0.0    0  5.1 20 200   M    M   5 3      24 210
 6  94  80  87   3   0  22 0.03  0.0    0  7.7 21 190   M    M   7 3      28 190
 7  89  76  83  -1   0  18 0.58  0.0    0  4.3 30 270   M    M   9 3      39 270
 8  89  76  83  -1   0  18 0.65  0.0    0  5.4 17 300   M    M   8 1      21 310
 9  95  78  87   3   0  22 0.00  0.0    0  6.1 15 160   M    M   6 1      20 170
10  97  80  89   5   0  24    T  0.0    0  5.1 15 180   M    M   4 3      19 180
11  97  81  89   5   0  24 0.03  0.0    0  6.3 21 240   M    M   4 3      25 240
12  99  81  90   6   0  25 0.00  0.0    0  6.9 17 190   M    M   4        22 180
13  98  80  89   5   0  24 0.00  0.0    0  8.8 16 170   M    M   4        21 160
14  98  81  90   6   0  25 0.00  0.0    0  9.0 18 200   M    M   4        24 200
15  98  81  90   6   0  25 0.00  0.0    0  9.4 18 150   M    M   5        24 180
16  97  82  90   6   0  25 0.01  0.0    0  9.1 21 190   M    M   4        26 200
17  99  82  91   7   0  26 0.00  0.0    0  8.2 17 180   M    M   4        23 190
18 100  80  90   6   0  25 0.01  0.0    0  5.9 15 120   M    M   3        21 130
================================================================================
SM 1720 1426         0 408  1.86     0.0 119.0          M       99
================================================================================
AV 95.6 79.2                               6.6 FASTST   M    M   6    MAX(MPH)
                                 MISC ---->  # 30 270               # 39  270
================================================================================
NOTES:
# LAST OF SEVERAL OCCURRENCES

COLUMN 17 PEAK WIND IN M.P.H.

PRELIMINARY LOCAL CLIMATOLOGICAL DATA (WS FORM: F-6) , PAGE 2

                                          STATION:  HOUSTON/HOBBY AIRPORT
                                          MONTH:    AUGUST
                                          YEAR:     2017
                                          LATITUDE:   29 38 N
                                          LONGITUDE:  95 17 W

[TEMPERATURE DATA]      [PRECIPITATION DATA]       SYMBOLS USED IN COLUMN 16

AVERAGE MONTHLY: 87.4   TOTAL FOR MONTH:   1.86    1 = FOG OR MIST
DPTR FM NORMAL:   3.4   DPTR FM NORMAL:   -0.72    2 = FOG REDUCING VISIBILITY
HIGHEST:   100 ON 18    GRTST 24HR  0.65 ON  8- 8      TO 1/4 MILE OR LESS
LOWEST:     76 ON  8, 7                            3 = THUNDER
                        SNOW, ICE PELLETS, HAIL    4 = ICE PELLETS
                        TOTAL MONTH:   0.0 INCH    5 = HAIL
                        GRTST 24HR     0.0         6 = FREEZING RAIN OR DRIZZLE
                        GRTST DEPTH:   0           7 = DUSTSTORM OR SANDSTORM:
                                                       VSBY 1/2 MILE OR LESS
                                                   8 = SMOKE OR HAZE
[NO. OF DAYS WITH]      [WEATHER - DAYS WITH]      9 = BLOWING SNOW
                                                   X = TORNADO
MAX 32 OR BELOW:   0    0.01 INCH OR MORE:   8
MAX 90 OR ABOVE:  16    0.10 INCH OR MORE:   4
MIN 32 OR BELOW:   0    0.50 INCH OR MORE:   2
MIN  0 OR BELOW:   0    1.00 INCH OR MORE:   0

[HDD (BASE 65) ]
TOTAL THIS MO.     0    CLEAR  (SCALE 0-3)   0
DPTR FM NORMAL     0    PTCLDY (SCALE 4-7)  16
TOTAL FM JUL 1     0    CLOUDY (SCALE 8-10)  2
DPTR FM NORMAL     0

[CDD (BASE 65) ]
TOTAL THIS MO.   408
DPTR FM NORMAL    66    [PRESSURE DATA]
TOTAL FM JAN 1  2557    HIGHEST SLP M ON M
DPTR FM NORMAL   468    LOWEST  SLP 29.80 ON 14

[REMARKS]
