000
CXUS55 KSEW 270930
CF6HQM
PRELIMINARY LOCAL CLIMATOLOGICAL DATA (WS FORM: F-6)

                                          STATION:   HOQUIAM WA AIRPORT
                                          MONTH:     DECEMBER
                                          YEAR:      2014
                                          LATITUDE:   46 58 N
                                          LONGITUDE: 123 56 W

  TEMPERATURE IN F:       :PCPN:    SNOW:  WIND      :SUNSHINE: SKY     :PK WND
================================================================================
1   2   3   4   5  6A  6B    7    8   9   10  11  12  13   14  15   16   17  18
                                     12Z  AVG MX 2MIN
DY MAX MIN AVG DEP HDD CDD  WTR  SNW DPTH SPD SPD DIR MIN PSBL S-S WX    SPD DR
================================================================================

 1  43  25  34  -9  31   0 0.00  0.0    0  6.4 12  50   M    M   0 1      14  50
 2  45  28  37  -6  28   0 0.00  0.0    0 13.4 23  40   M    M   0        30  50
 3  47  37  42   0  23   0 0.00  0.0    0 11.5 18  70   M    M   4        24  50
 4  47  41  44   2  21   0 0.37  0.0    0 10.3 17  50   M    M  10 1      22  50
 5  54  45  50   8  15   0 0.30  0.0    0 10.8 17 150   M    M   9 1      20  50
 6  55  47  51   9  14   0 0.24  0.0    0  7.5 17 210   M    M   9 1      19 210
 7  56  45  51   9  14   0    T  0.0    0 10.7 16  80   M    M   4 1      22  70
 8  56  49  53  11  12   0 1.22  0.0    0 13.3 33 140   M    M   9 1      44 140
 9  59  53  56  14   9   0 1.05  0.0    0 21.7 41 150   M    M  10 1      56 160
10  60  49  55  13  10   0 1.68  0.0    0 19.4 44 150   M    M  10 1      61 150
11  56  48  52  10  13   0 0.62  0.0    0 19.9 46 200   M    M   8 1      57 140
12  52  41  47   6  18   0 0.07  0.0    0  4.7 18 230   M    M   4 1      22 220
13  49  37  43   2  22   0 0.01  0.0    0  8.0 16  50   M    M   6 12     20  50
14  51  41  46   5  19   0 0.00  0.0    0 14.0 22  50   M    M   4 1      29  50
15  49  42  46   5  19   0 0.09    M    0 11.4 18  70   M    M  10 1      25  50
16  48  44  46   5  19   0 0.12    M    0 10.4 16  50   M    M   8 1      22  50
17  48  42  45   4  20   0 0.09  0.0    0  5.8 12  80   M    M  10 1      13  80
18  50  43  47   6  18   0 0.87  0.0    0 10.4 17 160   M    M   9 1      28  70
19  51  43  47   6  18   0 0.52  0.0    0 10.3 21 150   M    M   6 1      25 140
20  55  46  51  10  14   0 1.88  0.0    0 18.4 32 220   M    M  10 1      41 220
21  55  50  53  12  12   0 0.12  0.0    0 12.4 24 240   M    M   8 13     31 240
22  52  41  47   6  18   0 0.00  0.0    0  4.9 13 260   M    M   5 1      15  50
23  54  45  50   9  15   0 0.54  0.0    0  6.6 22 190   M    M  10 1      26 190
24  48  42  45   4  20   0 0.72  0.0    0  7.0 20 310   M    M   7 1      27 320
25  48  39  44   3  21   0 0.29  0.0    0  6.6 18 300   M    M   8 1      24 280
26  45  40  43   2  22   0 0.03  0.0    0  7.6 12  40   M    M  10 1      14  30
================================================================================
SM 1333 1103       465   0 10.83     0.0 283.4          M      188
================================================================================
AV 51.3 42.4                              10.9 FASTST   M    M   7    MAX(MPH)
                                 MISC ---->  # 46 200               # 61  150
================================================================================
NOTES:
# LAST OF SEVERAL OCCURRENCES

COLUMN 17 PEAK WIND IN M.P.H.

PRELIMINARY LOCAL CLIMATOLOGICAL DATA (WS FORM: F-6) , PAGE 2

                                          STATION:  HOQUIAM WA AIRPORT
                                          MONTH:    DECEMBER
                                          YEAR:     2014
                                          LATITUDE:   46 58 N
                                          LONGITUDE: 123 56 W

[TEMPERATURE DATA]      [PRECIPITATION DATA]       SYMBOLS USED IN COLUMN 16

AVERAGE MONTHLY: 46.8   TOTAL FOR MONTH:  10.83    1 = FOG OR MIST
DPTR FM NORMAL:   5.3   DPTR FM NORMAL:    2.45    2 = FOG REDUCING VISIBILITY
HIGHEST:    60 ON 10    GRTST 24HR  2.06 ON  9-10      TO 1/4 MILE OR LESS
LOWEST:     25 ON  1                               3 = THUNDER
                        SNOW, ICE PELLETS, HAIL    4 = ICE PELLETS
                        TOTAL MONTH:   0.0 INCH    5 = HAIL
                        GRTST 24HR     0.0         6 = FREEZING RAIN OR DRIZZLE
                        GRTST DEPTH:   0           7 = DUSTSTORM OR SANDSTORM:
                                                       VSBY 1/2 MILE OR LESS
                                                   8 = SMOKE OR HAZE
[NO. OF DAYS WITH]      [WEATHER - DAYS WITH]      9 = BLOWING SNOW
                                                   X = TORNADO
MAX 32 OR BELOW:   0    0.01 INCH OR MORE:  20
MAX 90 OR ABOVE:   0    0.10 INCH OR MORE:  15
MIN 32 OR BELOW:   2    0.50 INCH OR MORE:   9
MIN  0 OR BELOW:   0    1.00 INCH OR MORE:   4

[HDD (BASE 65) ]
TOTAL THIS MO.   465    CLEAR  (SCALE 0-3)   2
DPTR FM NORMAL  -146    PTCLDY (SCALE 4-7)  10
TOTAL FM JUL 1  1520    CLOUDY (SCALE 8-10) 14
DPTR FM NORMAL  -567

[CDD (BASE 65) ]
TOTAL THIS MO.     0
DPTR FM NORMAL     0    [PRESSURE DATA]
TOTAL FM JAN 1    48    HIGHEST SLP M ON M
DPTR FM NORMAL    25    LOWEST  SLP 28.98 ON 11

[REMARKS]
