000
CXUS53 KGID 210730
CF6HSI
PRELIMINARY LOCAL CLIMATOLOGICAL DATA (WS FORM: F-6)

                                          STATION:   HASTINGS NE
                                          MONTH:     DECEMBER
                                          YEAR:      2014
                                          LATITUDE:   40 35 N
                                          LONGITUDE:  98 26 W

  TEMPERATURE IN F:       :PCPN:    SNOW:  WIND      :SUNSHINE: SKY     :PK WND
================================================================================
1   2   3   4   5  6A  6B    7    8   9   10  11  12  13   14  15   16   17  18
                                     12Z  AVG MX 2MIN
DY MAX MIN AVG DEP HDD CDD  WTR  SNW DPTH SPD SPD DIR MIN PSBL S-S WX    SPD DR
================================================================================

 1  25  13  19 -13  46   0 0.00  0.0    0 10.1 18  10   M    M   2        23 360
 2  51  17  34   3  31   0 0.00  0.0    0  9.6 21 210   M    M   0        27 230
 3  39  21  30  -1  35   0 0.00  0.0    0  8.5 15  30   M    M   1        18  20
 4  48  21  35   5  30   0 0.00  0.0    0  8.9 16 210   M    M   0        23 200
 5  54  27  41  11  24   0 0.00  0.0    0  6.7 16 360   M    M   0 1      21 360
 6  43  21  32   2  33   0 0.00  0.0    0  7.4 15 160   M    M   1 18     19 150
 7  42  28  35   6  30   0 0.00  0.0    0  9.0 15 170   M    M   9 12     20 170
 8  55  26  41  12  24   0 0.00  0.0    0  9.7 17  40   M    M   0        21  50
 9  35  14  25  -4  40   0 0.00  0.0    0  5.0 12 150   M    M   0 1      14 150
10  40  22  31   3  34   0 0.00  0.0    0  7.4 12 150   M    M   8 18     16 150
11  39  33  36   8  29   0 0.00  0.0    0  7.3 13 200   M    M  10 18     18 200
12  51  39  45  17  20   0 0.00  0.0    0  8.5 16 200   M    M  10 12     21 200
13  54  47  51  23  14   0 0.00  0.0    0 10.5 17 180   M    M  10 1      23 180
14  57  38  48  20  17   0    T  0.0    0 13.2 23  10   M    M  10 138    29  10
15  38  27  33   6  32   0 0.30    T    0 27.3 41 340   M    M  10 136    51 350
16  27  21  24  -3  41   0 0.00  0.0    0 14.5 32 340   M    M  10        40 330
17  26  20  23  -4  42   0 0.00  0.0    0  6.0 10 130   M    M  10 1      14 150
18  30  24  27   0  38   0 0.02  0.2    T  4.6 10 250   M    M  10 1      14 250
19  36  29  33   7  32   0 0.00  0.0    0  7.4 14 210   M    M  10 128    17 210
20  43  26  35   9  30   0 0.00  0.0    0  4.4 12 150   M    M   6 128    13 150
================================================================================
SM  833  514       622   0  0.32     0.2 186.0          M      117
================================================================================
AV 41.7 25.7                               9.3 FASTST   M    M   6    MAX(MPH)
                                 MISC ---->  # 41 340               # 51  350
================================================================================
NOTES:
# LAST OF SEVERAL OCCURRENCES

COLUMN 17 PEAK WIND IN M.P.H.

PRELIMINARY LOCAL CLIMATOLOGICAL DATA (WS FORM: F-6) , PAGE 2

                                          STATION:  HASTINGS NE
                                          MONTH:    DECEMBER
                                          YEAR:     2014
                                          LATITUDE:   40 35 N
                                          LONGITUDE:  98 26 W

[TEMPERATURE DATA]      [PRECIPITATION DATA]       SYMBOLS USED IN COLUMN 16

AVERAGE MONTHLY: 33.7   TOTAL FOR MONTH:   0.32    1 = FOG OR MIST
DPTR FM NORMAL:   5.1   DPTR FM NORMAL:   -0.14    2 = FOG REDUCING VISIBILITY
HIGHEST:    57 ON 14    GRTST 24HR  0.30 ON 15-15      TO 1/4 MILE OR LESS
LOWEST:     13 ON  1                               3 = THUNDER
                        SNOW, ICE PELLETS, HAIL    4 = ICE PELLETS
                        TOTAL MONTH:   0.2 INCH    5 = HAIL
                        GRTST 24HR   0.2 ON   M    6 = FREEZING RAIN OR DRIZZLE
                        GRTST DEPTH:   T           7 = DUSTSTORM OR SANDSTORM:
                                                       VSBY 1/2 MILE OR LESS
                                                   8 = SMOKE OR HAZE
[NO. OF DAYS WITH]      [WEATHER - DAYS WITH]      9 = BLOWING SNOW
                                                   X = TORNADO
MAX 32 OR BELOW:   4    0.01 INCH OR MORE:   2
MAX 90 OR ABOVE:   0    0.10 INCH OR MORE:   1
MIN 32 OR BELOW:  16    0.50 INCH OR MORE:   0
MIN  0 OR BELOW:   0    1.00 INCH OR MORE:   0

[HDD (BASE 65) ]
TOTAL THIS MO.   622    CLEAR  (SCALE 0-3)   8
DPTR FM NORMAL  -106    PTCLDY (SCALE 4-7)   2
TOTAL FM JUL 1  1960    CLOUDY (SCALE 8-10) 10
DPTR FM NORMAL   -49

[CDD (BASE 65) ]
TOTAL THIS MO.     0
DPTR FM NORMAL     0    [PRESSURE DATA]
TOTAL FM JAN 1  1018    HIGHEST SLP M ON M
DPTR FM NORMAL   -59    LOWEST  SLP 29.71 ON M

[REMARKS]
