000
CXUS53 KGID 290730
CF6HSI
PRELIMINARY LOCAL CLIMATOLOGICAL DATA (WS FORM: F-6)

                                          STATION:   HASTINGS NE
                                          MONTH:     JANUARY
                                          YEAR:      2015
                                          LATITUDE:   40 35 N
                                          LONGITUDE:  98 26 W

  TEMPERATURE IN F:       :PCPN:    SNOW:  WIND      :SUNSHINE: SKY     :PK WND
================================================================================
1   2   3   4   5  6A  6B    7    8   9   10  11  12  13   14  15   16   17  18
                                     12Z  AVG MX 2MIN
DY MAX MIN AVG DEP HDD CDD  WTR  SNW DPTH SPD SPD DIR MIN PSBL S-S WX    SPD DR
================================================================================

 1  32   7  20  -6  45   0    T    T    2  6.0 12 260   M    M   1        13 240
 2  33   9  21  -5  44   0 0.00  0.0    1  2.5  9 190   M    M   0        12 200
 3  35   6  21  -5  44   0 0.07  1.1    1 18.0 38 340   M    M   4 19     48 360
 4  11  -2   5 -21  60   0    T  0.1    1 11.6 33 340   M    M   3 19     40 340
 5  26   8  17  -9  48   0 0.00  0.0    1 10.6 31 340   M    M   7        40 350
 6  25   5  15 -11  50   0    T    T    1 10.5 31 350   M    M   5        37 350
 7  13   1   7 -19  58   0    T    T    T 16.2 30 360   M    M   3        37 360
 8  43   6  25  -1  40   0 0.00  0.0    T 20.0 40 340   M    M   2        47 340
 9  24   4  14 -12  51   0 0.00  0.0    0 12.0 31 330   M    M   0        39 330
10  42   8  25  -1  40   0 0.00  0.0    0  8.7 24 210   M    M   0        33 210
11  35  10  23  -3  42   0 0.00  0.0    0  9.3 21 360   M    M   1        25 360
12  20   4  12 -14  53   0 0.00  0.0    0 11.6 20  20   M    M   3        27 360
13  22   2  12 -14  53   0 0.00  0.0    0  7.0 12 210   M    M   8        14 150
14  41  11  26   0  39   0 0.00  0.0    0  6.5 12 310   M    M   1        14 280
15  52  21  37  11  28   0 0.00  0.0    0  9.2 18 310   M    M   0        23 320
16  59  26  43  17  22   0 0.00  0.0    0  7.5 18 270   M    M   0        23 260
17  53  31  42  16  23   0 0.00  0.0    0 19.9 39 310   M    M   0        49 310
18  56  23  40  14  25   0 0.00  0.0    0  6.7 16 310   M    M   0        19 280
19  60  28  44  18  21   0 0.00  0.0    0 10.8 25 330   M    M   1        30 330
20  50  27  39  13  26   0 0.00  0.0    0 11.7 23 300   M    M   0        28 300
21  44  25  35   9  30   0 0.00  0.0    0 12.2 22 330   M    M   3        29 290
22  41  24  33   7  32   0 0.00  0.0    0  6.1 13 270   M    M   4        16 250
23  50  16  33   7  32   0 0.00  0.0    0  9.5 18 350   M    M   1        21 330
24  55  29  42  16  23   0    T  0.0    0 14.4 33 320   M    M   2        44 320
25  46  25  36  10  29   0    T  0.0    0 18.0 39 310   M    M   7        48 320
26  65  29  47  21  18   0 0.00  0.0    0 10.4 25 330   M    M   1        31 340
27  66  28  47  20  18   0 0.00  0.0    0  7.3 15 140   M    M   0        20 170
28  69  24  47  20  18   0 0.00  0.0    0 12.4 38 340   M    M   1 18     48 350
================================================================================
SM 1168  435      1012   0  0.07     1.2 306.6          M       58
================================================================================
AV 41.7 15.5                              10.9 FASTST   M    M   2    MAX(MPH)
                                 MISC ---->  # 40 340               # 49  310
================================================================================
NOTES:
# LAST OF SEVERAL OCCURRENCES

COLUMN 17 PEAK WIND IN M.P.H.

PRELIMINARY LOCAL CLIMATOLOGICAL DATA (WS FORM: F-6) , PAGE 2

                                          STATION:  HASTINGS NE
                                          MONTH:    JANUARY
                                          YEAR:     2015
                                          LATITUDE:   40 35 N
                                          LONGITUDE:  98 26 W

[TEMPERATURE DATA]      [PRECIPITATION DATA]       SYMBOLS USED IN COLUMN 16

AVERAGE MONTHLY: 28.6   TOTAL FOR MONTH:   0.07    1 = FOG OR MIST
DPTR FM NORMAL:   2.6   DPTR FM NORMAL:   -0.28    2 = FOG REDUCING VISIBILITY
HIGHEST:    69 ON 28    GRTST 24HR  0.07 ON  3- 3      TO 1/4 MILE OR LESS
LOWEST:     -2 ON  4                               3 = THUNDER
                        SNOW, ICE PELLETS, HAIL    4 = ICE PELLETS
                        TOTAL MONTH:   1.2 INCHES  5 = HAIL
                        GRTST 24HR   1.1 ON   M    6 = FREEZING RAIN OR DRIZZLE
                        GRTST DEPTH:   2 ON  1     7 = DUSTSTORM OR SANDSTORM:
                                                       VSBY 1/2 MILE OR LESS
                                                   8 = SMOKE OR HAZE
[NO. OF DAYS WITH]      [WEATHER - DAYS WITH]      9 = BLOWING SNOW
                                                   X = TORNADO
MAX 32 OR BELOW:   8    0.01 INCH OR MORE:   1
MAX 90 OR ABOVE:   0    0.10 INCH OR MORE:   0
MIN 32 OR BELOW:  28    0.50 INCH OR MORE:   0
MIN  0 OR BELOW:   1    1.00 INCH OR MORE:   0

[HDD (BASE 65) ]
TOTAL THIS MO.  1012    CLEAR  (SCALE 0-3)  20
DPTR FM NORMAL   -81    PTCLDY (SCALE 4-7)   8
TOTAL FM JUL 1  3424    CLOUDY (SCALE 8-10)  0
DPTR FM NORMAL  -109

[CDD (BASE 65) ]
TOTAL THIS MO.     0
DPTR FM NORMAL     0    [PRESSURE DATA]
TOTAL FM JAN 1     0    HIGHEST SLP M ON M
DPTR FM NORMAL     0    LOWEST  SLP 29.71 ON 28

[REMARKS]
