000
CXUS54 KHUN 251015
CF6HSV
PRELIMINARY LOCAL CLIMATOLOGICAL DATA (WS FORM: F-6)

                                          STATION:   HUNTSVILLE
                                          MONTH:     JULY
                                          YEAR:      2014
                                          LATITUDE:   34 39 N
                                          LONGITUDE:  86 46 W

  TEMPERATURE IN F:       :PCPN:    SNOW:  WIND      :SUNSHINE: SKY     :PK WND
================================================================================
1   2   3   4   5  6A  6B    7    8   9   10  11  12  13   14  15   16   17  18
                                     12Z  AVG MX 2MIN
DY MAX MIN AVG DEP HDD CDD  WTR  SNW DPTH SPD SPD DIR MIN PSBL S-S WX    SPD DR
================================================================================

 1  94  72  83   3   0  18 0.00  0.0    0  4.6 13 230   M    M   1 1      20 260
 2  92  70  81   1   0  16    T  0.0    0  3.7 21 250   M    M   3        28 250
 3  86  67  77  -3   0  12    T  0.0    0  7.8 16 330   M    M   4        22 340
 4  85  63  74  -6   0   9 0.00  0.0    0  8.7 18  10   M    M   3        22  40
 5  89  57  73  -7   0   8 0.00  0.0    0  5.1 13 160   M    M   2        17 140
 6  91  65  78  -2   0  13 0.00  0.0    0  4.2 12 120   M    M   2        17 150
 7  90  69  80   0   0  15 0.00  0.0    0  5.3 16 230   M    M   3 18     22 230
 8  90  71  81   1   0  16 1.01  0.0    0  5.9 21 290   M    M   7 13     30 290
 9  86  70  78  -2   0  13 0.54  0.0    0  5.1 13 250   M    M   7 13     18 250
10  90  72  81   1   0  16 0.13  0.0    0  2.6 10 340   M    M   7 1      14 330
11  92  68  80  -1   0  15 0.00  0.0    0  1.3  8 310   M    M   2 1      16  10
12  94  69  82   1   0  17 0.00  0.0    0  3.1 10 150   M    M   3 1      16 150
13  89  74  82   1   0  17    T  0.0    0  4.3 17 180   M    M   5 138    21 180
14  93  73  83   2   0  18 0.00  0.0    0  5.4 14 240   M    M   4 1      20 220
15  86  63  75  -6   0  10 0.04  0.0    0  5.6 16 340   M    M   5 1      22 330
16  82  58  70 -11   0   5 0.00  0.0    0  5.8 14  10   M    M   2        18  10
17  84  59  72  -9   0   7 0.00  0.0    0  3.1 13  70   M    M   7        23  70
18  70  66  68 -13   0   3 1.60  0.0    0  6.1 17 110   M    M  10 1      22 100
19  84  69  77  -4   0  12 0.22  0.0    0  5.9 13 220   M    M   9 1      20 250
20  86  70  78  -3   0  13 0.00  0.0    0  2.0  9 280   M    M   7        20  30
21  88  70  79  -2   0  14 0.00  0.0    0  3.8 14  40   M    M   7        17  30
22  89  74  82   1   0  17 0.02  0.0    0  4.7 12 120   M    M   7        15 140
23  90  72  81   0   0  16 0.91  0.0    0  2.5 23  50   M    M   7 13     25  50
24  86  68  77  -4   0  12 0.00  0.0    0  3.7 12 310   M    M   4 18     15 300
================================================================================
SM 2106 1629         0 312  4.47     0.0 110.3          M      118
================================================================================
AV 87.8 67.9                               4.6 FASTST   M    M   5    MAX(MPH)
                                 MISC ---->  # 23  50               # 30  290
================================================================================
NOTES:
# LAST OF SEVERAL OCCURRENCES

COLUMN 17 PEAK WIND IN M.P.H.

PRELIMINARY LOCAL CLIMATOLOGICAL DATA (WS FORM: F-6) , PAGE 2

                                          STATION:  HUNTSVILLE
                                          MONTH:    JULY
                                          YEAR:     2014
                                          LATITUDE:   34 39 N
                                          LONGITUDE:  86 46 W

[TEMPERATURE DATA]      [PRECIPITATION DATA]       SYMBOLS USED IN COLUMN 16

AVERAGE MONTHLY: 77.8   TOTAL FOR MONTH:   4.47    1 = FOG OR MIST
DPTR FM NORMAL:  -2.8   DPTR FM NORMAL:    1.24    2 = FOG REDUCING VISIBILITY
HIGHEST:    94 ON 12, 1 GRTST 24HR  1.70 ON 18-19      TO 1/4 MILE OR LESS
LOWEST:     57 ON  5                               3 = THUNDER
                        SNOW, ICE PELLETS, HAIL    4 = ICE PELLETS
                        TOTAL MONTH:   0.0 INCH    5 = HAIL
                        GRTST 24HR     0.0         6 = FREEZING RAIN OR DRIZZLE
                        GRTST DEPTH:   0           7 = DUSTSTORM OR SANDSTORM:
                                                       VSBY 1/2 MILE OR LESS
                                                   8 = SMOKE OR HAZE
[NO. OF DAYS WITH]      [WEATHER - DAYS WITH]      9 = BLOWING SNOW
                                                   X = TORNADO
MAX 32 OR BELOW:   0    0.01 INCH OR MORE:   8
MAX 90 OR ABOVE:  10    0.10 INCH OR MORE:   6
MIN 32 OR BELOW:   0    0.50 INCH OR MORE:   4
MIN  0 OR BELOW:   0    1.00 INCH OR MORE:   2

[HDD (BASE 65) ]
TOTAL THIS MO.     0    CLEAR  (SCALE 0-3)   7
DPTR FM NORMAL     0    PTCLDY (SCALE 4-7)  15
TOTAL FM JUL 1     0    CLOUDY (SCALE 8-10)  2
DPTR FM NORMAL     0

[CDD (BASE 65) ]
TOTAL THIS MO.   312
DPTR FM NORMAL   -64    [PRESSURE DATA]
TOTAL FM JAN 1   984    HIGHEST SLP M ON M
DPTR FM NORMAL   -35    LOWEST  SLP 29.86 ON M

[REMARKS]
