000
CXUS54 KHUN 301015
CF6HSV
PRELIMINARY LOCAL CLIMATOLOGICAL DATA (WS FORM: F-6)

                                          STATION:   HUNTSVILLE
                                          MONTH:     OCTOBER
                                          YEAR:      2014
                                          LATITUDE:   34 39 N
                                          LONGITUDE:  86 46 W

  TEMPERATURE IN F:       :PCPN:    SNOW:  WIND      :SUNSHINE: SKY     :PK WND
================================================================================
1   2   3   4   5  6A  6B    7    8   9   10  11  12  13   14  15   16   17  18
                                     12Z  AVG MX 2MIN
DY MAX MIN AVG DEP HDD CDD  WTR  SNW DPTH SPD SPD DIR MIN PSBL S-S WX    SPD DR
================================================================================

 1  89  62  76   8   0  11 0.00  0.0    0  2.7  8 150   M    M   2 18     16 170
 2  90  64  77   9   0  12 0.00  0.0    0  8.2 15 180   M    M   5        26 190
 3  80  58  69   2   0   4 0.43  0.0    0  9.8 30 250   M    M   7 1      41 250
 4  66  41  54 -13  11   0 0.00  0.0    0  8.5 25 260   M    M   3        32 260
 5  75  39  57  -9   8   0 0.00  0.0    0  6.8 20 220   M    M   3        26 220
 6  76  54  65  -1   0   0 0.14  0.0    0  7.8 21 220   M    M   7 13     26 210
 7  85  61  73   7   0   8    T  0.0    0  7.1 20 240   M    M   7 3      25 220
 8  86  64  75  10   0  10 0.02  0.0    0  4.7 16 230   M    M   8 13     22 190
 9  87  63  75  10   0  10 0.00  0.0    0  3.2 12 250   M    M   6 18     15 260
10  84  67  76  11   0  11 0.06  0.0    0  6.6 20 230   M    M   7        24 230
11  80  66  73   9   0   8 1.29  0.0    0  4.2 18 150   M    M   8 13     23 150
12  77  66  72   8   0   7 1.05  0.0    0  6.0 21 260   M    M   9 123    31 270
13  84  67  76  12   0  11 2.32  0.0    0 15.0 33 200   M    M   8 13     49 210
14  70  58  64   1   1   0 0.63  0.0    0 12.8 22 230   M    M   8 1      30 260
15  65  55  60  -3   5   0 0.04  0.0    0  7.5 18 250   M    M   9 1      25 250
16  72  53  63   0   2   0    T  0.0    0  3.5 12 250   M    M   4 1      16 260
17  83  50  67   5   0   2 0.00  0.0    0  6.8 20 270   M    M   1        24 240
18  73  50  62   0   3   0 0.00  0.0    0  6.6 18 360   M    M   1        23 360
19  71  46  59  -3   6   0 0.00  0.0    0  3.9 10  50   M    M   3        13  60
20  73  45  59  -2   6   0 0.00  0.0    0  1.7 10 240   M    M   2 1      12 250
21  77  49  63   2   2   0 0.00  0.0    0  4.6 15  40   M    M   1        21  10
22  70  46  58  -3   7   0 0.00  0.0    0  7.8 16  20   M    M   0        21  20
23  73  43  58  -2   7   0 0.00  0.0    0  4.6 10  40   M    M   5        13  10
24  75  48  62   2   3   0 0.00  0.0    0  4.1 12 340   M    M   2        15 350
25  80  44  62   2   3   0 0.00  0.0    0  1.8 14 260   M    M   1 1      17 260
26  85  55  70  10   0   5 0.00  0.0    0  1.5 10 260   M    M   3 128    14 260
27  86  58  72  13   0   7 0.00  0.0    0  6.1 15 190   M    M   1 18     20 190
28  79  59  69  10   0   4 0.00  0.0    0  5.4 14 190   M    M   6 18     18 220
29  70  46  58  -1   7   0 0.45  0.0    0  7.0 15  30   M    M   4 13     21  20
================================================================================
SM 2261 1577        71 110  6.43     0.0 176.3          M      131
================================================================================
AV 78.0 54.4                               6.1 FASTST   M    M   5    MAX(MPH)
                                 MISC ---->  # 33 200               # 49  210
================================================================================
NOTES:
# LAST OF SEVERAL OCCURRENCES

COLUMN 17 PEAK WIND IN M.P.H.

PRELIMINARY LOCAL CLIMATOLOGICAL DATA (WS FORM: F-6) , PAGE 2

                                          STATION:  HUNTSVILLE
                                          MONTH:    OCTOBER
                                          YEAR:     2014
                                          LATITUDE:   34 39 N
                                          LONGITUDE:  86 46 W

[TEMPERATURE DATA]      [PRECIPITATION DATA]       SYMBOLS USED IN COLUMN 16

AVERAGE MONTHLY: 66.2   TOTAL FOR MONTH:   6.43    1 = FOG OR MIST
DPTR FM NORMAL:   3.1   DPTR FM NORMAL:    3.10    2 = FOG REDUCING VISIBILITY
HIGHEST:    90 ON  2    GRTST 24HR  2.84 ON 13-14      TO 1/4 MILE OR LESS
LOWEST:     39 ON  5                               3 = THUNDER
                        SNOW, ICE PELLETS, HAIL    4 = ICE PELLETS
                        TOTAL MONTH:   0.0 INCH    5 = HAIL
                        GRTST 24HR     0.0         6 = FREEZING RAIN OR DRIZZLE
                        GRTST DEPTH:   0           7 = DUSTSTORM OR SANDSTORM:
                                                       VSBY 1/2 MILE OR LESS
                                                   8 = SMOKE OR HAZE
[NO. OF DAYS WITH]      [WEATHER - DAYS WITH]      9 = BLOWING SNOW
                                                   X = TORNADO
MAX 32 OR BELOW:   0    0.01 INCH OR MORE:  10
MAX 90 OR ABOVE:   1    0.10 INCH OR MORE:   7
MIN 32 OR BELOW:   0    0.50 INCH OR MORE:   4
MIN  0 OR BELOW:   0    1.00 INCH OR MORE:   3

[HDD (BASE 65) ]
TOTAL THIS MO.    71    CLEAR  (SCALE 0-3)  11
DPTR FM NORMAL   -52    PTCLDY (SCALE 4-7)  14
TOTAL FM JUL 1    71    CLOUDY (SCALE 8-10)  4
DPTR FM NORMAL   -65

[CDD (BASE 65) ]
TOTAL THIS MO.   110
DPTR FM NORMAL    42    [PRESSURE DATA]
TOTAL FM JAN 1  2032    HIGHEST SLP M ON M
DPTR FM NORMAL    94    LOWEST  SLP 29.61 ON 14

[REMARKS]
