000
CXUS51 KRLX 201230
CF6HTS
PRELIMINARY LOCAL CLIMATOLOGICAL DATA (WS FORM: F-6)

                                          STATION:   HUNTINGTON WV
                                          MONTH:     NOVEMBER
                                          YEAR:      2017
                                          LATITUDE:   38 22 N
                                          LONGITUDE:  82 33 W

  TEMPERATURE IN F:       :PCPN:    SNOW:  WIND      :SUNSHINE: SKY     :PK WND
================================================================================
1   2   3   4   5  6A  6B    7    8   9   10  11  12  13   14  15   16   17  18
                                     12Z  AVG MX 2MIN
DY MAX MIN AVG DEP HDD CDD  WTR  SNW DPTH SPD SPD DIR MIN PSBL S-S WX    SPD DR
================================================================================

 1  63  39  51  -1  14   0 0.03  0.0    0  4.6 12 170   M    M   8        15 170
 2  76  54  65  13   0   0 0.03  0.0    0  6.7 18 220   M    M   6        27 230
 3  70  54  62  11   3   0    T  0.0    0  5.9 15 330   M    M   9 18     20  50
 4  69  51  60   9   5   0 0.00  0.0    0  3.4 10 180   M    M   7 18     13 190
 5  78  57  68  17   0   3 0.00  0.0    0  9.9 20 220   M    M   3        28 230
 6  72  51  62  12   3   0 0.70  0.0    0  6.9 18 240   M    M   9 18     30 190
 7  51  42  47  -3  18   0 1.01  0.0    0  8.1 15  50   M    M  10 1      20  10
 8  47  40  44  -6  21   0 0.00  0.0    0  4.5 10  40   M    M  10        16 360
 9  57  41  49   0  16   0 0.00  0.0    0  4.0 10 290   M    M   5        16 310
10  46  28  37 -12  28   0 0.00  0.0    0  8.3 17 340   M    M   1        25 340
11  45  24  35 -13  30   0 0.00  0.0    0  3.3 10  60   M    M   0        14  60
12  58  33  46  -2  19   0 0.01  0.0    0  2.9 10 230   M    M   5 1      17 260
13  51  40  46  -2  19   0    T  0.0    0  4.9 16 300   M    M   9 18     25 290
14  50  33  42  -6  23   0 0.00  0.0    0  3.6  9  50   M    M   6 1      14  30
15  55  27  41  -6  24   0 0.13  0.0    0  4.9 12 220   M    M   3 1      20 230
16  50  37  44  -3  21   0 0.00  0.0    0  7.4 14 300   M    M   8        21 310
17  53  31  42  -4  23   0 0.00  0.0    0  2.6 10 130   M    M   3        13  80
18  69  40  55   9  10   0 0.30  0.0    0 13.5 29 290   M    M   8 1      45 270
19  46  32  39  -7  26   0    T  0.0    0  9.9 21 310   M    M   9        29 320
================================================================================
SM 1106  754       303   3  2.21     0.0 115.3          M      119
================================================================================
AV 58.2 39.7                               6.1 FASTST   M    M   6    MAX(MPH)
                                 MISC ---->  # 29 290               # 45  270
================================================================================
NOTES:
# LAST OF SEVERAL OCCURRENCES

COLUMN 17 PEAK WIND IN M.P.H.

PRELIMINARY LOCAL CLIMATOLOGICAL DATA (WS FORM: F-6) , PAGE 2

                                          STATION:  HUNTINGTON WV
                                          MONTH:    NOVEMBER
                                          YEAR:     2017
                                          LATITUDE:   38 22 N
                                          LONGITUDE:  82 33 W

[TEMPERATURE DATA]      [PRECIPITATION DATA]       SYMBOLS USED IN COLUMN 16

AVERAGE MONTHLY: 49.0   TOTAL FOR MONTH:   2.21    1 = FOG OR MIST
DPTR FM NORMAL:   0.1   DPTR FM NORMAL:    0.06    2 = FOG REDUCING VISIBILITY
HIGHEST:    78 ON  5    GRTST 24HR  1.01 ON  7- 7      TO 1/4 MILE OR LESS
LOWEST:     24 ON 11                               3 = THUNDER
                        SNOW, ICE PELLETS, HAIL    4 = ICE PELLETS
                        TOTAL MONTH:   0.0 INCH    5 = HAIL
                        GRTST 24HR     0.0         6 = FREEZING RAIN OR DRIZZLE
                        GRTST DEPTH:   0           7 = DUSTSTORM OR SANDSTORM:
                                                       VSBY 1/2 MILE OR LESS
                                                   8 = SMOKE OR HAZE
[NO. OF DAYS WITH]      [WEATHER - DAYS WITH]      9 = BLOWING SNOW
                                                   X = TORNADO
MAX 32 OR BELOW:   0    0.01 INCH OR MORE:   7
MAX 90 OR ABOVE:   0    0.10 INCH OR MORE:   4
MIN 32 OR BELOW:   5    0.50 INCH OR MORE:   2
MIN  0 OR BELOW:   0    1.00 INCH OR MORE:   1

[HDD (BASE 65) ]
TOTAL THIS MO.   303    CLEAR  (SCALE 0-3)   4
DPTR FM NORMAL    -7    PTCLDY (SCALE 4-7)   7
TOTAL FM JUL 1   548    CLOUDY (SCALE 8-10)  8
DPTR FM NORMAL  -101

[CDD (BASE 65) ]
TOTAL THIS MO.     3
DPTR FM NORMAL     3    [PRESSURE DATA]
TOTAL FM JAN 1  1191    HIGHEST SLP M ON M
DPTR FM NORMAL    59    LOWEST  SLP 29.30 ON 18

[REMARKS]
