955
CXUS51 KRLX 211251
CF6HTS
PRELIMINARY LOCAL CLIMATOLOGICAL DATA (WS FORM: F-6)

                                          STATION:   HUNTINGTON WV
                                          MONTH:     JANUARY
                                          YEAR:      2018
                                          LATITUDE:   38 22 N
                                          LONGITUDE:  82 33 W

  TEMPERATURE IN F:       :PCPN:    SNOW:  WIND      :SUNSHINE: SKY     :PK WND
================================================================================
1   2   3   4   5  6A  6B    7    8   9   10  11  12  13   14  15   16   17  18
                                     12Z  AVG MX 2MIN
DY MAX MIN AVG DEP HDD CDD  WTR  SNW DPTH SPD SPD DIR MIN PSBL S-S WX    SPD DR
================================================================================

 1  19   4  12 -22  53   0    T    T    T  5.9 15 300   M    M   2 18     20 290
 2  21  -1  10 -24  55   0 0.00  0.0    T  2.5  9 190   M    M   0        12 290
 3  31   0  16 -18  49   0 0.00  0.0    T  4.7 14 310   M    M   3        18 310
 4  25  14  20 -14  45   0    T    T    T 10.6 20 310   M    M  10 8      29 330
 5  20   9  15 -19  50   0    T    T    T  7.8 15 320   M    M   9        19 320
 6  20   1  11 -23  54   0 0.00  0.0    T  3.9 12 350   M    M   2 8      15 340
 7  36   2  19 -15  46   0    T    M    M  3.5 10 170   M    M   2        14 180
 8  38  33  36   2  29   0 0.18  0.0    0  3.8 12 190   M    M  10 1      17 180
 9  48  34  41   7  24   0 0.00  0.0    0  3.2  8  70   M    M   6 1      10  10
10  68  31  50  16  15   0 0.00  0.0    0  5.0 15 190   M    M   4 1      20 190
11   M  46   M   M   M   M 0.61  0.0    0  6.5 21 180   M    M   6 1      27 190
12  62  24  43   9  22   0 0.89  0.2    0  6.9 21 320   M    M  10 18     29 320
13  24  15  20 -14  45   0 0.06  1.0    1 10.3 21 320   M    M  10 1      29 320
14  23  10  17 -17  48   0    T    T    1  4.0 10  50   M    M   3        15  60
15  39  11  25  -9  40   0 0.02  0.2    1  4.6 15 180   M    M   8 1      20 170
16  33   6  20 -14  45   0 0.29  4.9    1  5.8 13 330   M    M   9 1      16 330
17  14   6  10 -24  55   0    T    T    5  3.6  8 330   M    M   8 18     11 330
18  31   6  19 -15  46   0 0.00  0.0    5  7.7 15 210   M    M   0        19 190
19  42  21  32  -2  33   0 0.00  0.0    3  7.1 14 190   M    M   0        20 190
20  53  35  44  10  21   0 0.00  0.0    2  7.7 17 240   M    M   4        24 240
================================================================================
SM  647  307       775   0  2.05     6.3 115.1          M      106
================================================================================
AV 34.1 15.4                               5.8 FASTST   M    M   5    MAX(MPH)
                                 MISC ---->  # 21 180               # 29  330
================================================================================
NOTES:
# LAST OF SEVERAL OCCURRENCES

COLUMN 17 PEAK WIND IN M.P.H.

PRELIMINARY LOCAL CLIMATOLOGICAL DATA (WS FORM: F-6) , PAGE 2

                                          STATION:  HUNTINGTON WV
                                          MONTH:    JANUARY
                                          YEAR:     2018
                                          LATITUDE:   38 22 N
                                          LONGITUDE:  82 33 W

[TEMPERATURE DATA]      [PRECIPITATION DATA]       SYMBOLS USED IN COLUMN 16

AVERAGE MONTHLY: 24.7   TOTAL FOR MONTH:   2.05    1 = FOG OR MIST
DPTR FM NORMAL:  -9.3   DPTR FM NORMAL:    0.14    2 = FOG REDUCING VISIBILITY
HIGHEST:    68 ON 10    GRTST 24HR  0.89 ON 12-12      TO 1/4 MILE OR LESS
LOWEST:     -1 ON  2                               3 = THUNDER
                        SNOW, ICE PELLETS, HAIL    4 = ICE PELLETS
                        TOTAL MONTH:   6.3 INCHES  5 = HAIL
                        GRTST 24HR   4.9 ON 16-16  6 = FREEZING RAIN OR DRIZZLE
                        GRTST DEPTH:   5 ON 18,17  7 = DUSTSTORM OR SANDSTORM:
                                                       VSBY 1/2 MILE OR LESS
                                                   8 = SMOKE OR HAZE
[NO. OF DAYS WITH]      [WEATHER - DAYS WITH]      9 = BLOWING SNOW
                                                   X = TORNADO
MAX 32 OR BELOW:  10    0.01 INCH OR MORE:   6
MAX 90 OR ABOVE:   0    0.10 INCH OR MORE:   4
MIN 32 OR BELOW:  16    0.50 INCH OR MORE:   2
MIN  0 OR BELOW:   2    1.00 INCH OR MORE:   0

[HDD (BASE 65) ]
TOTAL THIS MO.   775    CLEAR  (SCALE 0-3)   7
DPTR FM NORMAL   149    PTCLDY (SCALE 4-7)   7
TOTAL FM JUL 1  2457    CLOUDY (SCALE 8-10)  6
DPTR FM NORMAL    76

[CDD (BASE 65) ]
TOTAL THIS MO.     0
DPTR FM NORMAL     0    [PRESSURE DATA]
TOTAL FM JAN 1     0    HIGHEST SLP M ON M
DPTR FM NORMAL     0    LOWEST  SLP 29.56 ON 12

[REMARKS]
