000
CXUS53 KIND 310730
CF6HUF
PRELIMINARY LOCAL CLIMATOLOGICAL DATA (WS FORM: F-6)

                                          STATION:   TERRE HAUTE IN
                                          MONTH:     JULY
                                          YEAR:      2015
                                          LATITUDE:   39 27 N
                                          LONGITUDE:  87 18 W

  TEMPERATURE IN F:       :PCPN:    SNOW:  WIND      :SUNSHINE: SKY     :PK WND
================================================================================
1   2   3   4   5  6A  6B    7    8   9   10  11  12  13   14  15   16   17  18
                                     12Z  AVG MX 2MIN
DY MAX MIN AVG DEP HDD CDD  WTR  SNW DPTH SPD SPD DIR MIN PSBL S-S WX    SPD DR
================================================================================

 1  79  62  71  -4   0   6 0.50    M    M  3.9 14 100   M    M   4 128    17 100
 2  78  62  70  -5   0   5    T    M    M  5.4 12  40   M    M   7        16  40
 3  79  66  73  -3   0   8    T    M    M  6.3 14  40   M    M   7 1      18  50
 4  82  61  72  -4   0   7 0.00    M    M  2.2  7 360   M    M   2 1      10 320
 5  85  63  74  -2   0   9 0.00    M    M  2.5  7 150   M    M   1 18      9 150
 6  87  66  77   1   0  12 0.15    M    M  7.1 20 290   M    M   2 18     26 280
 7  81  63  72  -4   0   7 1.02    M    M  8.9 18 220   M    M   8 13     24 220
 8  72  59  66 -10   0   1 0.30    M    M  4.6 12 150   M    M  10 1      15 150
 9  75  63  69  -7   0   4 0.06    M    M  8.0 21 200   M    M   8 1      31 190
10  76  61  69  -7   0   4 0.09    M    M  1.3  8  80   M    M   6 1      12  70
11  81  60  71  -5   0   6 0.03    M    M  4.4 13 170   M    M   4 123    16 160
12  87  72  80   5   0  15 0.01    M    M  4.6 13 250   M    M   6 1      16 250
13  91  74  83   8   0  18 0.00    M    M  7.3 15 250   M    M   2 13     21 260
14  89  69  79   4   0  14    T    M    M 10.4 23 260   M    M   1 3      29 270
15  81  63  72  -3   0   7 0.00    M    M  4.8 12 350   M    M   4 1      16 360
16  85  64  75   0   0  10 0.00    M    M  5.8 16 170   M    M   2 1      20 170
17  91  72  82   7   0  17 0.16    M    M 10.2 20 210   M    M   4 138    23  80
18  92  71  82   7   0  17 0.00    M    M  6.7 15 220   M    M   1        21 210
19  84  76  80   5   0  15    T    M    M  5.5 15 310   M    M   2        21 320
20  85  68  77   2   0  12 0.06    M    M  3.4 16 210   M    M   4 13     22 340
21  84  62  73  -2   0   8 0.00    M    M  5.3 14 360   M    M   2 1      20 330
22  82  56  69  -6   0   4 0.00    M    M  2.1 10  90   M    M   0        13 100
23  84  60  72  -3   0   7 0.00    M    M  3.5 13  50   M    M   2        17  60
24  86  59  73  -1   0   8 0.00    M    M  2.4 10 130   M    M   0 12     13 190
25  87  63  75   1   0  10 0.00    M    M  4.9 14 160   M    M   2        17 160
26  85  70  78   4   0  13    T    M    M  3.4 10 230   M    M   5 12     13 240
27  90  69  80   6   0  15 0.00    M    M  2.6  9  40   M    M   6 12     11  50
28  93  73  83   9   0  18    T    M    M  3.1 10 200   M    M   2 1      12 240
29  88  70  79   5   0  14 0.08    M    M  5.0 18 320   M    M   1 13     28 320
30  87  63  75   1   0  10 0.00    M    M  5.1 15 310   M    M   0        21 310
================================================================================
SM 2526 1960         0 301  2.46    M    150.7          M      105
================================================================================
AV 84.2 65.3                               5.0 FASTST   M    M   4    MAX(MPH)
                                 MISC ---->  # 23 260               # 31  190
================================================================================
NOTES:
# LAST OF SEVERAL OCCURRENCES

COLUMN 17 PEAK WIND IN M.P.H.

PRELIMINARY LOCAL CLIMATOLOGICAL DATA (WS FORM: F-6) , PAGE 2

                                          STATION:  TERRE HAUTE IN
                                          MONTH:    JULY
                                          YEAR:     2015
                                          LATITUDE:   39 27 N
                                          LONGITUDE:  87 18 W

[TEMPERATURE DATA]      [PRECIPITATION DATA]       SYMBOLS USED IN COLUMN 16

AVERAGE MONTHLY: 74.8   TOTAL FOR MONTH:   2.46    1 = FOG OR MIST
DPTR FM NORMAL:  -0.3   DPTR FM NORMAL:   -2.21    2 = FOG REDUCING VISIBILITY
HIGHEST:    93 ON 28    GRTST 24HR  1.17 ON  6- 7      TO 1/4 MILE OR LESS
LOWEST:     56 ON 22                               3 = THUNDER
                        SNOW, ICE PELLETS, HAIL    4 = ICE PELLETS
                        TOTAL MONTH:    M          5 = HAIL
                        GRTST 24HR    M  ON   M    6 = FREEZING RAIN OR DRIZZLE
                        GRTST DEPTH:  M  ON   M    7 = DUSTSTORM OR SANDSTORM:
                                                       VSBY 1/2 MILE OR LESS
                                                   8 = SMOKE OR HAZE
[NO. OF DAYS WITH]      [WEATHER - DAYS WITH]      9 = BLOWING SNOW
                                                   X = TORNADO
MAX 32 OR BELOW:   0    0.01 INCH OR MORE:  11
MAX 90 OR ABOVE:   5    0.10 INCH OR MORE:   5
MIN 32 OR BELOW:   0    0.50 INCH OR MORE:   2
MIN  0 OR BELOW:   0    1.00 INCH OR MORE:   1

[HDD (BASE 65) ]
TOTAL THIS MO.     0    CLEAR  (SCALE 0-3)  16
DPTR FM NORMAL     0    PTCLDY (SCALE 4-7)  13
TOTAL FM JUL 1     0    CLOUDY (SCALE 8-10)  1
DPTR FM NORMAL     0

[CDD (BASE 65) ]
TOTAL THIS MO.   301
DPTR FM NORMAL     0    [PRESSURE DATA]
TOTAL FM JAN 1   701    HIGHEST SLP  0.00 ON 23
DPTR FM NORMAL    79    LOWEST  SLP 29.19 ON 30

[REMARKS]
