000
CXUS51 KCAR 270600
CF6HUL
PRELIMINARY LOCAL CLIMATOLOGICAL DATA (WS FORM: F-6)

                                          STATION:   HOULTON ME
                                          MONTH:     FEBRUARY
                                          YEAR:      2015
                                          LATITUDE:   46  7 N
                                          LONGITUDE:  67 48 W

  TEMPERATURE IN F:       :PCPN:    SNOW:  WIND      :SUNSHINE: SKY     :PK WND
================================================================================
1   2   3   4   5  6A  6B    7    8   9   10  11  12  13   14  15   16   17  18
                                     12Z  AVG MX 2MIN
DY MAX MIN AVG DEP HDD CDD  WTR  SNW DPTH SPD SPD DIR MIN PSBL S-S WX    SPD DR
================================================================================

 1   9  -6   2 -10  63   0 0.00    M    M 12.6 26 310   M    M   0 89     39 310
 2  -3 -14  -8 -20  73   0 0.01    M    M 10.6 22 360   M    M   7 8      27 360
 3  10  -8   1 -11  64   0    T    M    M 10.0 20 360   M    M   3 8      26  10
 4  24 -20   2 -10  63   0 0.03    M    M  4.0 12 190   M    M   7 18     16 190
 5  25  -4  11  -1  54   0 0.08    M    M  9.6 20 360   M    M   7 18     25 310
 6   9 -16  -3 -16  68   0    T    M    M  7.0 17 330   M    M   1 18     25 340
 7  12 -16  -2 -15  67   0    T    M    M  4.3 15 250   M    M   3 18     19 240
 8   5 -19  -7 -20  72   0 0.00    M    M  6.3 14  20   M    M   4 8      16  20
 9  10 -12  -1 -14  66   0 0.00    M    M  5.7 14  10   M    M   8 8      16  80
10  14 -14   0 -14  65   0 0.00    M    M  2.5  8  80   M    M   7        11  90
11  12 -17  -2 -16  67   0 0.00    M    M  6.2 17  10   M    M   0        21  10
12   9 -11  -1 -15  66   0    T    M    M  2.0  8  10   M    M   8 18     10 340
13   8  -9   0 -14  65   0 0.00    M    M  9.3 20 290   M    M   3 8      28 320
14  10 -26  -8 -23  73   0    T    M    M  4.3 13  20   M    M   3 8      15  20
15   5   2   4 -11  61   0    T    M    M 17.8 29 360   M    M  10 128    43 350
16  13   1   7  -8  58   0    T    M    M 17.8 32 330   M    M   6 89     47 320
17  16  -9   4 -12  61   0 0.00    M    M  2.9 14 340   M    M   3        21 330
18  27  -3  12  -4  53   0 0.00    M    M  3.6 14 100   M    M   5        19  90
19  23   4  14  -2  51   0 0.26    M    M  6.8 22  90   M    M   9 128    27  90
20  19   5  12  -5  53   0 0.01    M    M 14.3 24 260   M    M   7 18     32 270
21  24 -11   7 -10  58   0 0.13    M    M  7.3 16 260   M    M   5 1      25 260
22  29   2  16  -1  49   0 0.10    M    M  2.9 13 270   M    M   5 1      16 270
23  20 -11   5 -13  60   0 0.02    M    M 11.2 25 270   M    M   5 18     34 260
24   9 -17  -4 -22  69   0    T    M    M  6.1 15 290   M    M   2        22 290
25  22   5  14  -4  51   0 0.02    M    M  6.5 17 260   M    M   5 18     25 280
26  16  -1   8 -11  57   0    T    M    M  7.1 17 270   M    M   0        29 280
================================================================================
SM  377 -225      1607   0  0.66    M    198.7          M      123
================================================================================
AV 14.5 -8.7                               7.6 FASTST   M    M   5    MAX(MPH)
                                 MISC ---->  # 32 330               # 47  320
================================================================================
NOTES:
# LAST OF SEVERAL OCCURRENCES

COLUMN 17 PEAK WIND IN M.P.H.

PRELIMINARY LOCAL CLIMATOLOGICAL DATA (WS FORM: F-6) , PAGE 2

                                          STATION:  HOULTON ME
                                          MONTH:    FEBRUARY
                                          YEAR:     2015
                                          LATITUDE:   46  7 N
                                          LONGITUDE:  67 48 W

[TEMPERATURE DATA]      [PRECIPITATION DATA]       SYMBOLS USED IN COLUMN 16

AVERAGE MONTHLY:  2.9   TOTAL FOR MONTH:   0.66    1 = FOG OR MIST
DPTR FM NORMAL: -11.9   DPTR FM NORMAL:   -1.19    2 = FOG REDUCING VISIBILITY
HIGHEST:    29 ON 22    GRTST 24HR  0.27 ON 19-20      TO 1/4 MILE OR LESS
LOWEST:    -26 ON 14                               3 = THUNDER
                        SNOW, ICE PELLETS, HAIL    4 = ICE PELLETS
                        TOTAL MONTH:    M          5 = HAIL
                        GRTST 24HR    M  ON   M    6 = FREEZING RAIN OR DRIZZLE
                        GRTST DEPTH:  M  ON   M    7 = DUSTSTORM OR SANDSTORM:
                                                       VSBY 1/2 MILE OR LESS
                                                   8 = SMOKE OR HAZE
[NO. OF DAYS WITH]      [WEATHER - DAYS WITH]      9 = BLOWING SNOW
                                                   X = TORNADO
MAX 32 OR BELOW:  26    0.01 INCH OR MORE:   9
MAX 90 OR ABOVE:   0    0.10 INCH OR MORE:   3
MIN 32 OR BELOW:  26    0.50 INCH OR MORE:   0
MIN  0 OR BELOW:  20    1.00 INCH OR MORE:   0

[HDD (BASE 65) ]
TOTAL THIS MO.  1607    CLEAR  (SCALE 0-3)   9
DPTR FM NORMAL   302    PTCLDY (SCALE 4-7)  15
TOTAL FM JUL 1  6441    CLOUDY (SCALE 8-10)  2
DPTR FM NORMAL   -39

[CDD (BASE 65) ]
TOTAL THIS MO.     0
DPTR FM NORMAL     0    [PRESSURE DATA]
TOTAL FM JAN 1     0    HIGHEST SLP M ON M
DPTR FM NORMAL     0    LOWEST  SLP 29.24 ON 20

[REMARKS]
