000
CXUS55 KPIH 301200
CF6IDA

PRELIMINARY LOCAL CLIMATOLOGICAL DATA (WS FORM: F-6)

                                          STATION:   IDAHO FALLS ID
                                          MONTH:     JULY
                                          YEAR:      2015
                                          LATITUDE:   43 31 N
                                          LONGITUDE: 112  4 W

  TEMPERATURE IN F:       :PCPN:    SNOW:  WIND      :SUNSHINE: SKY     :PK WND
================================================================================
1   2   3   4   5  6A  6B    7    8   9   10  11  12  13   14  15   16   17  18
                                     12Z  AVG MX 2MIN
DY MAX MIN AVG DEP HDD CDD  WTR  SNW DPTH SPD SPD DIR MIN PSBL S-S WX    SPD DR
================================================================================

 1  93  57  75  10   0  10 0.00    M    M  5.0 15 170   M    M   1 8      20 150
 2  95  57  76  10   0  11 0.00    M    M  5.8 13  20   M    M   0 8      17  30
 3  96  52  74   8   0   9 0.00    M    M 10.0 20 200   M    M   0 8      25 200
 4  94  53  74   8   0   9 0.00    M    M  7.3 20 180   M    M   0 8      25 190
 5  83  64  74   8   0   9 0.02    M    M 15.5 25 210   M    M   4        34 210
 6  78  58  68   1   0   3 0.15    M    M  7.1 17 310   M    M   5 138    22 300
 7  85  54  70   3   0   5 0.02    M    M  4.6 24 330   M    M   3 38     33 330
 8  74  56  65  -2   0   0 0.01    M    M  4.7 17 210   M    M   6        22 210
 9  83  56  70   3   0   5    T    M    M  5.4 18 130   M    M   6        23 140
10  74  50  62  -6   3   0 0.22    M    M  6.9 21 190   M    M   3        26 190
11  77  46  62  -6   3   0 0.03    M    M  7.2 35 190   M    M   5 1      42 200
12  85  53  69   1   0   4 0.00    M    M  9.7 32 200   M    M   2        37 200
13  83  54  69   1   0   4    T    M    M  7.0 24 290   M    M   4 3      33 300
14  83  45  64  -4   1   0 0.00    M    M  4.1 14 300   M    M   3 1      19 300
15  81  51  66  -2   0   1 0.12    M    M  7.8 22 210   M    M   6 13     32 240
16  86  46  66  -3   0   1 0.00    M    M 12.3 33 210   M    M   1        43 210
17  73  50  62  -7   3   0 0.00    M    M  6.0 16 220   M    M   3        21 220
18  75  48  62  -7   3   0    T    M    M  6.4 17 170   M    M   8 3      20 180
19  81  42  62  -7   3   0 0.00    M    M  4.2 14 200   M    M   1        19 200
20  80  45  63  -6   2   0 0.00    M    M  7.1 20 190   M    M   2        26 160
21  88  46  67  -2   0   2    T    M    M  9.4 24 210   M    M   2        31 220
22  86  55  71   2   0   6 0.18    M    M 11.7 26 200   M    M   4 1      35 200
23  82  58  70   1   0   5 0.03    M    M 13.2 31 200   M    M   6 1      38 190
24  86  53  70   1   0   5    T    M    M  8.2 40 210   M    M   3        52 210
25  88  46  67  -2   0   2 0.00    M    M  7.6 25 210   M    M   1        30 210
26  89  50  70   1   0   5    T    M    M  8.2 22 210   M    M   1        28 210
27  68  45  57 -12   8   0 0.16    M    M 15.1 36 220   M    M   6 17     43 210
28  71  36  54 -15  11   0 0.00    M    M  4.2 13  20   M    M   1        17  40
29  81  38  60  -9   5   0 0.00    M    M  4.4  8 320   M    M   0        12 270
================================================================================
SM 2398 1464        42  96  0.94    M    226.1          M       87
================================================================================
AV 82.7 50.5                               7.8 FASTST   M    M   3    MAX(MPH)
                                 MISC ---->  # 40 210               # 52  210
================================================================================
NOTES:
# LAST OF SEVERAL OCCURRENCES

COLUMN 17 PEAK WIND IN M.P.H.

PRELIMINARY LOCAL CLIMATOLOGICAL DATA (WS FORM: F-6) , PAGE 2

                                          STATION:  IDAHO FALLS ID
                                          MONTH:    JULY
                                          YEAR:     2015
                                          LATITUDE:   43 31 N
                                          LONGITUDE: 112  4 W

[TEMPERATURE DATA]      [PRECIPITATION DATA]       SYMBOLS USED IN COLUMN 16

AVERAGE MONTHLY: 66.6   TOTAL FOR MONTH:   0.94    1 = FOG OR MIST
DPTR FM NORMAL:  -1.4   DPTR FM NORMAL:    0.47    2 = FOG REDUCING VISIBILITY
HIGHEST:    96 ON  3    GRTST 24HR  0.22 ON  9-10      TO 1/4 MILE OR LESS
LOWEST:     36 ON 28                               3 = THUNDER
                        SNOW, ICE PELLETS, HAIL    4 = ICE PELLETS
                        TOTAL MONTH:    M          5 = HAIL
                        GRTST 24HR    M  ON   M    6 = FREEZING RAIN OR DRIZZLE
                        GRTST DEPTH:  M  ON   M    7 = DUSTSTORM OR SANDSTORM:
                                                       VSBY 1/2 MILE OR LESS
                                                   8 = SMOKE OR HAZE
[NO. OF DAYS WITH]      [WEATHER - DAYS WITH]      9 = BLOWING SNOW
                                                   X = TORNADO
MAX 32 OR BELOW:   0    0.01 INCH OR MORE:  10
MAX 90 OR ABOVE:   4    0.10 INCH OR MORE:   5
MIN 32 OR BELOW:   0    0.50 INCH OR MORE:   0
MIN  0 OR BELOW:   0    1.00 INCH OR MORE:   0

[HDD (BASE 65) ]
TOTAL THIS MO.    42    CLEAR  (SCALE 0-3)  16
DPTR FM NORMAL    17    PTCLDY (SCALE 4-7)  13
TOTAL FM JUL 1    42    CLOUDY (SCALE 8-10)  0
DPTR FM NORMAL    17

[CDD (BASE 65) ]
TOTAL THIS MO.    96
DPTR FM NORMAL   -22    [PRESSURE DATA]
TOTAL FM JAN 1   193    HIGHEST SLP M ON M
DPTR FM NORMAL    43    LOWEST  SLP 29.66 ON 26

[REMARKS]
