000
CXUS55 KPIH 011200
CF6IDA

PRELIMINARY LOCAL CLIMATOLOGICAL DATA (WS FORM: F-6)

                                          STATION:   IDAHO FALLS ID
                                          MONTH:     AUGUST
                                          YEAR:      2015
                                          LATITUDE:   43 31 N
                                          LONGITUDE: 112  4 W

  TEMPERATURE IN F:       :PCPN:    SNOW:  WIND      :SUNSHINE: SKY     :PK WND
================================================================================
1   2   3   4   5  6A  6B    7    8   9   10  11  12  13   14  15   16   17  18
                                     12Z  AVG MX 2MIN
DY MAX MIN AVG DEP HDD CDD  WTR  SNW DPTH SPD SPD DIR MIN PSBL S-S WX    SPD DR
================================================================================

 1  94  46  70   1   0   5 0.00    M    M  4.6 10 270   M    M   0 8      13 270
 2  97  47  72   3   0   7 0.00    M    M  5.4 12  30   M    M   0        14 360
 3  77  52  65  -4   0   0    T    M    M  8.1 22 210   M    M   6        27 210
 4  88  53  71   2   0   6    T    M    M  6.0 18 220   M    M   4        25 200
 5  81  56  69   0   0   4 0.32    M    M  8.6 33 260   M    M   5 38     45 260
 6  83  45  64  -5   1   0 0.00    M    M  8.1 23 220   M    M   1 18     32 220
 7  81  55  68  -1   0   3 0.07    M    M  9.2 28 200   M    M   2 18     33 180
 8  70  50  60  -8   5   0 0.59    M    M  7.5 21 270   M    M   7 135    26 270
 9  81  45  63  -5   2   0 0.00    M    M  3.8 13 180   M    M   1        17 170
10  89  47  68   0   0   3    T    M    M  7.0 40 180   M    M   2 7      56 190
11  91  55  73   5   0   8    T    M    M  7.9 20 170   M    M   3 3      24 200
12  89  59  74   6   0   9 0.00    M    M  6.2 16 210   M    M   4        19 200
13  93  54  74   6   0   9 0.00    M    M  4.2 15 180   M    M   2        19 150
14  94  58  76   8   0  11 0.05    M    M  8.6 33 280   M    M   5 3      43 280
15  83  59  71   4   0   6 0.00    M    M 14.9 25 200   M    M   1 8      31 210
16  83  45  64  -3   1   0 0.00    M    M  7.8 18 200   M    M   0 8      22 200
17  81  46  64  -3   1   0 0.00    M    M  7.7 16 170   M    M   1 8      22 180
18  79  43  61  -6   4   0 0.00    M    M  6.1 15  20   M    M   2 8      22  50
19  80  45  63  -4   2   0 0.00    M    M  7.9 16 210   M    M   0 8      19 210
20  84  44  64  -2   1   0 0.00    M    M  6.2 16 210   M    M   0 8      21 210
21  87  49  68   2   0   3 0.00    M    M 15.2 36 230   M    M   0 78     47 220
22  74  46  60  -6   5   0 0.00    M    M  5.8 15  30   M    M   7 8      20  20
23  85  37  61  -5   4   0 0.00    M    M  5.6 13 230   M    M   0 18     17 220
24  91  45  68   3   0   3 0.00    M    M  8.2 17 210   M    M   1 8      22 220
25  97  49  73   8   0   8 0.00    M    M  6.4 22 210   M    M   2 8      27 220
26  79  55  67   2   0   2 0.00    M    M  5.4 20 140   M    M   4 78     26 140
27  86  49  68   3   0   3 0.10    M    M  5.2 38  20   M    M   4 38     46  10
28  90  47  69   5   0   4 0.00    M    M  6.2 22 200   M    M   1 8      28 200
29  93  57  75  11   0  10 0.08    M    M 10.2 30 250   M    M   6 3      42 260
30  81  52  67   3   0   2    T    M    M 13.2 28 200   M    M   1 3      35 200
31  80  46  63   0   2   0 0.00    M    M 11.9 22 210   M    M   0        27 200
================================================================================
SM 2641 1536        28 106  1.21    M    239.1          M       72
================================================================================
AV 85.2 49.5                               7.7 FASTST   M    M   2    MAX(MPH)
                                 MISC ---->  # 40 180               # 56  190
================================================================================
NOTES:
# LAST OF SEVERAL OCCURRENCES

COLUMN 17 PEAK WIND IN M.P.H.

PRELIMINARY LOCAL CLIMATOLOGICAL DATA (WS FORM: F-6) , PAGE 2

                                          STATION:  IDAHO FALLS ID
                                          MONTH:    AUGUST
                                          YEAR:     2015
                                          LATITUDE:   43 31 N
                                          LONGITUDE: 112  4 W

[TEMPERATURE DATA]      [PRECIPITATION DATA]       SYMBOLS USED IN COLUMN 16

AVERAGE MONTHLY: 67.4   TOTAL FOR MONTH:   1.21    1 = FOG OR MIST
DPTR FM NORMAL:   0.5   DPTR FM NORMAL:    0.67    2 = FOG REDUCING VISIBILITY
HIGHEST:    97 ON 25, 2 GRTST 24HR  0.66 ON  7- 8      TO 1/4 MILE OR LESS
LOWEST:     37 ON 23                               3 = THUNDER
                        SNOW, ICE PELLETS, HAIL    4 = ICE PELLETS
                        TOTAL MONTH:    M          5 = HAIL
                        GRTST 24HR    M  ON   M    6 = FREEZING RAIN OR DRIZZLE
                        GRTST DEPTH:  M  ON   M    7 = DUSTSTORM OR SANDSTORM:
                                                       VSBY 1/2 MILE OR LESS
                                                   8 = SMOKE OR HAZE
[NO. OF DAYS WITH]      [WEATHER - DAYS WITH]      9 = BLOWING SNOW
                                                   X = TORNADO
MAX 32 OR BELOW:   0    0.01 INCH OR MORE:   6
MAX 90 OR ABOVE:   9    0.10 INCH OR MORE:   3
MIN 32 OR BELOW:   0    0.50 INCH OR MORE:   1
MIN  0 OR BELOW:   0    1.00 INCH OR MORE:   0

[HDD (BASE 65) ]
TOTAL THIS MO.    28    CLEAR  (SCALE 0-3)  21
DPTR FM NORMAL   -10    PTCLDY (SCALE 4-7)  10
TOTAL FM JUL 1    70    CLOUDY (SCALE 8-10)  0
DPTR FM NORMAL     5

[CDD (BASE 65) ]
TOTAL THIS MO.   106
DPTR FM NORMAL     9    [PRESSURE DATA]
TOTAL FM JAN 1   302    HIGHEST SLP 30.19 ON 27
DPTR FM NORMAL    50    LOWEST  SLP 29.62 ON 21

[REMARKS]
