000
CXUS55 KPIH 211200
CF6IDA

PRELIMINARY LOCAL CLIMATOLOGICAL DATA (WS FORM: F-6)

                                          STATION:   IDAHO FALLS ID
                                          MONTH:     APRIL
                                          YEAR:      2014
                                          LATITUDE:   43 31 N
                                          LONGITUDE: 112  4 W

  TEMPERATURE IN F:       :PCPN:    SNOW:  WIND      :SUNSHINE: SKY     :PK WND
================================================================================
1   2   3   4   5  6A  6B    7    8   9   10  11  12  13   14  15   16   17  18
                                     12Z  AVG MX 2MIN
DY MAX MIN AVG DEP HDD CDD  WTR  SNW DPTH SPD SPD DIR MIN PSBL S-S WX    SPD DR
================================================================================

 1  45  28  37  -4  28   0 0.03    M    M 10.8 24 200   M    M   6 1      31 210
 2  43  31  37  -5  28   0    T    M    M  8.8 21 220   M    M   9 1      24 220
 3  47  29  38  -4  27   0    T    M    M  3.8 12 270   M    M   7 12     14 260
 4  53  27  40  -2  25   0 0.00    M    M  8.7 26 230   M    M   4 8      33 220
 5  53  27  40  -2  25   0 0.05    M    M  7.6 24 280   M    M   4        31 270
 6  57  31  44   2  21   0 0.00    M    M 11.8 29 250   M    M   5        35 260
 7  61  26  44   1  21   0 0.00    M    M 10.1 25 190   M    M   2        31 190
 8  70  31  51   8  14   0 0.00    M    M  9.1 23 210   M    M   1        27 220
 9  70  37  54  11  11   0 0.00    M    M 16.5 39 230   M    M   2 7      49 240
10  64  30  47   4  18   0 0.00    M    M 13.2 24 200   M    M   2        31 210
11  67  36  52   8  13   0 0.00    M    M 15.3 26 250   M    M   2        33 210
12  65  40  53   9  12   0 0.01    M    M 14.9 32 350   M    M   3        40 350
13  49  27  38  -6  27   0 0.00    M    M 21.1 33 360   M    M   3        41 350
14  54  17  36  -8  29   0 0.00    M    M  7.9 17 220   M    M   0        23 220
15  60  32  46   2  19   0    T    M    M 14.9 40 240   M    M   4 78     56 260
16  54  25  40  -5  25   0 0.00    M    M  6.7 20 210   M    M   1 8      23 210
17  67  29  48   3  17   0 0.00    M    M 11.4 24 190   M    M   0 8      32 200
18  60  42  51   6  14   0 0.09    M    M 22.9 39 200   M    M   5 18     48 200
19  68  30  49   3  16   0 0.00    M    M  8.7 21 190   M    M   1        28 230
20  64  40  52   6  13   0 0.00    M    M 16.3 30 210   M    M   1        37 220
================================================================================
SM 1171  615       403   0  0.18    M    240.5          M       62
================================================================================
AV 58.5 30.8                              12.0 FASTST   M    M   3    MAX(MPH)
                                 MISC ---->  # 40 240               # 56  260
================================================================================
NOTES:
# LAST OF SEVERAL OCCURRENCES

COLUMN 17 PEAK WIND IN M.P.H.

PRELIMINARY LOCAL CLIMATOLOGICAL DATA (WS FORM: F-6) , PAGE 2

                                          STATION:  IDAHO FALLS ID
                                          MONTH:    APRIL
                                          YEAR:     2014
                                          LATITUDE:   43 31 N
                                          LONGITUDE: 112  4 W

[TEMPERATURE DATA]      [PRECIPITATION DATA]       SYMBOLS USED IN COLUMN 16

AVERAGE MONTHLY: 44.7   TOTAL FOR MONTH:   0.18    1 = FOG OR MIST
DPTR FM NORMAL:   1.2   DPTR FM NORMAL:   -0.50    2 = FOG REDUCING VISIBILITY
HIGHEST:    70 ON  9, 8 GRTST 24HR  0.09 ON 18-18      TO 1/4 MILE OR LESS
LOWEST:     17 ON 14                               3 = THUNDER
                        SNOW, ICE PELLETS, HAIL    4 = ICE PELLETS
                        TOTAL MONTH:    M          5 = HAIL
                        GRTST 24HR    M  ON   M    6 = FREEZING RAIN OR DRIZZLE
                        GRTST DEPTH:  M  ON   M    7 = DUSTSTORM OR SANDSTORM:
                                                       VSBY 1/2 MILE OR LESS
                                                   8 = SMOKE OR HAZE
[NO. OF DAYS WITH]      [WEATHER - DAYS WITH]      9 = BLOWING SNOW
                                                   X = TORNADO
MAX 32 OR BELOW:   0    0.01 INCH OR MORE:   4
MAX 90 OR ABOVE:   0    0.10 INCH OR MORE:   0
MIN 32 OR BELOW:  15    0.50 INCH OR MORE:   0
MIN  0 OR BELOW:   0    1.00 INCH OR MORE:   0

[HDD (BASE 65) ]
TOTAL THIS MO.   403    CLEAR  (SCALE 0-3)  11
DPTR FM NORMAL   -29    PTCLDY (SCALE 4-7)   8
TOTAL FM JUL 1  6712    CLOUDY (SCALE 8-10)  1
DPTR FM NORMAL  -424

[CDD (BASE 65) ]
TOTAL THIS MO.     0
DPTR FM NORMAL     0    [PRESSURE DATA]
TOTAL FM JAN 1     0    HIGHEST SLP M ON M
DPTR FM NORMAL     0    LOWEST  SLP 29.62 ON M

[REMARKS]
