008
CXUS53 KUNR 280945
CF6IEN
PRELIMINARY LOCAL CLIMATOLOGICAL DATA (WS FORM: F-6)

                                          STATION:   PINE RIDGE SD
                                          MONTH:     APRIL
                                          YEAR:      2017
                                          LATITUDE:   43  1 N
                                          LONGITUDE: 102 31 W

  TEMPERATURE IN F:       :PCPN:    SNOW:  WIND      :SUNSHINE: SKY     :PK WND
================================================================================
1   2   3   4   5  6A  6B    7    8   9   10  11  12  13   14  15   16   17  18
                                     12Z  AVG MX 2MIN
DY MAX MIN AVG DEP HDD CDD  WTR  SNW DPTH SPD SPD DIR MIN PSBL S-S WX    SPD DR
================================================================================

 1  54  34  44   2  21   0 0.00    M    M  4.4 20 190   M    M   6        24 190
 2  64  33  49   7  16   0 0.06    M    M  8.6 23  20   M    M   4 1      29 360
 3  47  33  40  -2  25   0 0.39    M    M  7.5 16 310   M    M   9 1      21 310
 4  49  32  41  -1  24   0    T    M    M  5.3 15  30   M    M   8 1      22  30
 5  57  27  42  -1  23   0 0.00    M    M  4.6 14 310   M    M   3        17 320
 6  65  32  49   6  16   0 0.00    M    M 10.5 29 180   M    M   2        37 170
 7  81  46  64  21   1   0 0.00    M    M 15.1 32 190   M    M   0        45 190
 8  74  41  58  15   7   0    T    M    M  5.8 20 350   M    M   2 8      30 360
 9  65  36  51   7  14   0 0.18    M    M 11.2 31 250   M    M   5 13     40 250
10  45  31  38  -6  27   0 0.15    M    M  7.3 25 350   M    M   7 1      32 350
11  64  34  49   5  16   0 0.00    M    M  8.7 20 190   M    M   0        25 190
12  65  39  52   8  13   0 0.00    M    M  8.2 15  80   M    M   0        19  30
13  78  39  59  14   6   0 0.00    M    M 17.4 40 180   M    M   0 18     53 180
14  80  51  66  21   0   1    T    M    M 15.0 39 170   M    M   2        50 170
15  66  33  50   5  15   0 0.00    M    M  7.3 23 270   M    M   1        32 290
16  69  24  47   1  18   0 0.00    M    M  7.4 20  30   M    M   2        27  40
17  72  26  49   3  16   0    T    M    M 16.1 37 180   M    M   2        47 180
18  66  36  51   5  14   0    T    M    M  6.8 17  80   M    M   4 3      21 100
19  61  38  50   4  15   0 0.70    M    M  8.3 26 290   M    M   7 13     36 290
20  65  33  49   2  16   0 0.00    M    M  8.9 18 310   M    M   0        24 310
21  58  39  49   2  16   0    T    M    M  9.9 17 120   M    M   2        23 120
22  66  35  51   4  14   0 0.00    M    M  8.6 17 180   M    M   0        23 190
23  76  43  60  12   5   0    T    M    M 15.3 26 270   M    M   0        37 290
24  65  39  52   4  13   0 0.04    M    M  6.4 16  90   M    M   4 1      23  90
25  45  28  37 -11  28   0 0.42    M    M 13.6 24  80   M    M  10 18     31  70
26  47  25  36 -13  29   0 0.00    M    M  6.9 17 350   M    M   6        22 350
27  51  24  38 -11  27   0 0.27    M    M  9.9 17 100   M    M   7 1      25 100
================================================================================
SM 1695  931       435   1  2.21    M    255.0          M       93
================================================================================
AV 62.8 34.5                               9.4 FASTST   M    M   3    MAX(MPH)
                                 MISC ---->  # 40 180               # 53  180
================================================================================
NOTES:
# LAST OF SEVERAL OCCURRENCES

COLUMN 17 PEAK WIND IN M.P.H.

PRELIMINARY LOCAL CLIMATOLOGICAL DATA (WS FORM: F-6) , PAGE 2

                                          STATION:  PINE RIDGE SD
                                          MONTH:    APRIL
                                          YEAR:     2017
                                          LATITUDE:   43  1 N
                                          LONGITUDE: 102 31 W

[TEMPERATURE DATA]      [PRECIPITATION DATA]       SYMBOLS USED IN COLUMN 16

AVERAGE MONTHLY: 48.6   TOTAL FOR MONTH:   2.21    1 = FOG OR MIST
DPTR FM NORMAL:   3.5   DPTR FM NORMAL:    0.53    2 = FOG REDUCING VISIBILITY
HIGHEST:    81 ON  7    GRTST 24HR  0.70 ON 19-19      TO 1/4 MILE OR LESS
LOWEST:     24 ON 27,16                            3 = THUNDER
                        SNOW, ICE PELLETS, HAIL    4 = ICE PELLETS
                        TOTAL MONTH:    M          5 = HAIL
                        GRTST 24HR    M  ON   M    6 = FREEZING RAIN OR DRIZZLE
                        GRTST DEPTH:  M  ON   M    7 = DUSTSTORM OR SANDSTORM:
                                                       VSBY 1/2 MILE OR LESS
                                                   8 = SMOKE OR HAZE
[NO. OF DAYS WITH]      [WEATHER - DAYS WITH]      9 = BLOWING SNOW
                                                   X = TORNADO
MAX 32 OR BELOW:   0    0.01 INCH OR MORE:   8
MAX 90 OR ABOVE:   0    0.10 INCH OR MORE:   6
MIN 32 OR BELOW:   9    0.50 INCH OR MORE:   1
MIN  0 OR BELOW:   0    1.00 INCH OR MORE:   0

[HDD (BASE 65) ]
TOTAL THIS MO.   435    CLEAR  (SCALE 0-3)  14
DPTR FM NORMAL  -102    PTCLDY (SCALE 4-7)  10
TOTAL FM JUL 1  6292    CLOUDY (SCALE 8-10)  3
DPTR FM NORMAL  -483

[CDD (BASE 65) ]
TOTAL THIS MO.     1
DPTR FM NORMAL     1    [PRESSURE DATA]
TOTAL FM JAN 1     1    HIGHEST SLP M ON M
DPTR FM NORMAL     1    LOWEST  SLP 29.23 ON  8

[REMARKS]
