000
CXUS51 KPHI 300800
CF6ILG
PRELIMINARY LOCAL CLIMATOLOGICAL DATA (WS FORM: F-6)

                                          STATION:   WILMINGTON DE
                                          MONTH:     JULY
                                          YEAR:      2015
                                          LATITUDE:   39 40 N
                                          LONGITUDE:  75 36 W

  TEMPERATURE IN F:       :PCPN:    SNOW:  WIND      :SUNSHINE: SKY     :PK WND
================================================================================
1   2   3   4   5  6A  6B    7    8   9   10  11  12  13   14  15   16   17  18
                                     12Z  AVG MX 2MIN
DY MAX MIN AVG DEP HDD CDD  WTR  SNW DPTH SPD SPD DIR MIN PSBL S-S WX    SPD DR
================================================================================

 1  84  67  76   0   0  11 0.17  0.0    0  9.6 35 280   M    M   2 13     43 270
 2  74  63  69  -7   0   4 0.06  0.0    0  3.1  9  70   M    M   6 18     11  70
 3  80  61  71  -5   0   6    T  0.0    0  7.5 15 150   M    M   1 1      18 160
 4  76  69  73  -3   0   8 0.04  0.0    0  7.7 14  50   M    M   8        17  50
 5  82  64  73  -3   0   8 0.00  0.0    0  4.6 10 170   M    M   2 18     12 150
 6  85  72  79   2   0  14 0.06  0.0    0  7.9 16 160   M    M   4 13     22 180
 7  88  73  81   4   0  16 0.00  0.0    0  8.1 17 240   M    M   4        21 240
 8  88  76  82   5   0  17    T  0.0    0  6.9 18 300   M    M   3 8      24 300
 9  85  73  79   2   0  14 0.55  0.0    0  6.7 35 250   M    M   6 13     47 250
10  83  71  77   0   0  12 0.00  0.0    0  9.5 17 330   M    M   M        22 310
11  88  70  79   2   0  14    T  0.0    0  5.2 13  90   M    M   2        17 340
12  87  64  76  -1   0  11 0.00  0.0    0  4.6 14 180   M    M   1        16 180
13  83  69  76  -1   0  11    T  0.0    0  6.9 18 160   M    M   2        23 170
14  86  73  80   3   0  15 0.03  0.0    0  6.9 16 210   M    M   5 13     21 250
15  82  66  74  -3   0   9 0.70  0.0    0  7.9 22 300   M    M   6 13     25  40
16  81  61  71  -6   0   6 0.00  0.0    0  7.3 16  30   M    M   2        20 340
17  80  64  72  -5   0   7 0.00  0.0    0  8.9 18 150   M    M   5        26 160
18  86  73  80   3   0  15 0.00  0.0    0  7.1 15 250   M    M   5        18 250
19  92  75  84   7   0  19 0.00  0.0    0  5.5 14 260   M    M   1 1      17 270
20  92  79  86   9   0  21 0.00  0.0    0  6.4 14 290   M    M   1        18 290
21  89  70  80   3   0  15    T  0.0    0  5.6 24 340   M    M   2        30 340
22  83  65  74  -3   0   9 0.00  0.0    0  8.9 21 270   M    M   1        25 270
23  83  62  73  -4   0   8 0.00  0.0    0  6.3 14 280   M    M   1        17 280
24  86  60  73  -4   0   8 0.00  0.0    0  5.3 15 360   M    M   0        18 350
25  86  61  74  -3   0   9 0.00  0.0    0  6.6 17 170   M    M   1        21 170
26  88  69  79   2   0  14 0.00  0.0    0  9.2 20 150   M    M   2        23 170
27  82  70  76  -1   0  11 0.26  0.0    0  6.1 13 170   M    M   6 13     16 160
28  89  70  80   3   0  15 0.00  0.0    0  4.9 16 150   M    M   3 18     19 160
29  89  73  81   4   0  16 0.00  0.0    0  6.2 18 150   M    M   1 18     20 150
================================================================================
SM 2457 1983         0 343  1.87     0.0 197.4          M       83
================================================================================
AV 84.7 68.4                               6.8 FASTST   M    M   3    MAX(MPH)
                                 MISC ---->  # 35 280               # 47  250
================================================================================
NOTES:
# LAST OF SEVERAL OCCURRENCES

COLUMN 17 PEAK WIND IN M.P.H.

PRELIMINARY LOCAL CLIMATOLOGICAL DATA (WS FORM: F-6) , PAGE 2

                                          STATION:  WILMINGTON DE
                                          MONTH:    JULY
                                          YEAR:     2015
                                          LATITUDE:   39 40 N
                                          LONGITUDE:  75 36 W

[TEMPERATURE DATA]      [PRECIPITATION DATA]       SYMBOLS USED IN COLUMN 16

AVERAGE MONTHLY: 76.6   TOTAL FOR MONTH:   1.87    1 = FOG OR MIST
DPTR FM NORMAL:  -0.3   DPTR FM NORMAL:   -2.42    2 = FOG REDUCING VISIBILITY
HIGHEST:    92 ON 20,19 GRTST 24HR  0.70 ON 15-15      TO 1/4 MILE OR LESS
LOWEST:     60 ON 24                               3 = THUNDER
                        SNOW, ICE PELLETS, HAIL    4 = ICE PELLETS
                        TOTAL MONTH:   0.0 INCH    5 = HAIL
                        GRTST 24HR     0.0         6 = FREEZING RAIN OR DRIZZLE
                        GRTST DEPTH:   0           7 = DUSTSTORM OR SANDSTORM:
                                                       VSBY 1/2 MILE OR LESS
                                                   8 = SMOKE OR HAZE
[NO. OF DAYS WITH]      [WEATHER - DAYS WITH]      9 = BLOWING SNOW
                                                   X = TORNADO
MAX 32 OR BELOW:   0    0.01 INCH OR MORE:   8
MAX 90 OR ABOVE:   2    0.10 INCH OR MORE:   4
MIN 32 OR BELOW:   0    0.50 INCH OR MORE:   2
MIN  0 OR BELOW:   0    1.00 INCH OR MORE:   0

[HDD (BASE 65) ]
TOTAL THIS MO.     0    CLEAR  (SCALE 0-3)  16
DPTR FM NORMAL     0    PTCLDY (SCALE 4-7)  11
TOTAL FM JUL 1     0    CLOUDY (SCALE 8-10)  1
DPTR FM NORMAL     0

[CDD (BASE 65) ]
TOTAL THIS MO.   343
DPTR FM NORMAL    -1    [PRESSURE DATA]
TOTAL FM JAN 1   779    HIGHEST SLP M ON M
DPTR FM NORMAL   125    LOWEST  SLP 29.53 ON 15

[REMARKS]
