000
CXUS52 KILM 011000
CF6ILM
PRELIMINARY LOCAL CLIMATOLOGICAL DATA (WS FORM: F-6)

                                          STATION:   WILMINGTON NC
                                          MONTH:     JUNE
                                          YEAR:      2015
                                          LATITUDE:   34 16 N
                                          LONGITUDE:  77 55 W

  TEMPERATURE IN F:       :PCPN:    SNOW:  WIND      :SUNSHINE: SKY     :PK WND
================================================================================
1   2   3   4   5  6A  6B    7    8   9   10  11  12  13   14  15   16   17  18
                                     12Z  AVG MX 2MIN
DY MAX MIN AVG DEP HDD CDD  WTR  SNW DPTH SPD SPD DIR MIN PSBL S-S WX    SPD DR
================================================================================

 1  85  67  76   2   0  11 0.00  0.0    0  5.4 16 160   M    M   1        22 160
 2  84  70  77   2   0  12 0.16  0.0    0  4.3 18 290   M    M   2 13     23 290
 3  77  68  73  -2   0   8 0.74  0.0    0  4.8 17 300   M    M   7 13     20 290
 4  82  67  75   0   0  10    T  0.0    0  5.4 10  50   M    M   6 3      12  40
 5  80  67  74  -2   0   9 0.00  0.0    0  5.3 12 330   M    M   7 1      15 300
 6  84  65  75  -1   0  10 0.14  0.0    0  4.5 20  70   M    M   5 123    29  90
 7  81  65  73  -3   0   8 0.00  0.0    0  7.7 15 120   M    M   2 12     19 110
 8  86  63  75  -1   0  10 0.00  0.0    0  6.9 17 190   M    M   2        24 180
 9  87  68  78   2   0  13 2.10  0.0    0  8.8 22 320   M    M   5 13     31 230
10  84  68  76  -1   0  11    T  0.0    0  6.1 16 250   M    M   0        20 240
11  88  71  80   3   0  15 0.00  0.0    0  6.4 15 180   M    M   2 1      20 160
12  92  74  83   6   0  18    T  0.0    0  9.2 20 210   M    M   2 3      25 220
13  95  76  86   9   0  21    T  0.0    0  8.1 15 270   M    M   0        19 250
14  97  76  87   9   0  22 0.00  0.0    0  5.5 13 160   M    M   1        15 300
15  99  77  88  10   0  23 0.00  0.0    0  6.0 14 200   M    M   0        18 230
16 100  77  89  11   0  24 0.00  0.0    0  6.1 12 220   0    0   0        17 220
17  93  78  86   8   0  21 0.00  0.0    0  6.5 13 140   M    M   0 3      16 120
18  99  72  86   8   0  21 1.82  0.0    0  7.4 35 290   M    M   5 138    62 290
19  95  73  84   5   0  19 1.23  0.0    0  6.5 28  20   M    M   5 138    36 350
20  93  72  83   4   0  18 0.09  0.0    0 10.4 20 240   M    M   2 13     24 210
21  96  81  89  10   0  24    T  0.0    0 10.6 17 200   M    M   2        23 210
22  95  79  87   8   0  22 0.01  0.0    0  7.5 24 290   M    M   1 3      30 300
23  92  80  86   6   0  21 0.00  0.0    0 11.6 21 240   M    M   0        25 210
24  95  75  85   5   0  20 0.19  0.0    0  9.4 16 180   M    M   1 13     22 200
25  90  74  82   2   0  17 0.00  0.0    0  6.0 15 180   M    M   0        19 190
26  95  76  86   6   0  21 0.00  0.0    0  9.4 25  40   M    M   2        30  30
27  89  74  82   2   0  17 0.54  0.0    0  9.4 23 210   M    M   4 13     32 220
28  88  74  81   1   0  16 0.09  0.0    0  8.2 17 240   M    M   5 13     22 260
29  85  74  80   0   0  15 0.00  0.0    0  5.4 13 120   M    M   4        17  90
30  91  73  82   2   0  17 0.00  0.0    0 10.4 21 200   M    M   1        29 200
================================================================================
SM 2697 2174         0 494  7.11     0.0 219.2            0     74
================================================================================
AV 89.9 72.5                               7.3 FASTST    0   0   2    MAX(MPH)
                                 MISC ---->  # 35 290               # 62  290
================================================================================
NOTES:
# LAST OF SEVERAL OCCURRENCES

COLUMN 17 PEAK WIND IN M.P.H.

PRELIMINARY LOCAL CLIMATOLOGICAL DATA (WS FORM: F-6) , PAGE 2

                                          STATION:  WILMINGTON NC
                                          MONTH:    JUNE
                                          YEAR:     2015
                                          LATITUDE:   34 16 N
                                          LONGITUDE:  77 55 W

[TEMPERATURE DATA]      [PRECIPITATION DATA]       SYMBOLS USED IN COLUMN 16

AVERAGE MONTHLY: 81.2   TOTAL FOR MONTH:   7.11    1 = FOG OR MIST
DPTR FM NORMAL:   3.4   DPTR FM NORMAL:    1.93    2 = FOG REDUCING VISIBILITY
HIGHEST:   100 ON 16    GRTST 24HR  2.10 ON  9- 9      TO 1/4 MILE OR LESS
LOWEST:     63 ON  8                               3 = THUNDER
                        SNOW, ICE PELLETS, HAIL    4 = ICE PELLETS
                        TOTAL MONTH:   0.0 INCH    5 = HAIL
                        GRTST 24HR     0.0         6 = FREEZING RAIN OR DRIZZLE
                        GRTST DEPTH:   0           7 = DUSTSTORM OR SANDSTORM:
                                                       VSBY 1/2 MILE OR LESS
                                                   8 = SMOKE OR HAZE
[NO. OF DAYS WITH]      [WEATHER - DAYS WITH]      9 = BLOWING SNOW
                                                   X = TORNADO
MAX 32 OR BELOW:   0    0.01 INCH OR MORE:  11
MAX 90 OR ABOVE:  16    0.10 INCH OR MORE:   8
MIN 32 OR BELOW:   0    0.50 INCH OR MORE:   5
MIN  0 OR BELOW:   0    1.00 INCH OR MORE:   3

[HDD (BASE 65) ]
TOTAL THIS MO.     0    CLEAR  (SCALE 0-3)  20
DPTR FM NORMAL    -2    PTCLDY (SCALE 4-7)  10
TOTAL FM JUL 1  2597    CLOUDY (SCALE 8-10)  0
DPTR FM NORMAL   186

[CDD (BASE 65) ]
TOTAL THIS MO.   494
DPTR FM NORMAL   109    [PRESSURE DATA]
TOTAL FM JAN 1   787    HIGHEST SLP 30.13 ON  7
DPTR FM NORMAL   121    LOWEST  SLP 29.79 ON 28

[REMARKS]
#FINAL-06-15#
