000
CXUS53 KILX 252300
CF6ILX
PRELIMINARY LOCAL CLIMATOLOGICAL DATA (WS FORM: F-6)

                                          STATION:   LINCOLN IL
                                          MONTH:     JUNE
                                          YEAR:      2017
                                          LATITUDE:   40  9 N
                                          LONGITUDE:  89 20 W

  TEMPERATURE IN F:       :PCPN:    SNOW:  WIND      :SUNSHINE: SKY     :PK WND
================================================================================
1   2   3   4   5  6A  6B    7    8   9   10  11  12  13   14  15   16   17  18
                                     12Z  AVG MX 2MIN
DY MAX MIN AVG DEP HDD CDD  WTR  SNW DPTH SPD SPD DIR MIN PSBL S-S WX    SPD DR
================================================================================

 1  82  47  65  -3   0   0 0.00  0.0    0   M   M   M   M    M   M         M  M
 2  87  53  70   2   0   5 0.00  0.0    0   M   M   M   M    M   M         M  M
 3  89  58  74   5   0   9 0.00  0.0    0   M   M   M   M    M   M         M  M
 4  89  69  79  10   0  14 0.00  0.0    0   M   M   M   M    M   M         M  M
 5  93  62  78   9   0  13 0.00  0.0    0   M   M   M   M    M   M         M  M
 6  82  52  67  -3   0   2 0.00  0.0    0   M   M   M   M    M   M         M  M
 7  81  54  68  -2   0   3 0.00  0.0    0   M   M   M   M    M   M         M  M
 8  82  82  82  12   0  17 0.00  0.0    0   M   M   M   M    M   M         M  M
 9  87  63  75   4   0  10 0.00  0.0    0   M   M   M   M    M   M         M  M
10  88  60  74   3   0   9 0.00  0.0    0   M   M   M   M    M   M         M  M
11  91  67  79   8   0  14 0.00  0.0    0   M   M   M   M    M   M         M  M
12  93  66  80   8   0  15 0.00  0.0    0   M   M   M   M    M   M         M  M
13  94  71  83  11   0  18 0.00  0.0    0   M   M   M   M    M   M         M  M
14  89  68  79   7   0  14 0.13  0.0    0   M   M   M   M    M   M 3       M  M
15  89  67  78   6   0  13 0.07  0.0    0   M   M   M   M    M   M         M  M
16  89  69  79   6   0  14 0.00  0.0    0   M   M   M   M    M   M         M  M
17  88  72  80   7   0  15 0.04  0.0    0   M   M   M   M    M   M         M  M
18  81  69  75   2   0  10 0.08  0.0    0   M   M   M   M    M   M         M  M
19  83  58  71  -2   0   6 0.11  0.0    0   M   M   M   M    M   M         M  M
20  89  54  72  -2   0   7 0.16  0.0    0   M   M   M   M    M   M 3       M  M
21  87  63  75   1   0  10    T  0.0    0   M   M   M   M    M   M         M  M
22  84  70  77   3   0  12 0.00  0.0    0   M   M   M   M    M   M         M  M
23  83  64  74   0   0   9 0.30  0.0    0   M   M   M   M    M   M 3       M  M
24  76  59  68  -6   0   3 0.00  0.0    0   M   M   M   M    M   M         M  M
================================================================================
SM 2076 1517         0 242  0.89     0.0     M          M        M
================================================================================
AV 86.5 63.2                                 M FASTST   M    M   1    MAX(MPH)
                                 MISC ---->     M   M                  M    M
================================================================================
NOTES:
# LAST OF SEVERAL OCCURRENCES

COLUMN 17 PEAK WIND IN M.P.H.

PRELIMINARY LOCAL CLIMATOLOGICAL DATA (WS FORM: F-6) , PAGE 2

                                          STATION:  LINCOLN IL
                                          MONTH:    JUNE
                                          YEAR:     2017
                                          LATITUDE:   40  9 N
                                          LONGITUDE:  89 20 W

[TEMPERATURE DATA]      [PRECIPITATION DATA]       SYMBOLS USED IN COLUMN 16

AVERAGE MONTHLY: 74.9   TOTAL FOR MONTH:   0.89    1 = FOG OR MIST
DPTR FM NORMAL:   3.4   DPTR FM NORMAL:   -2.48    2 = FOG REDUCING VISIBILITY
HIGHEST:    94 ON 13    GRTST 24HR  0.30 ON 23-23      TO 1/4 MILE OR LESS
LOWEST:     47 ON  1                               3 = THUNDER
                        SNOW, ICE PELLETS, HAIL    4 = ICE PELLETS
                        TOTAL MONTH:   0.0 INCH    5 = HAIL
                        GRTST 24HR     0.0         6 = FREEZING RAIN OR DRIZZLE
                        GRTST DEPTH:   0           7 = DUSTSTORM OR SANDSTORM:
                                                       VSBY 1/2 MILE OR LESS
                                                   8 = SMOKE OR HAZE
[NO. OF DAYS WITH]      [WEATHER - DAYS WITH]      9 = BLOWING SNOW
                                                   X = TORNADO
MAX 32 OR BELOW:   0    0.01 INCH OR MORE:   7
MAX 90 OR ABOVE:   4    0.10 INCH OR MORE:   4
MIN 32 OR BELOW:   0    0.50 INCH OR MORE:   0
MIN  0 OR BELOW:   0    1.00 INCH OR MORE:   0

[HDD (BASE 65) ]
TOTAL THIS MO.     0    CLEAR  (SCALE 0-3)   0
DPTR FM NORMAL   -15    PTCLDY (SCALE 4-7)   0
TOTAL FM JUL 1  4713    CLOUDY (SCALE 8-10)  0
DPTR FM NORMAL  -993

[CDD (BASE 65) ]
TOTAL THIS MO.   242
DPTR FM NORMAL    69    [PRESSURE DATA]
TOTAL FM JAN 1   332    HIGHEST SLP M ON M
DPTR FM NORMAL    68    LOWEST  SLP M ON M

[REMARKS]
