000
CXUS53 KILX 010900
CF6ILX
PRELIMINARY LOCAL CLIMATOLOGICAL DATA (WS FORM: F-6)

                                          STATION:   LINCOLN IL
                                          MONTH:     JULY
                                          YEAR:      2014
                                          LATITUDE:   40  9 N
                                          LONGITUDE:  89 20 W

  TEMPERATURE IN F:       :PCPN:    SNOW:  WIND      :SUNSHINE: SKY     :PK WND
================================================================================
1   2   3   4   5  6A  6B    7    8   9   10  11  12  13   14  15   16   17  18
                                     12Z  AVG MX 2MIN
DY MAX MIN AVG DEP HDD CDD  WTR  SNW DPTH SPD SPD DIR MIN PSBL S-S WX    SPD DR
================================================================================

 1  83  67  75   0   0  10    T  0.0    0   M   M   M   M    M   M         M  M
 2  71  59  65 -10   0   0    T  0.0    0   M   M   M   M    M   M         M  M
 3  76  55  66  -9   0   1    T  0.0    0   M   M   M   M    M   M         M  M
 4  77  54  66 -10   0   1 0.00  0.0    0   M   M   M   M    M   M         M  M
 5  77  53  65 -11   0   0 0.38  0.0    0   M   M   M   M    M   M         M  M
 6  86  63  75  -1   0  10    T  0.0    0   M   M   M   M    M   M 3       M  M
 7  87  72  80   4   0  15 0.02  0.0    0   M   M   M   M    M   M 3       M  M
 8  81  66  74  -2   0   9 1.23  0.0    0   M   M   M   M    M   M 13      M  M
 9  79  58  69  -7   0   4 0.00  0.0    0   M   M   M   M    M   M         M  M
10  79  54  67  -9   0   2 0.00  0.0    0   M   M   M   M    M   M         M  M
11  82  53  68  -8   0   3    T  0.0    0   M   M   M   M    M   M         M  M
12  88  72  80   5   0  15    T  0.0    0   M   M   M   M    M   M         M  M
13  85  65  75   0   0  10 1.11  0.0    0   M   M   M   M    M   M 13      M  M
14  83  58  71  -4   0   6 0.85  0.0    0   M   M   M   M    M   M 13      M  M
15  69  53  61 -14   4   0 0.00  0.0    0   M   M   M   M    M   M         M  M
16  74  52  63 -12   2   0 0.00  0.0    0   M   M   M   M    M   M         M  M
17  77  50  64 -11   1   0 0.00  0.0    0   M   M   M   M    M   M         M  M
18  77  53  65 -10   0   0 0.00  0.0    0   M   M   M   M    M   M         M  M
19  79  51  65 -10   0   0 0.00  0.0    0   M   M   M   M    M   M 1       M  M
20  79  53  66  -9   0   1 0.00  0.0    0   M   M   M   M    M   M 1       M  M
21  83  57  70  -5   0   5 0.00  0.0    0   M   M   M   M    M   M 1       M  M
22  86  62  74  -1   0   9 0.00  0.0    0   M   M   M   M    M   M 1       M  M
23  78  56  67  -8   0   2 0.00  0.0    0   M   M   M   M    M   M 1       M  M
24  76  53  65  -9   0   0 0.00  0.0    0   M   M   M   M    M   M         M  M
25  73  54  64 -10   1   0 0.35  0.0    0   M   M   M   M    M   M 3       M  M
26  83  67  75   1   0  10 0.84  0.0    0   M   M   M   M    M   M 3       M  M
27  84  64  74   0   0   9    T  0.0    0   M   M   M   M    M   M         M  M
28  73  54  64 -10   1   0 0.00  0.0    0   M   M   M   M    M   M         M  M
29  77  55  66  -8   0   1 0.00  0.0    0   M   M   M   M    M   M         M  M
30  80  55  68  -6   0   3 0.00  0.0    0   M   M   M   M    M   M         M  M
31  82  54  68  -6   0   3 0.00  0.0    0   M   M   M   0    0   0 1       0   0
================================================================================
SM 2464 1792         9 129  4.78     0.0     M            0      0
================================================================================
AV 79.5 57.8                                 M FASTST    0   0   0    MAX(MPH)
                                 MISC ---->     M   M                99999  M
================================================================================
NOTES:
# LAST OF SEVERAL OCCURRENCES

COLUMN 17 PEAK WIND IN M.P.H.

PRELIMINARY LOCAL CLIMATOLOGICAL DATA (WS FORM: F-6) , PAGE 2

                                          STATION:  LINCOLN IL
                                          MONTH:    JULY
                                          YEAR:     2014
                                          LATITUDE:   40  9 N
                                          LONGITUDE:  89 20 W

[TEMPERATURE DATA]      [PRECIPITATION DATA]       SYMBOLS USED IN COLUMN 16

AVERAGE MONTHLY: 68.6   TOTAL FOR MONTH:   4.78    1 = FOG OR MIST
DPTR FM NORMAL:  -6.4   DPTR FM NORMAL:   -0.28    2 = FOG REDUCING VISIBILITY
HIGHEST:    88 ON 12    GRTST 24HR  1.23 ON  8- 8      TO 1/4 MILE OR LESS
LOWEST:     50 ON 17                               3 = THUNDER
                        SNOW, ICE PELLETS, HAIL    4 = ICE PELLETS
                        TOTAL MONTH:   0.0 INCH    5 = HAIL
                        GRTST 24HR     0.0         6 = FREEZING RAIN OR DRIZZLE
                        GRTST DEPTH:   0           7 = DUSTSTORM OR SANDSTORM:
                                                       VSBY 1/2 MILE OR LESS
                                                   8 = SMOKE OR HAZE
[NO. OF DAYS WITH]      [WEATHER - DAYS WITH]      9 = BLOWING SNOW
                                                   X = TORNADO
MAX 32 OR BELOW:   0    0.01 INCH OR MORE:   7
MAX 90 OR ABOVE:   0    0.10 INCH OR MORE:   6
MIN 32 OR BELOW:   0    0.50 INCH OR MORE:   4
MIN  0 OR BELOW:   0    1.00 INCH OR MORE:   2

[HDD (BASE 65) ]
TOTAL THIS MO.     9    CLEAR  (SCALE 0-3)   1
DPTR FM NORMAL     7    PTCLDY (SCALE 4-7)   0
TOTAL FM JUL 1     9    CLOUDY (SCALE 8-10)  0
DPTR FM NORMAL     7

[CDD (BASE 65) ]
TOTAL THIS MO.   129
DPTR FM NORMAL  -182    [PRESSURE DATA]
TOTAL FM JAN 1   495    HIGHEST SLP M ON M
DPTR FM NORMAL  -139    LOWEST  SLP  0.00 ON 31

[REMARKS]
#FINAL-07-14#
