000
CXUS53 KIND 260730
CF6IND
PRELIMINARY LOCAL CLIMATOLOGICAL DATA (WS FORM: F-6)

                                          STATION:   INDIANAPOLIS IN
                                          MONTH:     MARCH
                                          YEAR:      2017
                                          LATITUDE:   39 43 N
                                          LONGITUDE:  86 17 W

  TEMPERATURE IN F:       :PCPN:    SNOW:  WIND      :SUNSHINE: SKY     :PK WND
================================================================================
1   2   3   4   5  6A  6B    7    8   9   10  11  12  13   14  15   16   17  18
                                     12Z  AVG MX 2MIN
DY MAX MIN AVG DEP HDD CDD  WTR  SNW DPTH SPD SPD DIR MIN PSBL S-S WX    SPD DR
================================================================================

 1  63  37  50  13  15   0 0.41    T    0 22.7 41 280   M    M   9 13     49 280
 2  43  27  35  -2  30   0    T    T    0 14.8 26 300   M    M   8        32 310
 3  37  25  31  -6  34   0 0.00  0.0    0  9.6 21 330   M    M   4        25 310
 4  47  30  39   1  26   0 0.00  0.0    0 13.1 22 130   M    M   5        27 130
 5  68  31  50  12  15   0 0.00  0.0    0 14.6 28 210   M    M   5        34 230
 6  61  50  56  18   9   0 0.65  0.0    0 15.6 30 180   M    M  10 1      38 170
 7  63  38  51  12  14   0 0.40  0.0    0 18.0 36 200   M    M   M 13     50 200
 8  59  37  48   9  17   0 0.00  0.0    0 16.7 37 260   M    M   3        50 280
 9  64  35  50  10  15   0 0.03  0.0    0  8.3 23  20   M    M   4        27  30
10  41  25  33  -7  32   0    T  0.0    0 14.1 25 300   M    M   5        31 330
11  35  21  28 -12  37   0 0.00  0.0    0  7.7 15  10   M    M   7        19 360
12  37  20  29 -12  36   0 0.00  0.0    0  8.2 15 110   M    M   7        18  60
13  32  26  29 -12  36   0 0.09  1.0    0 10.4 17  30   M    M  10 1      21 100
14  31  19  25 -17  40   0    T    T    T 14.1 25 340   M    M   5        30 350
15  34  17  26 -16  39   0    T    T    T 12.4 21 290   M    M   5 1      27 310
16  43  17  30 -12  35   0 0.00  0.0    0  6.2 13 260   M    M   2        17 200
17  46  33  40  -3  25   0 0.06    T    0 10.6 22 160   M    M  10 124    27 160
18  45  37  41  -2  24   0 0.00  0.0    0 12.7 22 300   M    M   9 12     28 270
19  52  36  44   1  21   0 0.00  0.0    0  6.9 13 130   M    M   6        17  30
20  51  39  45   1  20   0 0.50  0.0    0  9.7 39 150   M    M   9 13     47 150
21  60  37  49   5  16   0    T  0.0    0 11.5 21  10   M    M   8 18     25  10
22  42  27  35  -9  30   0 0.00  0.0    0 12.2 21  10   M    M   2        26  10
23  57  28  43  -2  22   0 0.00  0.0    0 11.3 17 120   M    M   5        20 120
24  75  50  63  18   2   0 0.00  0.0    0 16.1 30 220   M    M   6        38 230
25  75  58  67  21   0   2 0.59  0.0    0 10.5 23 190   M    M   9 13     35 190
================================================================================
SM 1261  800       590   2  2.73     1.0 308.0          M      153
================================================================================
AV 50.4 32.0                              12.3 FASTST   M    M   6    MAX(MPH)
                                 MISC ---->  # 41 280               # 50  200
================================================================================
NOTES:
# LAST OF SEVERAL OCCURRENCES

COLUMN 17 PEAK WIND IN M.P.H.

PRELIMINARY LOCAL CLIMATOLOGICAL DATA (WS FORM: F-6) , PAGE 2

                                          STATION:  INDIANAPOLIS IN
                                          MONTH:    MARCH
                                          YEAR:     2017
                                          LATITUDE:   39 43 N
                                          LONGITUDE:  86 17 W

[TEMPERATURE DATA]      [PRECIPITATION DATA]       SYMBOLS USED IN COLUMN 16

AVERAGE MONTHLY: 41.2   TOTAL FOR MONTH:   2.73    1 = FOG OR MIST
DPTR FM NORMAL:   0.1   DPTR FM NORMAL:   -0.07    2 = FOG REDUCING VISIBILITY
HIGHEST:    75 ON 25,24 GRTST 24HR  0.65 ON  6- 6      TO 1/4 MILE OR LESS
LOWEST:     17 ON 16,15                            3 = THUNDER
                        SNOW, ICE PELLETS, HAIL    4 = ICE PELLETS
                        TOTAL MONTH:   1.0 INCH    5 = HAIL
                        GRTST 24HR   1.0 ON 13-13  6 = FREEZING RAIN OR DRIZZLE
                        GRTST DEPTH:   0           7 = DUSTSTORM OR SANDSTORM:
                                                       VSBY 1/2 MILE OR LESS
                                                   8 = SMOKE OR HAZE
[NO. OF DAYS WITH]      [WEATHER - DAYS WITH]      9 = BLOWING SNOW
                                                   X = TORNADO
MAX 32 OR BELOW:   2    0.01 INCH OR MORE:   8
MAX 90 OR ABOVE:   0    0.10 INCH OR MORE:   5
MIN 32 OR BELOW:  13    0.50 INCH OR MORE:   3
MIN  0 OR BELOW:   0    1.00 INCH OR MORE:   0

[HDD (BASE 65) ]
TOTAL THIS MO.   590    CLEAR  (SCALE 0-3)   3
DPTR FM NORMAL    -7    PTCLDY (SCALE 4-7)  13
TOTAL FM JUL 1  3874    CLOUDY (SCALE 8-10)  8
DPTR FM NORMAL  -866

[CDD (BASE 65) ]
TOTAL THIS MO.     2
DPTR FM NORMAL     2    [PRESSURE DATA]
TOTAL FM JAN 1     2    HIGHEST SLP M ON M
DPTR FM NORMAL     2    LOWEST  SLP 29.44 ON  1

[REMARKS]
