000
CXUS53 KIND 010730
CF6IND
PRELIMINARY LOCAL CLIMATOLOGICAL DATA (WS FORM: F-6)

                                          STATION:   INDIANAPOLIS IN
                                          MONTH:     MAY
                                          YEAR:      2015
                                          LATITUDE:   39 43 N
                                          LONGITUDE:  86 17 W

  TEMPERATURE IN F:       :PCPN:    SNOW:  WIND      :SUNSHINE: SKY     :PK WND
================================================================================
1   2   3   4   5  6A  6B    7    8   9   10  11  12  13   14  15   16   17  18
                                     12Z  AVG MX 2MIN
DY MAX MIN AVG DEP HDD CDD  WTR  SNW DPTH SPD SPD DIR MIN PSBL S-S WX    SPD DR
================================================================================

 1  71  39  55  -3  10   0 0.00  0.0    0  6.9 15  20   M    M   3        21  10
 2  75  49  62   4   3   0 0.00  0.0    0  5.7 16 230   M    M   7        23 250
 3  78  53  66   7   0   1    T  0.0    0  7.6 20 190   M    M   7        25 190
 4  76  58  67   8   0   2 0.13  0.0    0  9.0 18 270   M    M   8 1      23 340
 5  83  62  73  14   0   8 0.00  0.0    0  9.5 20 250   M    M   7        24 200
 6  86  61  74  14   0   9 0.00  0.0    0  3.9 10 180   M    M   5        13 180
 7  86  64  75  15   0  10 0.00  0.0    0  7.2 18 200   M    M   4        23 190
 8  85  63  74  14   0   9    T  0.0    0  9.8 20 280   M    M   8        24 190
 9  80  66  73  13   0   8 0.05  0.0    0  8.4 24 210   M    M   8 138    30 200
10  83  64  74  13   0   9 0.05  0.0    0 10.4 37 230   M    M   7 1      47 230
11  78  61  70   9   0   5 0.06  0.0    0 12.2 31 230   M    M   8 18     37 220
12  64  50  57  -4   8   0 0.00  0.0    0 13.3 28 270   M    M   5        33 270
13  67  43  55  -7  10   0 0.00  0.0    0  8.1 14  70   M    M   2        17 360
14  70  49  60  -2   5   0    T  0.0    0 10.3 16 130   M    M   8        23 100
15  82  60  71   9   0   6 0.12  0.0    0  9.2 31 230   M    M   8 13     37 240
16  71  64  68   5   0   3 0.53  0.0    0  8.2 15 200   M    M  10 1      18 200
17  79  64  72   9   0   7 0.00  0.0    0 12.5 22 170   M    M   8        29 180
18  79  62  71   8   0   6    T  0.0    0 11.5 18 260   M    M   9 3      22 240
19  65  48  57  -7   8   0 0.00  0.0    0 12.1 18  30   M    M   2        24 350
20  52  43  48 -16  17   0    T  0.0    0  9.8 17  50   M    M   9        21  40
21  64  47  56  -8   9   0 0.00  0.0    0 10.0 18 270   M    M   7        29 300
22  76  44  60  -4   5   0 0.00  0.0    0  7.8 15 280   M    M   3        19 260
23  79  55  67   2   0   2 0.00  0.0    0  7.6 16 160   M    M   6        24 150
24  85  59  72   7   0   7 0.00  0.0    0 12.3 23 160   M    M   6        31 170
25  79  67  73   7   0   8 0.01  0.0    0 16.1 31 190   M    M   9        39 190
26  80  64  72   6   0   7 0.07  0.0    0 13.8 29 230   M    M   8 18     36 200
27  82  63  73   7   0   8 0.07  0.0    0 12.0 25 190   M    M   6 13     30 200
28  84  60  72   6   0   7 0.00  0.0    0  6.7 15 170   M    M   4 1      17 170
29  84  65  75   8   0  10    T  0.0    0 10.7 21 200   M    M   5 1      25 190
30  84  66  75   8   0  10 1.28  0.0    0  8.7 48 190   M    M   6 123    58 190
31  67  55  61  -6   4   0 0.08  0.0    0 10.2 18 360   M    M  10 1      22  20
================================================================================
SM 2374 1768        79 142  2.45     0.0 301.5          M      203
================================================================================
AV 76.6 57.0                               9.7 FASTST   M    M   7    MAX(MPH)
                                 MISC ---->  # 48 190               # 58  190
================================================================================
NOTES:
# LAST OF SEVERAL OCCURRENCES

COLUMN 17 PEAK WIND IN M.P.H.

PRELIMINARY LOCAL CLIMATOLOGICAL DATA (WS FORM: F-6) , PAGE 2

                                          STATION:  INDIANAPOLIS IN
                                          MONTH:    MAY
                                          YEAR:     2015
                                          LATITUDE:   39 43 N
                                          LONGITUDE:  86 17 W

[TEMPERATURE DATA]      [PRECIPITATION DATA]       SYMBOLS USED IN COLUMN 16

AVERAGE MONTHLY: 66.8   TOTAL FOR MONTH:   2.45    1 = FOG OR MIST
DPTR FM NORMAL:   4.1   DPTR FM NORMAL:   -2.60    2 = FOG REDUCING VISIBILITY
HIGHEST:    86 ON  7, 6 GRTST 24HR  1.36 ON 30-31      TO 1/4 MILE OR LESS
LOWEST:     39 ON  1                               3 = THUNDER
                        SNOW, ICE PELLETS, HAIL    4 = ICE PELLETS
                        TOTAL MONTH:   0.0 INCH    5 = HAIL
                        GRTST 24HR     0.0         6 = FREEZING RAIN OR DRIZZLE
                        GRTST DEPTH:   0           7 = DUSTSTORM OR SANDSTORM:
                                                       VSBY 1/2 MILE OR LESS
                                                   8 = SMOKE OR HAZE
[NO. OF DAYS WITH]      [WEATHER - DAYS WITH]      9 = BLOWING SNOW
                                                   X = TORNADO
MAX 32 OR BELOW:   0    0.01 INCH OR MORE:  11
MAX 90 OR ABOVE:   0    0.10 INCH OR MORE:   4
MIN 32 OR BELOW:   0    0.50 INCH OR MORE:   2
MIN  0 OR BELOW:   0    1.00 INCH OR MORE:   1

[HDD (BASE 65) ]
TOTAL THIS MO.    79    CLEAR  (SCALE 0-3)   2
DPTR FM NORMAL   -61    PTCLDY (SCALE 4-7)  24
TOTAL FM JUL 1  5908    CLOUDY (SCALE 8-10)  5
DPTR FM NORMAL   546

[CDD (BASE 65) ]
TOTAL THIS MO.   142
DPTR FM NORMAL    73    [PRESSURE DATA]
TOTAL FM JAN 1   148    HIGHEST SLP 30.43 ON 13
DPTR FM NORMAL    64    LOWEST  SLP 29.82 ON 31

[REMARKS]
#FINAL-05-15#
