000
CXUS54 KMAF 201100
CF6INK
PRELIMINARY LOCAL CLIMATOLOGICAL DATA (WS FORM: F-6)

                                          STATION:   Wink
                                          MONTH:     SEPTEMBER
                                          YEAR:      2014
                                          LATITUDE:   31 46 N
                                          LONGITUDE: 103 12 W

  TEMPERATURE IN F:       :PCPN:    SNOW:  WIND      :SUNSHINE: SKY     :PK WND
================================================================================
1   2   3   4   5  6A  6B    7    8   9   10  11  12  13   14  15   16   17  18
                                     12Z  AVG MX 2MIN
DY MAX MIN AVG DEP HDD CDD  WTR  SNW DPTH SPD SPD DIR MIN PSBL S-S WX    SPD DR
================================================================================

 1 106  77  92  12   0  27 0.00  0.0    0 10.9 24 160   M    M   0        29 150
 2 105  77  91  11   0  26 0.00  0.0    0 14.1 26 140   M    M   0        35 140
 3  96  75  86   6   0  21 0.00  0.0    0 18.5 29 150   M    M   0        39 140
 4  93  71  82   2   0  17 0.00  0.0    0 19.5 30 120   M    M   1        40 150
 5  86  73  80   1   0  15 0.00  0.0    0 15.1 26 130   M    M   5        34 110
 6  75  66  71  -8   0   6 1.68  0.0    0 12.0 20  40   M    M   9 3      25  50
 7  76  64  70  -9   0   5 0.02  0.0    0  5.1 12  70   M    M   8        15  70
 8  89  66  78   0   0  13 0.00  0.0    0  6.7 14 140   M    M   2        18 210
 9  98  70  84   6   0  19 0.00  0.0    0  9.0 21 230   M    M   1        26 250
10  98  69  84   6   0  19 0.00  0.0    0  7.9 22  70   M    M   1        28  70
11  88  71  80   2   0  15 0.01  0.0    0  9.8 23  80   M    M   4 3      28  90
12  73  54  64 -13   1   0 0.22  0.0    0 15.2 30  50   M    M   9        38  50
13  59  51  55 -22  10   0 0.06  0.0    0  7.5 16  30   M    M  10        20  50
14  68  57  63 -14   2   0    T  0.0    0  7.6 15 130   M    M  10        19 130
15  80  64  72  -4   0   7 0.01  0.0    0  6.7 13 140   M    M   5        16 140
16  86  69  78   2   0  13    T  0.0    0  7.5 15 140   M    M   3        19 120
17  91  70  81   5   0  16 0.00  0.0    0  7.9 18  70   M    M   2        23 150
18  86  69  78   3   0  13 0.01  0.0    0 10.1 23 150   M    M   5 3      30 140
19  80  70  75   0   0  10 2.64  0.0    M 10.8 18 110   M    M   8 3      24 110
================================================================================
SM 1633 1283        13 242  4.65     0.0 201.9          M       83
================================================================================
AV 85.9 67.5                              10.6 FASTST   M    M   4    MAX(MPH)
                                 MISC ---->  # 30 120               # 40  150
================================================================================
NOTES:
# LAST OF SEVERAL OCCURRENCES

COLUMN 17 PEAK WIND IN M.P.H.

PRELIMINARY LOCAL CLIMATOLOGICAL DATA (WS FORM: F-6) , PAGE 2

                                          STATION:  Wink
                                          MONTH:    SEPTEMBER
                                          YEAR:     2014
                                          LATITUDE:   31 46 N
                                          LONGITUDE: 103 12 W

[TEMPERATURE DATA]      [PRECIPITATION DATA]       SYMBOLS USED IN COLUMN 16

AVERAGE MONTHLY: 76.7   TOTAL FOR MONTH:   4.65    1 = FOG OR MIST
DPTR FM NORMAL:  -1.1   DPTR FM NORMAL:    3.80    2 = FOG REDUCING VISIBILITY
HIGHEST:   106 ON  1    GRTST 24HR  2.64 ON 19-19      TO 1/4 MILE OR LESS
LOWEST:     51 ON 13                               3 = THUNDER
                        SNOW, ICE PELLETS, HAIL    4 = ICE PELLETS
                        TOTAL MONTH:   0.0 INCH    5 = HAIL
                        GRTST 24HR     0.0         6 = FREEZING RAIN OR DRIZZLE
                        GRTST DEPTH:   0           7 = DUSTSTORM OR SANDSTORM:
                                                       VSBY 1/2 MILE OR LESS
                                                   8 = SMOKE OR HAZE
[NO. OF DAYS WITH]      [WEATHER - DAYS WITH]      9 = BLOWING SNOW
                                                   X = TORNADO
MAX 32 OR BELOW:   0    0.01 INCH OR MORE:   8
MAX 90 OR ABOVE:   7    0.10 INCH OR MORE:   3
MIN 32 OR BELOW:   0    0.50 INCH OR MORE:   2
MIN  0 OR BELOW:   0    1.00 INCH OR MORE:   2

[HDD (BASE 65) ]
TOTAL THIS MO.    13    CLEAR  (SCALE 0-3)   9
DPTR FM NORMAL    13    PTCLDY (SCALE 4-7)   5
TOTAL FM JUL 1    13    CLOUDY (SCALE 8-10)  5
DPTR FM NORMAL    13

[CDD (BASE 65) ]
TOTAL THIS MO.   242
DPTR FM NORMAL    -2    [PRESSURE DATA]
TOTAL FM JAN 1  2607    HIGHEST SLP M ON M
DPTR FM NORMAL   284    LOWEST  SLP 29.67 ON  1

[REMARKS]
