000
CXUS53 KDLH 300625
CF6INL
PRELIMINARY LOCAL CLIMATOLOGICAL DATA (WS FORM: F-6)

                                          STATION:   INTERNATIONAL FLS
                                          MONTH:     MAY
                                          YEAR:      2016
                                          LATITUDE:   48 34 N
                                          LONGITUDE:  93 23 W

  TEMPERATURE IN F:       :PCPN:    SNOW:  WIND      :SUNSHINE: SKY     :PK WND
================================================================================
1   2   3   4   5  6A  6B    7    8   9   10  11  12  13   14  15   16   17  18
                                     12Z  AVG MX 2MIN
DY MAX MIN AVG DEP HDD CDD  WTR  SNW DPTH SPD SPD DIR MIN PSBL S-S WX    SPD DR
================================================================================

 1  60  28  44  -2  21   0 0.00  0.0    0  4.6 14 350   M    M   0        17 350
 2  68  27  48   1  17   0 0.00  0.0    0  3.5 14  20   M    M   0        18 350
 3  64  32  48   1  17   0 0.00  0.0    0 11.5 24 350   M    M   4        32 340
 4  61  33  47  -1  18   0    T  0.0    0  6.1 14  30   M    M   0        20  20
 5  89  41  65  17   0   0 0.02  0.0    0  7.8 21 250   M    M   1        27 240
 6  86  40  63  15   2   0    T  0.0    0 11.6 30 340   M    M   4 8      40 330
 7  66  30  48  -1  17   0    T  0.0    0 11.2 23 320   M    M   4        33 300
 8  68  29  49   0  16   0 0.00  0.0    0  5.3 14  20   M    M   1        18  20
 9  73  38  56   6   9   0 0.00  0.0    0  9.6 23 110   M    M   0        29 110
10  69  46  58   8   7   0 0.07  0.0    0 10.4 28 140   M    M   5        36 120
11  53  48  51   1  14   0 0.17  0.0    0  5.5 14 140   M    M  10 1      18 120
12  53  40  47  -4  18   0    T    T    0 10.4 21 280   M    M  10 8      26 290
13  43  30  37 -14  28   0 0.02    T    0 13.3 28 330   M    M  10 18     36 310
14  42  27  35 -16  30   0    T    T    T 10.6 21 330   M    M  10 18     28 320
15  51  25  38 -14  27   0 0.10  0.0    0  6.7 20 290   M    M   7 18     28 280
16  57  27  42 -10  23   0 0.00  0.0    0  4.2 14  40   M    M   7 12     18  40
17  65  26  46  -6  19   0 0.00  0.0    0  3.2 12  60   M    M   0        16  70
18  73  30  52   0  13   0 0.00  0.0    0  3.4 15 130   M    M   1        20 140
19  75  34  55   2  10   0 0.00  0.0    0  4.9 16 140   M    M   0        24 150
20  77  42  60   7   5   0    T  0.0    0  2.7 13 210   M    M   4 8      18 210
21  82  38  60   6   5   0 0.00  0.0    0  3.1 10 250   M    M   0 8      15 280
22  84  38  61   7   4   0 0.00  0.0    0  7.4 20 210   M    M   0        30 170
23  80  51  66  12   0   1 0.08  0.0    0  6.5 18 220   M    M   5 138    26 220
24  82  49  66  12   0   1 0.00  0.0    0  6.1 22  10   M    M   2 123    29  20
25  67  44  56   1   9   0 0.03  0.0    0  8.4 17 110   M    M   5 12     23 110
26  77  52  65  10   0   0 0.14  0.0    0  5.9 14 230   M    M   6 138    22 220
27  72  44  58   3   7   0 0.00  0.0    0  3.9 16 160   M    M   1        28 180
28  61  56  59   3   6   0 0.16  0.0    0  6.3 15  60   M    M  10 18     21  50
29  68  46  57   1   8   0 0.09  0.0    0  7.1 16 290   M    M   8 128    23 270
================================================================================
SM 1966 1091       350   2  0.88    T    201.2          M      115
================================================================================
AV 67.8 37.6                               6.9 FASTST   M    M   4    MAX(MPH)
                                 MISC ---->  # 30 340               # 40  330
================================================================================
NOTES:
# LAST OF SEVERAL OCCURRENCES

COLUMN 17 PEAK WIND IN M.P.H.

PRELIMINARY LOCAL CLIMATOLOGICAL DATA (WS FORM: F-6) , PAGE 2

                                          STATION:  INTERNATIONAL FLS
                                          MONTH:    MAY
                                          YEAR:     2016
                                          LATITUDE:   48 34 N
                                          LONGITUDE:  93 23 W

[TEMPERATURE DATA]      [PRECIPITATION DATA]       SYMBOLS USED IN COLUMN 16

AVERAGE MONTHLY: 52.7   TOTAL FOR MONTH:   0.88    1 = FOG OR MIST
DPTR FM NORMAL:   1.3   DPTR FM NORMAL:   -1.76    2 = FOG REDUCING VISIBILITY
HIGHEST:    89 ON  5    GRTST 24HR  0.21 ON 28-29      TO 1/4 MILE OR LESS
LOWEST:     25 ON 15                               3 = THUNDER
                        SNOW, ICE PELLETS, HAIL    4 = ICE PELLETS
                        TOTAL MONTH:    T          5 = HAIL
                        GRTST 24HR    T  ON 14-14  6 = FREEZING RAIN OR DRIZZLE
                        GRTST DEPTH:   T           7 = DUSTSTORM OR SANDSTORM:
                                                       VSBY 1/2 MILE OR LESS
                                                   8 = SMOKE OR HAZE
[NO. OF DAYS WITH]      [WEATHER - DAYS WITH]      9 = BLOWING SNOW
                                                   X = TORNADO
MAX 32 OR BELOW:   0    0.01 INCH OR MORE:  10
MAX 90 OR ABOVE:   0    0.10 INCH OR MORE:   4
MIN 32 OR BELOW:  11    0.50 INCH OR MORE:   0
MIN  0 OR BELOW:   0    1.00 INCH OR MORE:   0

[HDD (BASE 65) ]
TOTAL THIS MO.   350    CLEAR  (SCALE 0-3)  13
DPTR FM NORMAL   -51    PTCLDY (SCALE 4-7)  10
TOTAL FM JUL 1  8811    CLOUDY (SCALE 8-10)  6
DPTR FM NORMAL -1228

[CDD (BASE 65) ]
TOTAL THIS MO.     2
DPTR FM NORMAL     1    [PRESSURE DATA]
TOTAL FM JAN 1     2    HIGHEST SLP M ON M
DPTR FM NORMAL     0    LOWEST  SLP 29.60 ON  6

[REMARKS]
